{"id":10077,"date":"2026-03-26T15:09:29","date_gmt":"2026-03-26T14:09:29","guid":{"rendered":"https:\/\/www.ess-rv.de\/?page_id=10077"},"modified":"2026-05-05T14:03:41","modified_gmt":"2026-05-05T12:03:41","slug":"beitritt-foerderverein","status":"publish","type":"page","link":"https:\/\/www.ess-rv.de\/?page_id=10077","title":{"rendered":"Beitrittsformular F\u00f6rderverein"},"content":{"rendered":"\n<div class=\"wpcf7 no-js\" id=\"wpcf7-f10076-o1\" lang=\"de-DE\" dir=\"ltr\" data-wpcf7-id=\"10076\">\n<div class=\"screen-reader-response\"><p role=\"status\" aria-live=\"polite\" aria-atomic=\"true\"><\/p> <ul><\/ul><\/div>\n<form action=\"\/index.php?rest_route=%2Fwp%2Fv2%2Fpages%2F10077#wpcf7-f10076-o1\" method=\"post\" class=\"wpcf7-form init\" aria-label=\"Kontaktformular\" novalidate=\"novalidate\" data-status=\"init\">\n<fieldset class=\"hidden-fields-container\"><input type=\"hidden\" name=\"_wpcf7\" value=\"10076\" \/><input type=\"hidden\" name=\"_wpcf7_version\" value=\"6.1.5\" \/><input type=\"hidden\" name=\"_wpcf7_locale\" value=\"de_DE\" \/><input type=\"hidden\" name=\"_wpcf7_unit_tag\" value=\"wpcf7-f10076-o1\" \/><input type=\"hidden\" name=\"_wpcf7_container_post\" value=\"0\" \/><input type=\"hidden\" name=\"_wpcf7_posted_data_hash\" value=\"\" \/>\n<\/fieldset>\n<h2>Angaben\n<\/h2>\n<p><label>Gew\u00fcnschte Anrede<br \/>\n<span class=\"wpcf7-form-control-wrap\" data-name=\"your-anrede\"><select class=\"wpcf7-form-control wpcf7-select wpcf7-validates-as-required\" aria-required=\"true\" aria-invalid=\"false\" name=\"your-anrede\"><option value=\"Sehr geehrte Frau\">Sehr geehrte Frau<\/option><option value=\"Sehr geehrter Herr\">Sehr geehrter Herr<\/option><option value=\"Guten Tag\">Guten Tag<\/option><\/select><\/span><br \/>\n<\/label>\n<\/p>\n<p><label>Name des Antragstellers *<br \/>\n<span class=\"wpcf7-form-control-wrap\" data-name=\"your-name\"><input size=\"40\" maxlength=\"400\" class=\"wpcf7-form-control wpcf7-text wpcf7-validates-as-required\" aria-required=\"true\" aria-invalid=\"false\" value=\"\" type=\"text\" name=\"your-name\" \/><\/span><br \/>\n<\/label>\n<\/p>\n<p><label>Vorname *<br \/>\n<span class=\"wpcf7-form-control-wrap\" data-name=\"your-firstname\"><input size=\"40\" maxlength=\"400\" class=\"wpcf7-form-control wpcf7-text wpcf7-validates-as-required\" aria-required=\"true\" aria-invalid=\"false\" value=\"\" type=\"text\" name=\"your-firstname\" \/><\/span><br \/>\n<\/label>\n<\/p>\n<p><label>Stra\u00dfe *<br \/>\n<span class=\"wpcf7-form-control-wrap\" data-name=\"your-address\"><input size=\"40\" maxlength=\"400\" class=\"wpcf7-form-control wpcf7-text wpcf7-validates-as-required\" aria-required=\"true\" aria-invalid=\"false\" value=\"\" type=\"text\" name=\"your-address\" \/><\/span><br \/>\n<\/label>\n<\/p>\n<p><label>Postleitzahl *<br \/>\n<span class=\"wpcf7-form-control-wrap\" data-name=\"your-postcode\"><input size=\"40\" maxlength=\"400\" class=\"wpcf7-form-control wpcf7-text wpcf7-validates-as-required\" aria-required=\"true\" aria-invalid=\"false\" value=\"\" type=\"text\" name=\"your-postcode\" \/><\/span><br \/>\n<\/label>\n<\/p>\n<p><label>Wohnort *<br \/>\n<span class=\"wpcf7-form-control-wrap\" data-name=\"your-city\"><input size=\"40\" maxlength=\"400\" class=\"wpcf7-form-control wpcf7-text wpcf7-validates-as-required\" aria-required=\"true\" aria-invalid=\"false\" value=\"\" type=\"text\" name=\"your-city\" \/><\/span><br \/>\n<\/label>\n<\/p>\n<p><label>E-Mail-Adresse *<br \/>\n<span class=\"wpcf7-form-control-wrap\" data-name=\"your-email\"><input size=\"40\" maxlength=\"400\" class=\"wpcf7-form-control wpcf7-email wpcf7-validates-as-required wpcf7-text wpcf7-validates-as-email\" aria-required=\"true\" aria-invalid=\"false\" value=\"\" type=\"email\" name=\"your-email\" \/><\/span><br \/>\n<\/label>\n<\/p>\n<h3>Angaben zur Sch\u00fclerin \/ zum Sch\u00fcler\n<\/h3>\n<p><label>Name der Sch\u00fclerin \/ des Sch\u00fclers<br \/>\n<span class=\"wpcf7-form-control-wrap\" data-name=\"student-name\"><input size=\"40\" maxlength=\"400\" class=\"wpcf7-form-control wpcf7-text\" aria-invalid=\"false\" value=\"\" type=\"text\" name=\"student-name\" \/><\/span><br \/>\n<\/label>\n<\/p>\n<p><label>Vorname<br \/>\n<span class=\"wpcf7-form-control-wrap\" data-name=\"student-firstname\"><input size=\"40\" maxlength=\"400\" class=\"wpcf7-form-control wpcf7-text\" aria-invalid=\"false\" value=\"\" type=\"text\" name=\"student-firstname\" \/><\/span><br \/>\n<\/label>\n<\/p>\n<p><label>Klasse<br \/>\n<span class=\"wpcf7-form-control-wrap\" data-name=\"student-class\"><input size=\"40\" maxlength=\"400\" class=\"wpcf7-form-control wpcf7-text\" aria-invalid=\"false\" value=\"\" type=\"text\" name=\"student-class\" \/><\/span><br \/>\n<\/label>\n<\/p>\n<h2>Bankverbindung\n<\/h2>\n<p><label>Kreditinstitut (falls bekannt)<br \/>\n<span class=\"wpcf7-form-control-wrap\" data-name=\"bank-institute\"><input size=\"40\" maxlength=\"400\" class=\"wpcf7-form-control wpcf7-text\" aria-invalid=\"false\" value=\"\" type=\"text\" name=\"bank-institute\" \/><\/span><br \/>\n<\/label>\n<\/p>\n<p><label>IBAN *<br \/>\n<span class=\"wpcf7-form-control-wrap\" data-name=\"bank-iban\"><input size=\"40\" maxlength=\"400\" class=\"wpcf7-form-control wpcf7-text wpcf7-validates-as-required\" aria-required=\"true\" aria-invalid=\"false\" value=\"\" type=\"text\" name=\"bank-iban\" \/><\/span><br \/>\n<\/label>\n<\/p>\n<p><label>BIC<br \/>\n<span class=\"wpcf7-form-control-wrap\" data-name=\"bank-bic\"><input size=\"40\" maxlength=\"400\" class=\"wpcf7-form-control wpcf7-text\" aria-invalid=\"false\" value=\"\" type=\"text\" name=\"bank-bic\" \/><\/span><br \/>\n<\/label>\n<\/p>\n<h2>Einwilligung\n<\/h2>\n<p><label><br \/>\n<span class=\"wpcf7-form-control-wrap\" data-name=\"datenschutz\"><span class=\"wpcf7-form-control wpcf7-checkbox wpcf7-validates-as-required\"><span class=\"wpcf7-list-item first last\"><label><input type=\"checkbox\" name=\"datenschutz[]\" value=\"Ich stimme der elektronischen Speicherung und vereinsdienlichen Verarbeitung meiner pers\u00f6nlichen Daten zu.\" \/><span class=\"wpcf7-list-item-label\">Ich stimme der elektronischen Speicherung und vereinsdienlichen Verarbeitung meiner pers\u00f6nlichen Daten zu.<\/span><\/label><\/span><\/span><\/span><br \/>\n<\/label>\n<\/p>\n<p><label><br \/>\n<span class=\"wpcf7-form-control-wrap\" data-name=\"einwilligung_einzug\"><span class=\"wpcf7-form-control wpcf7-checkbox wpcf7-validates-as-required\"><span class=\"wpcf7-list-item first last\"><label><input type=\"checkbox\" name=\"einwilligung_einzug[]\" value=\"Ich erteile dem F\u00f6rderverein die Einzugserm\u00e4chtigung f\u00fcr den j\u00e4hrlichen Beitrag von 15,00 \u20ac.\" \/><span class=\"wpcf7-list-item-label\">Ich erteile dem F\u00f6rderverein die Einzugserm\u00e4chtigung f\u00fcr den j\u00e4hrlichen Beitrag von 15,00 \u20ac.<\/span><\/label><\/span><\/span><\/span><br \/>\n<\/label>\n<\/p>\n<p><input class=\"wpcf7-form-control wpcf7-submit has-spinner\" type=\"submit\" value=\"Beitritt beantragen\" \/>\n<\/p><div class=\"wpcf7-response-output\" aria-hidden=\"true\"><\/div>\n<\/form>\n<\/div>\n\n","protected":false},"excerpt":{"rendered":"","protected":false},"author":3,"featured_media":0,"parent":0,"menu_order":0,"comment_status":"closed","ping_status":"closed","template":"","meta":{"footnotes":"","_links_to":"","_links_to_target":""},"class_list":["post-10077","page","type-page","status-publish","hentry"],"_links":{"self":[{"href":"https:\/\/www.ess-rv.de\/index.php?rest_route=\/wp\/v2\/pages\/10077","targetHints":{"allow":["GET"]}}],"collection":[{"href":"https:\/\/www.ess-rv.de\/index.php?rest_route=\/wp\/v2\/pages"}],"about":[{"href":"https:\/\/www.ess-rv.de\/index.php?rest_route=\/wp\/v2\/types\/page"}],"author":[{"embeddable":true,"href":"https:\/\/www.ess-rv.de\/index.php?rest_route=\/wp\/v2\/users\/3"}],"replies":[{"embeddable":true,"href":"https:\/\/www.ess-rv.de\/index.php?rest_route=%2Fwp%2Fv2%2Fcomments&post=10077"}],"version-history":[{"count":2,"href":"https:\/\/www.ess-rv.de\/index.php?rest_route=\/wp\/v2\/pages\/10077\/revisions"}],"predecessor-version":[{"id":10115,"href":"https:\/\/www.ess-rv.de\/index.php?rest_route=\/wp\/v2\/pages\/10077\/revisions\/10115"}],"wp:attachment":[{"href":"https:\/\/www.ess-rv.de\/index.php?rest_route=%2Fwp%2Fv2%2Fmedia&parent=10077"}],"curies":[{"name":"wp","href":"https:\/\/api.w.org\/{rel}","templated":true}]}}