{"id":1544,"date":"2015-04-15T12:02:20","date_gmt":"2015-04-15T11:02:20","guid":{"rendered":"http:\/\/www.ess-rv.de\/?page_id=1544"},"modified":"2025-01-17T17:05:07","modified_gmt":"2025-01-17T16:05:07","slug":"jugend-forscht","status":"publish","type":"page","link":"https:\/\/www.ess-rv.de\/?page_id=1544","title":{"rendered":"Begabtenf\u00f6rderung und Jugend forscht"},"content":{"rendered":"<p>Fast jedes Jahr finden sich mehrere Gruppen von Sch\u00fclerinnen und Sch\u00fclern, die sich wissenschaftlich mit einem biologischen Thema auseinandersetzen. Jede Gruppe findet zu Beginn eine Fragestellung und forscht anschlie\u00dfend ein Jahr daran. Bitte besuchen Sie auch <a href=\"http:\/\/www.ess-rv.de\/?page_id=1684\">die Projekt\u00fcbersicht<\/a><\/p>\n<p>Die Ergebnisse flie\u00dfen ein in eine Dokumentation und ein Plakat, mit dessen Hilfe die Sch\u00fclergruppen auf dem Jugend forscht-Wettbewerb ihre Arbeit vorstellen. Die Forschungsarbeit wird bewertet und wird bei Teilnahme am Wettbewerb im Abitur gewertet.<\/p>\n<p>Aktuelles zur Begabtenf\u00f6rderung und Jugend forscht finden Sie in den <a title=\"Jugend forscht\" href=\"http:\/\/www.ess-rv.de\/?tag=jugend-forscht\">Beitr\u00e4gen zu Jugend forscht<\/a>.<\/p>\n<h2>Aktuelle Beitr\u00e4ge zum Thema<\/h2>\n<!-- NOTE: If you need to make changes to this file, copy it to your current theme's main\n\tdirectory so your changes won't be overwritten when the plugin is upgraded. -->\n<!-- Start of Post Wrap -->\n<div class=\"post hentry ivycat-post\">\n\t<!-- This is the output of the post TITLE -->\n\t<h2 class=\"entry-title\"><a href=\"https:\/\/www.ess-rv.de\/?p=10080\">Jugend-Forscherteam im Bundesfinale von \u201eJugend forscht\u201c<\/a><\/h2>\n\n\t<!-- This is the output of the EXCERPT -->\n\t<div class=\"entry-summary\">\n\t\t<p>Die Erfolgsstr\u00e4hne rei\u00dft nicht ab: Marah Stehle und Dennis Schneider aus dem Biotechnologischen Gymnasium haben sich beim Landeswettbewerb \u201eJugend forscht\u201c in Aalen mit ihrem Projekt \u201eTorf ade &#8211; Damit auch Pflanzen ein gutes Gewissen haben\u201c f\u00fcr das Bundesfinale qualifiziert. Damit ist ihr Projekt eines von insgesamt 11 Projekten, die aus Baden-W\u00fcrttemberg den Weg nach Herzogenaurach &hellip; <a href=\"https:\/\/www.ess-rv.de\/?p=10080\" class=\"more-link\"><span class=\"screen-reader-text\">Jugend-Forscherteam im Bundesfinale von \u201eJugend forscht\u201c<\/span> weiterlesen <span class=\"meta-nav\">&rarr;<\/span><\/a><\/p>\n\t<\/div>\n\n\t<!-- This is the output of the META information -->\n\t<div class=\"entry-utility\">\t<\/div>\n<\/div>\n<!-- \/\/ End of Post Wrap -->\n<!-- NOTE: If you need to make changes to this file, copy it to your current theme's main\n\tdirectory so your changes won't be overwritten when the plugin is upgraded. -->\n<!-- Start of Post Wrap -->\n<div class=\"post hentry ivycat-post\">\n\t<!-- This is the output of the post TITLE -->\n\t<h2 class=\"entry-title\"><a href=\"https:\/\/www.ess-rv.de\/?p=10024\">Leuchtende Bakterien und echte Laborerfahrung<\/a><\/h2>\n\n\t<!-- This is the output of the EXCERPT -->\n\t<div class=\"entry-summary\">\n\t\t<p>Sch\u00fclerinnen und Sch\u00fcler der Theresia-Gerhardinger-Realschule (Kl\u00f6sterle) und der Realschule Ravensburg warfen einen Blick hinter die Kulissen eines Biotechnologie-Labors \u2013 an der Edith-Stein-Schule und das unter der Anleitung der Sch\u00fclerinnen und Sch\u00fcler der 11. Klasse des Biotechnologischen Gymnasiums und ihrer Fachlehrerin Brigitte Sch\u00fcrmann. Der H\u00f6hepunkt des Projekttages war das Experiment mit E. coli-Bakterien: Die Sch\u00fcler*innen \u00fcbertrugen &hellip; <a href=\"https:\/\/www.ess-rv.de\/?p=10024\" class=\"more-link\"><span class=\"screen-reader-text\">Leuchtende Bakterien und echte Laborerfahrung<\/span> weiterlesen <span class=\"meta-nav\">&rarr;<\/span><\/a><\/p>\n\t<\/div>\n\n\t<!-- This is the output of the META information -->\n\t<div class=\"entry-utility\">\t<\/div>\n<\/div>\n<!-- \/\/ End of Post Wrap -->\n<!-- NOTE: If you need to make changes to this file, copy it to your current theme's main\n\tdirectory so your changes won't be overwritten when the plugin is upgraded. -->\n<!-- Start of Post Wrap -->\n<div class=\"post hentry ivycat-post\">\n\t<!-- This is the output of the post TITLE -->\n\t<h2 class=\"entry-title\"><a href=\"https:\/\/www.ess-rv.de\/?p=9995\">Jungforscherteam der Edith-Stein-Schule entwickeln torffreies Kultursubstrat<\/a><\/h2>\n\n\t<!-- This is the output of the EXCERPT -->\n\t<div class=\"entry-summary\">\n\t\t<p>Gro\u00dfer Erfolg f\u00fcr den wissenschaftlichen Nachwuchs: Die Sch\u00fclerin Marah Stehle und der Sch\u00fcler Dennis Schneider des Biotechnologischen Gymnasiums der Edith-Stein-Schule haben mit ihrem Projekt \u201eTorf ade \u2013 Damit auch Pflanzen ein gutes Gewissen haben\u201c den ersten Platz beim 61. Regionalwettbewerb Jugend forscht in der Sparte Biologie gewonnen. Zus\u00e4tzlich wurden sie mit dem Sonderpreis von Rolls-Royce &hellip; <a href=\"https:\/\/www.ess-rv.de\/?p=9995\" class=\"more-link\"><span class=\"screen-reader-text\">Jungforscherteam der Edith-Stein-Schule entwickeln torffreies Kultursubstrat<\/span> weiterlesen <span class=\"meta-nav\">&rarr;<\/span><\/a><\/p>\n\t<\/div>\n\n\t<!-- This is the output of the META information -->\n\t<div class=\"entry-utility\">\t<\/div>\n<\/div>\n<!-- \/\/ End of Post Wrap -->\n<!-- NOTE: If you need to make changes to this file, copy it to your current theme's main\n\tdirectory so your changes won't be overwritten when the plugin is upgraded. -->\n<!-- Start of Post Wrap -->\n<div class=\"post hentry ivycat-post\">\n\t<!-- This is the output of the post TITLE -->\n\t<h2 class=\"entry-title\"><a href=\"https:\/\/www.ess-rv.de\/?p=9796\">Sch\u00fcler erforschen erneut den Bleicherbach<\/a><\/h2>\n\n\t<!-- This is the output of the EXCERPT -->\n\t<div class=\"entry-summary\">\n\t\t<p>Zum zweiten Mal haben Sch\u00fclerinnen und Sch\u00fcler der Jahrgangsstufe 2 des beruflichen Gymnasiums mit dem Wahlpflichtfach Biologie im Sommer am bundesweiten Citizen-Science-Projekt \u201eFlow\u201c teilgenommen. Im Rahmen dieses Projekts untersuchten sie den in Schuln\u00e4he gelegenen Bleicherbach, um Daten zur \u00f6kologischen Qualit\u00e4t des Gew\u00e4ssers zu sammeln. Wie bereits im vergangenen Jahr konnten die Jugendlichen ihre Messergebnisse auf &hellip; <a href=\"https:\/\/www.ess-rv.de\/?p=9796\" class=\"more-link\"><span class=\"screen-reader-text\">Sch\u00fcler erforschen erneut den Bleicherbach<\/span> weiterlesen <span class=\"meta-nav\">&rarr;<\/span><\/a><\/p>\n\t<\/div>\n\n\t<!-- This is the output of the META information -->\n\t<div class=\"entry-utility\">\t<\/div>\n<\/div>\n<!-- \/\/ End of Post Wrap -->\n<!-- NOTE: If you need to make changes to this file, copy it to your current theme's main\n\tdirectory so your changes won't be overwritten when the plugin is upgraded. -->\n<!-- Start of Post Wrap -->\n<div class=\"post hentry ivycat-post\">\n\t<!-- This is the output of the post TITLE -->\n\t<h2 class=\"entry-title\"><a href=\"https:\/\/www.ess-rv.de\/?p=9663\">Drei Sch\u00fclerprojekte der Edith-Stein-Schule \u00fcberzeugen in Heilbronn<\/a><\/h2>\n\n\t<!-- This is the output of the EXCERPT -->\n\t<div class=\"entry-summary\">\n\t\t<p>Am 17. und 18. Juli 2025 fand die vierte Auflage des NExt-Kongresses des Kultusministeriums Baden-W\u00fcrttemberg im Science Center experimenta in Heilbronn statt. 28 Projekte von 12 Beruflichen Gymnasien pr\u00e4sentierten sich dort einem Publikum \u2013 darunter auch drei spannende Forschungsarbeiten des NExt-Kurses der Edith-Stein-Schule. In mehreren Pr\u00e4sentationsrunden stellten unsere Sch\u00fclerinnen und Sch\u00fcler ihre Projekte vor, beantworteten &hellip; <a href=\"https:\/\/www.ess-rv.de\/?p=9663\" class=\"more-link\"><span class=\"screen-reader-text\">Drei Sch\u00fclerprojekte der Edith-Stein-Schule \u00fcberzeugen in Heilbronn<\/span> weiterlesen <span class=\"meta-nav\">&rarr;<\/span><\/a><\/p>\n\t<\/div>\n\n\t<!-- This is the output of the META information -->\n\t<div class=\"entry-utility\">\t<\/div>\n<\/div>\n<!-- \/\/ End of Post Wrap -->\n\n","protected":false},"excerpt":{"rendered":"<p>Fast jedes Jahr finden sich mehrere Gruppen von Sch\u00fclerinnen und Sch\u00fclern, die sich wissenschaftlich mit einem biologischen Thema auseinandersetzen. Jede Gruppe findet zu Beginn eine Fragestellung und forscht anschlie\u00dfend ein Jahr daran. Bitte besuchen Sie auch die Projekt\u00fcbersicht Die Ergebnisse flie\u00dfen ein in eine Dokumentation und ein Plakat, mit dessen Hilfe die Sch\u00fclergruppen auf dem &hellip; <a href=\"https:\/\/www.ess-rv.de\/?p=9663\" class=\"more-link\"><span class=\"screen-reader-text\">Drei Sch\u00fclerprojekte der Edith-Stein-Schule \u00fcberzeugen in Heilbronn<\/span> weiterlesen <span class=\"meta-nav\">&rarr;<\/span><\/a><\/p>\n","protected":false},"author":3,"featured_media":4945,"parent":9185,"menu_order":375,"comment_status":"closed","ping_status":"closed","template":"","meta":{"footnotes":"","_links_to":"","_links_to_target":""},"class_list":["post-1544","page","type-page","status-publish","has-post-thumbnail","hentry"],"_links":{"self":[{"href":"https:\/\/www.ess-rv.de\/index.php?rest_route=\/wp\/v2\/pages\/1544","targetHints":{"allow":["GET"]}}],"collection":[{"href":"https:\/\/www.ess-rv.de\/index.php?rest_route=\/wp\/v2\/pages"}],"about":[{"href":"https:\/\/www.ess-rv.de\/index.php?rest_route=\/wp\/v2\/types\/page"}],"author":[{"embeddable":true,"href":"https:\/\/www.ess-rv.de\/index.php?rest_route=\/wp\/v2\/users\/3"}],"replies":[{"embeddable":true,"href":"https:\/\/www.ess-rv.de\/index.php?rest_route=%2Fwp%2Fv2%2Fcomments&post=1544"}],"version-history":[{"count":24,"href":"https:\/\/www.ess-rv.de\/index.php?rest_route=\/wp\/v2\/pages\/1544\/revisions"}],"predecessor-version":[{"id":9214,"href":"https:\/\/www.ess-rv.de\/index.php?rest_route=\/wp\/v2\/pages\/1544\/revisions\/9214"}],"up":[{"embeddable":true,"href":"https:\/\/www.ess-rv.de\/index.php?rest_route=\/wp\/v2\/pages\/9185"}],"wp:featuredmedia":[{"embeddable":true,"href":"https:\/\/www.ess-rv.de\/index.php?rest_route=\/wp\/v2\/media\/4945"}],"wp:attachment":[{"href":"https:\/\/www.ess-rv.de\/index.php?rest_route=%2Fwp%2Fv2%2Fmedia&parent=1544"}],"curies":[{"name":"wp","href":"https:\/\/api.w.org\/{rel}","templated":true}]}}

Begabtenförderung und Jugend forscht

<p>Fast jedes Jahr finden sich mehrere Gruppen von Schülerinnen und Schülern, die sich wissenschaftlich mit einem biologischen Thema auseinandersetzen. Jede Gruppe findet zu Beginn eine Fragestellung und forscht anschließend ein Jahr daran. Bitte besuchen Sie auch <a href="http://www.ess-rv.de/?page_id=1684">die Projektübersicht</a></p>
<p>Die Ergebnisse fließen ein in eine Dokumentation und ein Plakat, mit dessen Hilfe die Schülergruppen auf dem Jugend forscht-Wettbewerb ihre Arbeit vorstellen. Die Forschungsarbeit wird bewertet und wird bei Teilnahme am Wettbewerb im Abitur gewertet.</p>
<p>Aktuelles zur Begabtenförderung und Jugend forscht finden Sie in den <a title="Jugend forscht" href="http://www.ess-rv.de/?tag=jugend-forscht">Beiträgen zu Jugend forscht</a>.</p>
<h2>Aktuelle Beiträge zum Thema</h2>
<!-- NOTE: If you need to make changes to this file, copy it to your current theme's main
	directory so your changes won't be overwritten when the plugin is upgraded. -->
<!-- Start of Post Wrap -->
<div class="post hentry ivycat-post">
	<!-- This is the output of the post TITLE -->
	<h2 class="entry-title"><a href="https://www.ess-rv.de/?p=10080">Jugend-Forscherteam im Bundesfinale von „Jugend forscht“</a></h2>

	<!-- This is the output of the EXCERPT -->
	<div class="entry-summary">
		<p>Die Erfolgssträhne reißt nicht ab: Marah Stehle und Dennis Schneider aus dem Biotechnologischen Gymnasium haben sich beim Landeswettbewerb „Jugend forscht“ in Aalen mit ihrem Projekt „Torf ade &#8211; Damit auch Pflanzen ein gutes Gewissen haben“ für das Bundesfinale qualifiziert. Damit ist ihr Projekt eines von insgesamt 11 Projekten, die aus Baden-Württemberg den Weg nach Herzogenaurach &hellip; <a href="https://www.ess-rv.de/?p=10080" class="more-link"><span class="screen-reader-text">Jugend-Forscherteam im Bundesfinale von „Jugend forscht“</span> weiterlesen <span class="meta-nav">&rarr;</span></a></p>
	</div>

	<!-- This is the output of the META information -->
	<div class="entry-utility">	</div>
</div>
<!-- // End of Post Wrap -->
<!-- NOTE: If you need to make changes to this file, copy it to your current theme's main
	directory so your changes won't be overwritten when the plugin is upgraded. -->
<!-- Start of Post Wrap -->
<div class="post hentry ivycat-post">
	<!-- This is the output of the post TITLE -->
	<h2 class="entry-title"><a href="https://www.ess-rv.de/?p=10024">Leuchtende Bakterien und echte Laborerfahrung</a></h2>

	<!-- This is the output of the EXCERPT -->
	<div class="entry-summary">
		<p>Schülerinnen und Schüler der Theresia-Gerhardinger-Realschule (Klösterle) und der Realschule Ravensburg warfen einen Blick hinter die Kulissen eines Biotechnologie-Labors – an der Edith-Stein-Schule und das unter der Anleitung der Schülerinnen und Schüler der 11. Klasse des Biotechnologischen Gymnasiums und ihrer Fachlehrerin Brigitte Schürmann. Der Höhepunkt des Projekttages war das Experiment mit E. coli-Bakterien: Die Schüler*innen übertrugen &hellip; <a href="https://www.ess-rv.de/?p=10024" class="more-link"><span class="screen-reader-text">Leuchtende Bakterien und echte Laborerfahrung</span> weiterlesen <span class="meta-nav">&rarr;</span></a></p>
	</div>

	<!-- This is the output of the META information -->
	<div class="entry-utility">	</div>
</div>
<!-- // End of Post Wrap -->
<!-- NOTE: If you need to make changes to this file, copy it to your current theme's main
	directory so your changes won't be overwritten when the plugin is upgraded. -->
<!-- Start of Post Wrap -->
<div class="post hentry ivycat-post">
	<!-- This is the output of the post TITLE -->
	<h2 class="entry-title"><a href="https://www.ess-rv.de/?p=9995">Jungforscherteam der Edith-Stein-Schule entwickeln torffreies Kultursubstrat</a></h2>

	<!-- This is the output of the EXCERPT -->
	<div class="entry-summary">
		<p>Großer Erfolg für den wissenschaftlichen Nachwuchs: Die Schülerin Marah Stehle und der Schüler Dennis Schneider des Biotechnologischen Gymnasiums der Edith-Stein-Schule haben mit ihrem Projekt „Torf ade – Damit auch Pflanzen ein gutes Gewissen haben“ den ersten Platz beim 61. Regionalwettbewerb Jugend forscht in der Sparte Biologie gewonnen. Zusätzlich wurden sie mit dem Sonderpreis von Rolls-Royce &hellip; <a href="https://www.ess-rv.de/?p=9995" class="more-link"><span class="screen-reader-text">Jungforscherteam der Edith-Stein-Schule entwickeln torffreies Kultursubstrat</span> weiterlesen <span class="meta-nav">&rarr;</span></a></p>
	</div>

	<!-- This is the output of the META information -->
	<div class="entry-utility">	</div>
</div>
<!-- // End of Post Wrap -->
<!-- NOTE: If you need to make changes to this file, copy it to your current theme's main
	directory so your changes won't be overwritten when the plugin is upgraded. -->
<!-- Start of Post Wrap -->
<div class="post hentry ivycat-post">
	<!-- This is the output of the post TITLE -->
	<h2 class="entry-title"><a href="https://www.ess-rv.de/?p=9796">Schüler erforschen erneut den Bleicherbach</a></h2>

	<!-- This is the output of the EXCERPT -->
	<div class="entry-summary">
		<p>Zum zweiten Mal haben Schülerinnen und Schüler der Jahrgangsstufe 2 des beruflichen Gymnasiums mit dem Wahlpflichtfach Biologie im Sommer am bundesweiten Citizen-Science-Projekt „Flow“ teilgenommen. Im Rahmen dieses Projekts untersuchten sie den in Schulnähe gelegenen Bleicherbach, um Daten zur ökologischen Qualität des Gewässers zu sammeln. Wie bereits im vergangenen Jahr konnten die Jugendlichen ihre Messergebnisse auf &hellip; <a href="https://www.ess-rv.de/?p=9796" class="more-link"><span class="screen-reader-text">Schüler erforschen erneut den Bleicherbach</span> weiterlesen <span class="meta-nav">&rarr;</span></a></p>
	</div>

	<!-- This is the output of the META information -->
	<div class="entry-utility">	</div>
</div>
<!-- // End of Post Wrap -->
<!-- NOTE: If you need to make changes to this file, copy it to your current theme's main
	directory so your changes won't be overwritten when the plugin is upgraded. -->
<!-- Start of Post Wrap -->
<div class="post hentry ivycat-post">
	<!-- This is the output of the post TITLE -->
	<h2 class="entry-title"><a href="https://www.ess-rv.de/?p=9663">Drei Schülerprojekte der Edith-Stein-Schule überzeugen in Heilbronn</a></h2>

	<!-- This is the output of the EXCERPT -->
	<div class="entry-summary">
		<p>Am 17. und 18. Juli 2025 fand die vierte Auflage des NExt-Kongresses des Kultusministeriums Baden-Württemberg im Science Center experimenta in Heilbronn statt. 28 Projekte von 12 Beruflichen Gymnasien präsentierten sich dort einem Publikum – darunter auch drei spannende Forschungsarbeiten des NExt-Kurses der Edith-Stein-Schule. In mehreren Präsentationsrunden stellten unsere Schülerinnen und Schüler ihre Projekte vor, beantworteten &hellip; <a href="https://www.ess-rv.de/?p=9663" class="more-link"><span class="screen-reader-text">Drei Schülerprojekte der Edith-Stein-Schule überzeugen in Heilbronn</span> weiterlesen <span class="meta-nav">&rarr;</span></a></p>
	</div>

	<!-- This is the output of the META information -->
	<div class="entry-utility">	</div>
</div>
<!-- // End of Post Wrap -->

<p>Fast jedes Jahr finden sich mehrere Gruppen von Schülerinnen und Schülern, die sich wissenschaftlich mit einem biologischen Thema auseinandersetzen. Jede Gruppe findet zu Beginn eine Fragestellung und forscht anschließend ein Jahr daran. Bitte besuchen Sie auch die Projektübersicht Die Ergebnisse fließen ein in eine Dokumentation und ein Plakat, mit dessen Hilfe die Schülergruppen auf dem &hellip; <a href="https://www.ess-rv.de/?p=9663" class="more-link"><span class="screen-reader-text">Drei Schülerprojekte der Edith-Stein-Schule überzeugen in Heilbronn</span> weiterlesen <span class="meta-nav">&rarr;</span></a></p>
