{"id":170,"date":"2014-07-28T10:25:42","date_gmt":"2014-07-28T08:25:42","guid":{"rendered":"https:\/\/intern.hls.rv.bw.schule.de\/secure\/?page_id=170"},"modified":"2025-05-16T08:18:10","modified_gmt":"2025-05-16T06:18:10","slug":"pharmazeutisch-kfm-angestellter","status":"publish","type":"page","link":"https:\/\/www.ess-rv.de\/?page_id=170","title":{"rendered":"Pharmazeutisch-kfm. Angestellte &#8211; Pharmazeutisch-kfm. Angestellter"},"content":{"rendered":"<div class=\"link-anmeldung\"><a href=\"http:\/\/anmeldung.ess-rv.de\">Anmeldung<\/a><\/div>\n<div data-post-id=\"9519\" class=\"insert-page insert-page-9519 \"><div class=\"highlight\"><a href=\"https:\/\/anmeldung.ess-rv.de\">Hinweis: Anmeldung durch die Ausbildungsbetriebe ab sofort nur noch online<\/a>.<\/div>\n<\/div>\n<p>Der Arbeitsplatz der pharmazeutisch-kaufm\u00e4nnischen Angestellten\/des pharmazeutisch-kaufm\u00e4nnischen Angestellten befindet sich vorwiegend in der \u00f6ffentlichen Apotheke, aber auch in Krankenhausapotheken.<\/p>\n<p>Sie\/er f\u00fchrt kaufm\u00e4nnische Arbeiten, insbesondere in der Warenbewirtschaftung, durch. Beim Verkauf von apotheken\u00fcblichen Waren hat sie\/er beratende Funktion und darf sie an den Kunden abgeben. Unter Aufsicht des Apothekers unterst\u00fctzt sie\/er das pharmzeutische Personal bei der Herstellung und Pr\u00fcfung von Arzneimitteln.<\/p>\n","protected":false},"excerpt":{"rendered":"<p>Anmeldung Der Arbeitsplatz der pharmazeutisch-kaufm\u00e4nnischen Angestellten\/des pharmazeutisch-kaufm\u00e4nnischen Angestellten befindet sich vorwiegend in der \u00f6ffentlichen Apotheke, aber auch in Krankenhausapotheken. Sie\/er f\u00fchrt kaufm\u00e4nnische Arbeiten, insbesondere in der Warenbewirtschaftung, durch. Beim Verkauf von apotheken\u00fcblichen Waren hat sie\/er beratende Funktion und darf sie an den Kunden abgeben. Unter Aufsicht des Apothekers unterst\u00fctzt sie\/er das pharmzeutische Personal bei der &hellip; <a href=\"https:\/\/www.ess-rv.de\/?page_id=170\" class=\"more-link\"><span class=\"screen-reader-text\">Pharmazeutisch-kfm. Angestellte &#8211; Pharmazeutisch-kfm. Angestellter<\/span> weiterlesen <span class=\"meta-nav\">&rarr;<\/span><\/a><\/p>\n","protected":false},"author":3,"featured_media":0,"parent":111,"menu_order":236,"comment_status":"closed","ping_status":"closed","template":"","meta":{"footnotes":"","_links_to":"","_links_to_target":""},"class_list":["post-170","page","type-page","status-publish","hentry"],"_links":{"self":[{"href":"https:\/\/www.ess-rv.de\/index.php?rest_route=\/wp\/v2\/pages\/170","targetHints":{"allow":["GET"]}}],"collection":[{"href":"https:\/\/www.ess-rv.de\/index.php?rest_route=\/wp\/v2\/pages"}],"about":[{"href":"https:\/\/www.ess-rv.de\/index.php?rest_route=\/wp\/v2\/types\/page"}],"author":[{"embeddable":true,"href":"https:\/\/www.ess-rv.de\/index.php?rest_route=\/wp\/v2\/users\/3"}],"replies":[{"embeddable":true,"href":"https:\/\/www.ess-rv.de\/index.php?rest_route=%2Fwp%2Fv2%2Fcomments&post=170"}],"version-history":[{"count":9,"href":"https:\/\/www.ess-rv.de\/index.php?rest_route=\/wp\/v2\/pages\/170\/revisions"}],"predecessor-version":[{"id":9528,"href":"https:\/\/www.ess-rv.de\/index.php?rest_route=\/wp\/v2\/pages\/170\/revisions\/9528"}],"up":[{"embeddable":true,"href":"https:\/\/www.ess-rv.de\/index.php?rest_route=\/wp\/v2\/pages\/111"}],"wp:attachment":[{"href":"https:\/\/www.ess-rv.de\/index.php?rest_route=%2Fwp%2Fv2%2Fmedia&parent=170"}],"curies":[{"name":"wp","href":"https:\/\/api.w.org\/{rel}","templated":true}]}}