{"id":29,"date":"2014-02-03T17:55:17","date_gmt":"2014-02-03T15:55:17","guid":{"rendered":"https:\/\/intern.hls.rv.bw.schule.de\/secure\/?page_id=29"},"modified":"2025-11-09T17:12:14","modified_gmt":"2025-11-09T16:12:14","slug":"elternvertretung","status":"publish","type":"page","link":"https:\/\/www.ess-rv.de\/?page_id=29","title":{"rendered":"Elternvertretung"},"content":{"rendered":"<h2>Die Elternvertretung<\/h2>\n<p>Wir, der Elternbeirat, sind die gew\u00e4hlte Vertretung der Eltern der Sch\u00fcler an der Edith-Stein-Schule und verstehen uns als Bindeglied zwischen Eltern\/Sch\u00fclern und der Schule. Unsere Aufgaben bestehen vorwiegend in der Information und der Aussprache mit den Eltern. Dabei beraten wir \u00fcber W\u00fcnsche, Anregungen und Vorschl\u00e4ge der Eltern und unterbreiten sie der Schule. So wollen wir aktiv versuchen an der Gestaltung des schulischen Lebens mitzuwirken.<\/p>\n<p>Nach dem Schulgesetz \u00a757 (1) liegen unsere Aufgaben insbesondere darin,<\/p>\n<ol>\n<li>die Anteilnahme der Eltern am Leben und an der Arbeit der Schule zu f\u00f6rdern;<\/li>\n<li>W\u00fcnsche und Anregungen aus Elternkreisen, die \u00fcber den Einzelfall hinaus von allgemeiner Bedeutung sind, zu beraten und an die Schule weiterzuleiten;<\/li>\n<li>das Verst\u00e4ndnis der Erziehungsberechtigten f\u00fcr Fragen des Schullebens und der Unterrichtsgestaltung sowie der Erziehungsberatung zu f\u00f6rdern;<\/li>\n<li>f\u00fcr die Belange der Schule beim Schultr\u00e4ger, bei der Schulaufsichtsbeh\u00f6rde und in der \u00d6ffentlichkeit einzutreten, soweit die Mitverantwortung der Eltern es verlangt;<\/li>\n<li>an der Beseitigung von St\u00f6rungen der Schularbeit durch M\u00e4ngel der \u00e4u\u00dferen Schulverh\u00e4ltnisse mitzuwirken;<\/li>\n<li>bei Ma\u00dfnahmen auf dem Gebiet des Jugendschutzes und der Freizeitgestaltung, soweit sie das Leben der Schule ber\u00fchren, mitzuwirken;<\/li>\n<li>Ma\u00dfnahmen, die eine Erweiterung oder Einschr\u00e4nkung der Schule oder eine wesentliche \u00c4nderung ihres Lehrbetriebs bewirken, zu beraten; dazu geh\u00f6rt auch die \u00c4nderung des Schultyps, die Teilung einer Schule oder die Zusammenlegung mit einer anderen Schule sowie die Durchf\u00fchrung von Schulversuchen.<\/li>\n<\/ol>\n<table>\n<tr>\n<td>Elternbeiratsvorsitzende<\/td>\n<td>Johanna von Schmidsfeld<br \/>\n\t\t<a href=\"mailto:lifeofjona@gmx.de\">lifeofjona@gmx.de<\/a><\/td>\n<\/tr>\n<tr>\n<td>Stellv. Elternbeiratsvorsitzende<\/td>\n<td>Marion Winkel<br \/>\n\t\t<a href=\"mailto:mmwinkel@web.de\">mmwinkel@web.de<\/a><\/td>\n<\/tr>\n<\/table>\n","protected":false},"excerpt":{"rendered":"<p>Die Elternvertretung Wir, der Elternbeirat, sind die gew\u00e4hlte Vertretung der Eltern der Sch\u00fcler an der Edith-Stein-Schule und verstehen uns als Bindeglied zwischen Eltern\/Sch\u00fclern und der Schule. Unsere Aufgaben bestehen vorwiegend in der Information und der Aussprache mit den Eltern. Dabei beraten wir \u00fcber W\u00fcnsche, Anregungen und Vorschl\u00e4ge der Eltern und unterbreiten sie der Schule. So &hellip; <a href=\"https:\/\/www.ess-rv.de\/?page_id=29\" class=\"more-link\"><span class=\"screen-reader-text\">Elternvertretung<\/span> weiterlesen <span class=\"meta-nav\">&rarr;<\/span><\/a><\/p>\n","protected":false},"author":3,"featured_media":0,"parent":331,"menu_order":120,"comment_status":"closed","ping_status":"closed","template":"","meta":{"footnotes":"","_links_to":"","_links_to_target":""},"class_list":["post-29","page","type-page","status-publish","hentry"],"_links":{"self":[{"href":"https:\/\/www.ess-rv.de\/index.php?rest_route=\/wp\/v2\/pages\/29","targetHints":{"allow":["GET"]}}],"collection":[{"href":"https:\/\/www.ess-rv.de\/index.php?rest_route=\/wp\/v2\/pages"}],"about":[{"href":"https:\/\/www.ess-rv.de\/index.php?rest_route=\/wp\/v2\/types\/page"}],"author":[{"embeddable":true,"href":"https:\/\/www.ess-rv.de\/index.php?rest_route=\/wp\/v2\/users\/3"}],"replies":[{"embeddable":true,"href":"https:\/\/www.ess-rv.de\/index.php?rest_route=%2Fwp%2Fv2%2Fcomments&post=29"}],"version-history":[{"count":22,"href":"https:\/\/www.ess-rv.de\/index.php?rest_route=\/wp\/v2\/pages\/29\/revisions"}],"predecessor-version":[{"id":9785,"href":"https:\/\/www.ess-rv.de\/index.php?rest_route=\/wp\/v2\/pages\/29\/revisions\/9785"}],"up":[{"embeddable":true,"href":"https:\/\/www.ess-rv.de\/index.php?rest_route=\/wp\/v2\/pages\/331"}],"wp:attachment":[{"href":"https:\/\/www.ess-rv.de\/index.php?rest_route=%2Fwp%2Fv2%2Fmedia&parent=29"}],"curies":[{"name":"wp","href":"https:\/\/api.w.org\/{rel}","templated":true}]}}