{"id":2946,"date":"2016-02-09T13:27:10","date_gmt":"2016-02-09T12:27:10","guid":{"rendered":"http:\/\/www.ess-rv.de\/?page_id=2946"},"modified":"2019-09-11T17:25:49","modified_gmt":"2019-09-11T15:25:49","slug":"juniorenfirma","status":"publish","type":"page","link":"https:\/\/www.ess-rv.de\/?page_id=2946","title":{"rendered":"Juniorenfirma"},"content":{"rendered":"<p>Unsere neu gegr\u00fcndete Juniorfirma produzierte bereits 1300 unterschiedliche Geb\u00e4ckst\u00fccke, 90 Filzseifen und 40 Badesalze, die einzeln verpackt und mit individuellen Etiketten f\u00fcr jeden Kunden versehen wurden \u2013 alles in Handarbeit. Das war eine Meisterleistung, die Teamwork, Kompetenz, Geduld und Geschick erforderte. Die Meinung unserer Sch\u00fclerinnen und Sch\u00fcler ist, dass es Spa\u00df macht f\u00fcr die Juniorfirma zu arbeiten, da man die verschiedenen Bereiche eines Unternehmens hautnah erlebt und Verantwortung innerhalb des Teams hat. Au\u00dferdem kann bei der Ausf\u00fchrung der Arbeit auch teilweise miteinander geredet werden.<\/p>\n<div id='gallery-1' class='gallery galleryid-2946 gallery-columns-3 gallery-size-thumbnail'><figure class='gallery-item'>\n\t\t\t<div class='gallery-icon landscape'>\n\t\t\t\t<a href='https:\/\/www.ess-rv.de\/wp-content\/uploads\/2016\/02\/IMG_6605.jpg'><img loading=\"lazy\" decoding=\"async\" width=\"180\" height=\"180\" src=\"https:\/\/www.ess-rv.de\/wp-content\/uploads\/2016\/02\/IMG_6605-180x180.jpg\" class=\"attachment-thumbnail size-thumbnail\" alt=\"\" \/><\/a>\n\t\t\t<\/div><\/figure><figure class='gallery-item'>\n\t\t\t<div class='gallery-icon landscape'>\n\t\t\t\t<a href='https:\/\/www.ess-rv.de\/wp-content\/uploads\/2016\/02\/IMG_6579.jpg'><img loading=\"lazy\" decoding=\"async\" width=\"180\" height=\"180\" src=\"https:\/\/www.ess-rv.de\/wp-content\/uploads\/2016\/02\/IMG_6579-180x180.jpg\" class=\"attachment-thumbnail size-thumbnail\" alt=\"\" \/><\/a>\n\t\t\t<\/div><\/figure><figure class='gallery-item'>\n\t\t\t<div class='gallery-icon landscape'>\n\t\t\t\t<a href='https:\/\/www.ess-rv.de\/wp-content\/uploads\/2016\/02\/IMG_6567.jpg'><img loading=\"lazy\" decoding=\"async\" width=\"180\" height=\"180\" src=\"https:\/\/www.ess-rv.de\/wp-content\/uploads\/2016\/02\/IMG_6567-180x180.jpg\" class=\"attachment-thumbnail size-thumbnail\" alt=\"\" \/><\/a>\n\t\t\t<\/div><\/figure>\n\t\t<\/div>\n\n<p>Das besondere an unserer Juniorfirma ist, dass wir Privatunternehmen von au\u00dferhalb der Schule beliefern. Jeder Kunde hat zwei Sch\u00fclerinnen und Sch\u00fcler, die als Kundenbetreuer agieren und den Auftrag von der Bestellung bis zur Bezahlung betreuen. Dabei m\u00fcssen sie ihre erworbenen Kenntnisse anwenden und erweitern \u2013 Theorie und Praxis werden durch dieses Projekt erfolgreich miteinander verkn\u00fcpft. Nun sind wir gespannt, wie unsere Produkte bei unseren Kunden ankommen!<\/p>\n<p><strong>Die \u201eJungunternehmer\u201c sind unsere Sch\u00fclerinnen und Sch\u00fcler des Zweij\u00e4hriges Berufskolleg Ern\u00e4hrung und Hauswirtschaft <a href=\"http:\/\/www.ess-rv.de\/?page_id=134\">2BKH<\/a>. Sie machen eine Ausbildung zur Assistent\/in im hauswirtschaftlichen Betrieb.<\/strong> Dort werden sie sp\u00e4ter einer hauswirtschaftlichen Betriebsleiterin oder einem Betriebsleiter zur Seite stehen. In den zwei Ausbildungsjahren kann auch die Fachhochschulreife erworben werden. Deshalb nimmt ein Teil unserer Absolventen\/Absolventinnen danach ein Studium auf oder steigt in die Berufswelt ein, da Fachkr\u00e4fte im Bereich Ern\u00e4hrung und Versorgung gesucht sind.<\/p>\n","protected":false},"excerpt":{"rendered":"<p>Unsere neu gegr\u00fcndete Juniorfirma produzierte bereits 1300 unterschiedliche Geb\u00e4ckst\u00fccke, 90 Filzseifen und 40 Badesalze, die einzeln verpackt und mit individuellen Etiketten f\u00fcr jeden Kunden versehen wurden \u2013 alles in Handarbeit. Das war eine Meisterleistung, die Teamwork, Kompetenz, Geduld und Geschick erforderte. Die Meinung unserer Sch\u00fclerinnen und Sch\u00fcler ist, dass es Spa\u00df macht f\u00fcr die Juniorfirma &hellip; <a href=\"https:\/\/www.ess-rv.de\/?page_id=2946\" class=\"more-link\"><span class=\"screen-reader-text\">Juniorenfirma<\/span> weiterlesen <span class=\"meta-nav\">&rarr;<\/span><\/a><\/p>\n","protected":false},"author":3,"featured_media":0,"parent":333,"menu_order":377,"comment_status":"closed","ping_status":"closed","template":"","meta":{"footnotes":"","_links_to":"","_links_to_target":""},"class_list":["post-2946","page","type-page","status-publish","hentry"],"_links":{"self":[{"href":"https:\/\/www.ess-rv.de\/index.php?rest_route=\/wp\/v2\/pages\/2946","targetHints":{"allow":["GET"]}}],"collection":[{"href":"https:\/\/www.ess-rv.de\/index.php?rest_route=\/wp\/v2\/pages"}],"about":[{"href":"https:\/\/www.ess-rv.de\/index.php?rest_route=\/wp\/v2\/types\/page"}],"author":[{"embeddable":true,"href":"https:\/\/www.ess-rv.de\/index.php?rest_route=\/wp\/v2\/users\/3"}],"replies":[{"embeddable":true,"href":"https:\/\/www.ess-rv.de\/index.php?rest_route=%2Fwp%2Fv2%2Fcomments&post=2946"}],"version-history":[{"count":10,"href":"https:\/\/www.ess-rv.de\/index.php?rest_route=\/wp\/v2\/pages\/2946\/revisions"}],"predecessor-version":[{"id":5821,"href":"https:\/\/www.ess-rv.de\/index.php?rest_route=\/wp\/v2\/pages\/2946\/revisions\/5821"}],"up":[{"embeddable":true,"href":"https:\/\/www.ess-rv.de\/index.php?rest_route=\/wp\/v2\/pages\/333"}],"wp:attachment":[{"href":"https:\/\/www.ess-rv.de\/index.php?rest_route=%2Fwp%2Fv2%2Fmedia&parent=2946"}],"curies":[{"name":"wp","href":"https:\/\/api.w.org\/{rel}","templated":true}]}}