{"id":3636,"date":"2016-09-27T11:58:30","date_gmt":"2016-09-27T10:58:30","guid":{"rendered":"http:\/\/www.ess-rv.de\/?page_id=3636"},"modified":"2016-10-06T10:13:54","modified_gmt":"2016-10-06T09:13:54","slug":"die-teich-ag-nimmt-an-der-landesweiten-amphibienkartierung-teil","status":"publish","type":"page","link":"https:\/\/www.ess-rv.de\/?page_id=3636","title":{"rendered":"Die Teich-AG nimmt an der landesweiten Amphibienkartierung teil"},"content":{"rendered":"<p><a href=\"http:\/\/www.ess-rv.de\/wp-content\/uploads\/2016\/09\/gruppe2_1024.jpg\"><img loading=\"lazy\" decoding=\"async\" class=\"alignright wp-image-3604 size-thumbnail\" src=\"http:\/\/www.ess-rv.de\/wp-content\/uploads\/2016\/09\/gruppe2_1024-180x180.jpg\" alt=\"Die Teich-AG nimmt an der landesweiten Amphibienkartierung teil\" width=\"180\" height=\"180\" srcset=\"https:\/\/www.ess-rv.de\/wp-content\/uploads\/2016\/09\/gruppe2_1024-180x180.jpg 180w, https:\/\/www.ess-rv.de\/wp-content\/uploads\/2016\/09\/gruppe2_1024-298x300.jpg 298w, https:\/\/www.ess-rv.de\/wp-content\/uploads\/2016\/09\/gruppe2_1024-768x774.jpg 768w, https:\/\/www.ess-rv.de\/wp-content\/uploads\/2016\/09\/gruppe2_1024.jpg 1016w\" sizes=\"auto, (max-width: 180px) 100vw, 180px\" \/><\/a>Die Teich-AG 2015\/2016 der Edith-Stein-Schule hat im Rahmen des Kartierungsprogramms f\u00fcr Amphibien und Reptilien der Landesanstalt f\u00fcr Umwelt, Messungen und Naturschutz Baden-W\u00fcrttemberg (LAK) drei Stillgew\u00e4sser in Ravensburg und Umgebung besucht und die dort vorkommenden Amphibien kartiert. Alle sechs Jahre muss das Land Daten zum aktuellen Erhaltungszustand an die EU berichten und nutzt hierf\u00fcr das lokale Engagement. In 5 x 5 km gro\u00dfen Planquadraten wird versucht, die zu erwartenden Arten nachzuweisen. Die erfassten Daten k\u00f6nnen in die zentrale Datenbank der Naturschutzverwaltung im Internet eingegeben werden.<!--more--><\/p>\n<p>Die Amphibien sind in 5 Kartiergruppen unterteilt<\/p>\n<ul>\n<li>Kartiergruppe 1: n\u00e4chtliche Rufer, z.B. Kreuzkr\u00f6te, Laubfrosch<\/li>\n<li>Kartiergruppe 2: Laichballen, z.B. Springfrosch, Grasfrosch<\/li>\n<li>Kartiergruppe 3: tags\u00fcber rufend, Sichtnachweis, z.B. Gelbbauchunke<\/li>\n<li>Kartiergruppe 4: rufend, Sichtnachweis, z.B. Wasserfr\u00f6sche<\/li>\n<li>Kartiergruppe 5: Sichtnachweis, Kescher, z.B. N\u00f6rdlicher Kammmolch<\/li>\n<\/ul>\n<p>F\u00fcr jede Kartiergruppe gibt es eine Kartieranleitung, die Hinweise f\u00fcr einen gelingenden Artennachweis gibt, wie zum Beispiel die optimale Erfassungszeit.<\/p>\n<p><a href=\"http:\/\/www.ess-rv.de\/wp-content\/uploads\/2016\/09\/teichfrosch_1024.jpg\"><img loading=\"lazy\" decoding=\"async\" class=\"alignright size-thumbnail wp-image-3608\" src=\"http:\/\/www.ess-rv.de\/wp-content\/uploads\/2016\/09\/teichfrosch_1024-180x180.jpg\" alt=\"Die Teich-AG nimmt an der landesweiten Amphibienkartierung teil\" width=\"180\" height=\"180\" \/><\/a><span style=\"text-decoration: underline;\">Grasfrosch<\/span>: Der Grasfrossch besiedelt fast alle Teile der Kulturlandschaft, besonders aber Feuchtgr\u00fcnland, Laub- und Mischw\u00e4lder. Zur Fortpflanzung bevorzugt er dauerhaft stehende Gew\u00e4sser, die Laichpl\u00e4tze liegen an flachen und besonnten Uferbereichen. Die Hauptphase des Grasfroschs im Wasser ist von Ende Februar bis Ende April.<\/p>\n<p><span style=\"text-decoration: underline;\"><a href=\"http:\/\/www.ess-rv.de\/wp-content\/uploads\/2016\/09\/wasserfrosch_1024.jpg\"><img loading=\"lazy\" decoding=\"async\" class=\"size-thumbnail wp-image-3610 alignleft\" src=\"http:\/\/www.ess-rv.de\/wp-content\/uploads\/2016\/09\/wasserfrosch_1024-180x180.jpg\" alt=\"Die Teich-AG nimmt an der landesweiten Amphibienkartierung teil\" width=\"180\" height=\"180\" \/><\/a>Wasserfr\u00f6sche<\/span>: Der kleine Wasserfrosch und Teichfrosch bevorzugt kleinere bis mittelgro\u00dfe Gew\u00e4sser, der Seefrosch gr\u00f6\u00dfere und tiefere Stillgew\u00e4sser, beides mit hoher Sonneneinstrahlung und Schwimmblatt- und Unterwasservegetation. Die Hauptphase der Gr\u00fcnfr\u00f6sche im Wasser ist von April bis September.<\/p>\n<p>Bei unseren Untersuchungen wurden wir von Anne Straub, einer LAK-Fachfrau, angeleitet. Vor den Kartierungen war nat\u00fcrlich eine Einf\u00fchrung in die Systematik und die Bestimmung der Amphibien n\u00f6tig, die uns Anne Straub sehr strukturiert und anschaulich darbot.<\/p>\n<p><a href=\"http:\/\/www.ess-rv.de\/wp-content\/uploads\/2016\/09\/teichmolch_1024.jpg\"><img loading=\"lazy\" decoding=\"async\" class=\"size-thumbnail wp-image-3609 alignright\" src=\"http:\/\/www.ess-rv.de\/wp-content\/uploads\/2016\/09\/teichmolch_1024-180x180.jpg\" alt=\"Die Teich-AG nimmt an der landesweiten Amphibienkartierung teil\" width=\"180\" height=\"180\" \/><\/a><a href=\"http:\/\/www.ess-rv.de\/wp-content\/uploads\/2016\/09\/gruppe_1024.jpg\"><img loading=\"lazy\" decoding=\"async\" class=\"alignright size-thumbnail wp-image-3611\" src=\"http:\/\/www.ess-rv.de\/wp-content\/uploads\/2016\/09\/gruppe_1024-180x180.jpg\" alt=\"Die Teich-AG nimmt an der landesweiten Amphibienkartierung teil\" width=\"180\" height=\"180\" \/><\/a>Am 6. April 2016 begutachteten wir zuerst das <strong>Schulbiotop der Edith-Stein-Schule<\/strong>. Die aktuelle Wasserfl\u00e4che betrug ca. 220 m\u00b2, die Wassertiefe gesch\u00e4tzt 80-120 cm. Rund herum sind Flachwasserbereiche vorhanden. Das Biotop ist umgeben von Laubb\u00e4umen, einer Nasswiese und dem 14-Nothelferbach. In der N\u00e4he befinden sich Tennispl\u00e4tze, eine Siedlung und Stra\u00dfen. Wir fanden zwei adulte Grasfr\u00f6sche, Grasfrosch-Laich und Grasfrosch-Larven, zudem bei unserer zweiten Kartierung am 13. April einen seltenen adulten Bergmolch.<\/p>\n<figure id=\"attachment_3606\" aria-describedby=\"caption-attachment-3606\" style=\"width: 180px\" class=\"wp-caption alignright\"><a href=\"http:\/\/www.ess-rv.de\/wp-content\/uploads\/2016\/09\/lachschnuere_1024.jpg\"><img loading=\"lazy\" decoding=\"async\" class=\"wp-image-3606 size-thumbnail\" src=\"http:\/\/www.ess-rv.de\/wp-content\/uploads\/2016\/09\/lachschnuere_1024-180x180.jpg\" alt=\"Die Teich-AG nimmt an der landesweiten Amphibienkartierung teil\" width=\"180\" height=\"180\" \/><\/a><figcaption id=\"caption-attachment-3606\" class=\"wp-caption-text\">Kreuzbergweiher &#8211; Laichschn\u00fcre der Erdkr\u00f6te<\/figcaption><\/figure>\n<figure id=\"attachment_3605\" aria-describedby=\"caption-attachment-3605\" style=\"width: 180px\" class=\"wp-caption alignright\"><a href=\"http:\/\/www.ess-rv.de\/wp-content\/uploads\/2016\/09\/kreusbergweiher_1024.jpg\"><img loading=\"lazy\" decoding=\"async\" class=\"size-thumbnail wp-image-3605\" src=\"http:\/\/www.ess-rv.de\/wp-content\/uploads\/2016\/09\/kreusbergweiher_1024-180x180.jpg\" alt=\"Kreuzbergweiher\" width=\"180\" height=\"180\" \/><\/a><figcaption id=\"caption-attachment-3605\" class=\"wp-caption-text\">Kreuzbergweiher<\/figcaption><\/figure>\n<p>Danach besuchten wir den nahegelegenen <strong>Kreuzbergweiher<\/strong> in Weingarten. Dieser ist ein k\u00fcnstlich angelegter Weiher, um den ein Weg f\u00fchrt. Er liegt am Rand eines Wohngebietes. In der Mitte des Weihers befindet sich ein \u201eEntenhotel\u201c. Die Wasserfl\u00e4che betr\u00e4gt gesch\u00e4tzte 15 000 m\u00b2 mit einer Wassertiefe von 2-3 m. Es sind kaum Flachwasserbereiche vorhanden. Angrenzende Fl\u00e4chen sind ein Park und Feldgeh\u00f6lz. Wir fanden Laichschn\u00fcre der Erdkr\u00f6te, Laichballen des Grasfroschs und einen adulten Wasserfrosch.<\/p>\n<figure id=\"attachment_3607\" aria-describedby=\"caption-attachment-3607\" style=\"width: 180px\" class=\"wp-caption alignright\"><a href=\"http:\/\/www.ess-rv.de\/wp-content\/uploads\/2016\/09\/lanzenreuterweiher_1024.jpg\"><img loading=\"lazy\" decoding=\"async\" class=\"size-thumbnail wp-image-3607\" src=\"http:\/\/www.ess-rv.de\/wp-content\/uploads\/2016\/09\/lanzenreuterweiher_1024-180x180.jpg\" alt=\"Lanzenreuter Weiher\" width=\"180\" height=\"180\" \/><\/a><figcaption id=\"caption-attachment-3607\" class=\"wp-caption-text\">Lanzenreuter Weiher<\/figcaption><\/figure>\n<p>Schlie\u00dflich kartierten wir am 6. April 2016 noch den <strong>Lanzenreuter Weiher<\/strong> in Schlier. Dieser Weiher ist von einem fast durchgehenden Schilfg\u00fcrtel umgeben. Besonders auffallend war das klare Wasser. Die Wasserfl\u00e4che betr\u00e4gt gesch\u00e4tzte 13-18 000 m\u00b2, die Tiefe 3-4 m. Im Norden sind Flachwasserbereiche vorhanden. Angrenzende Fl\u00e4chen sind Intensivgr\u00fcnland und Acker, Extensivgr\u00fcnland, Mischwald, ein Flie\u00dfgew\u00e4sser und ein Weg. Wir fanden Grasfrosch-Laich, Erdkr\u00f6ten-Laich und eine adulte Erdkr\u00f6te.<\/p>\n<p>Zum Ausklang des Amphibien-Projektes gaben wir unsere Ergebnisse in die LAK-Datenbank ein und kamen zu dem Schluss, dass unser Edith-Stein-Schulteich aktuell f\u00fcr Amphibien eines der wichtigsten hiesigen Laichgew\u00e4sser ist. Damit er dies auch in Zukunft bleiben wird, sind regelm\u00e4\u00dfige Pflegema\u00dfnahmen, wie Entkrautungen und R\u00fccknahme\/F\u00e4llen eines Teils des Strauch- und Baumbewuchses um den Teich \u2013 diese beschatten den Teich n\u00e4mlich zunehmend -, hilfreich.<\/p>\n<p>T. Forster, F. Krajewski, A. Schmid &amp; J. Stang<\/p>\n","protected":false},"excerpt":{"rendered":"<p>Die Teich-AG 2015\/2016 der Edith-Stein-Schule hat im Rahmen des Kartierungsprogramms f\u00fcr Amphibien und Reptilien der Landesanstalt f\u00fcr Umwelt, Messungen und Naturschutz Baden-W\u00fcrttemberg (LAK) drei Stillgew\u00e4sser in Ravensburg und Umgebung besucht und die dort vorkommenden Amphibien kartiert. Alle sechs Jahre muss das Land Daten zum aktuellen Erhaltungszustand an die EU berichten und nutzt hierf\u00fcr das lokale &hellip; <a href=\"https:\/\/www.ess-rv.de\/?page_id=3636\" class=\"more-link\"><span class=\"screen-reader-text\">Die Teich-AG nimmt an der landesweiten Amphibienkartierung teil<\/span> weiterlesen <span class=\"meta-nav\">&rarr;<\/span><\/a><\/p>\n","protected":false},"author":3,"featured_media":0,"parent":3473,"menu_order":0,"comment_status":"closed","ping_status":"closed","template":"","meta":{"footnotes":"","_links_to":"","_links_to_target":""},"class_list":["post-3636","page","type-page","status-publish","hentry"],"_links":{"self":[{"href":"https:\/\/www.ess-rv.de\/index.php?rest_route=\/wp\/v2\/pages\/3636","targetHints":{"allow":["GET"]}}],"collection":[{"href":"https:\/\/www.ess-rv.de\/index.php?rest_route=\/wp\/v2\/pages"}],"about":[{"href":"https:\/\/www.ess-rv.de\/index.php?rest_route=\/wp\/v2\/types\/page"}],"author":[{"embeddable":true,"href":"https:\/\/www.ess-rv.de\/index.php?rest_route=\/wp\/v2\/users\/3"}],"replies":[{"embeddable":true,"href":"https:\/\/www.ess-rv.de\/index.php?rest_route=%2Fwp%2Fv2%2Fcomments&post=3636"}],"version-history":[{"count":6,"href":"https:\/\/www.ess-rv.de\/index.php?rest_route=\/wp\/v2\/pages\/3636\/revisions"}],"predecessor-version":[{"id":3670,"href":"https:\/\/www.ess-rv.de\/index.php?rest_route=\/wp\/v2\/pages\/3636\/revisions\/3670"}],"up":[{"embeddable":true,"href":"https:\/\/www.ess-rv.de\/index.php?rest_route=\/wp\/v2\/pages\/3473"}],"wp:attachment":[{"href":"https:\/\/www.ess-rv.de\/index.php?rest_route=%2Fwp%2Fv2%2Fmedia&parent=3636"}],"curies":[{"name":"wp","href":"https:\/\/api.w.org\/{rel}","templated":true}]}}