{"id":45,"date":"2014-02-03T18:00:38","date_gmt":"2014-02-03T16:00:38","guid":{"rendered":"https:\/\/intern.hls.rv.bw.schule.de\/secure\/?page_id=45"},"modified":"2024-02-09T11:50:12","modified_gmt":"2024-02-09T10:50:12","slug":"berufsfachschule","status":"publish","type":"page","link":"https:\/\/www.ess-rv.de\/?page_id=45","title":{"rendered":"Berufsfachschule mit AVdual"},"content":{"rendered":"<div class=\"link-anmeldung\"><a href=\"http:\/\/www.ess-rv.de\/?page_id=4699\">Anmeldung<\/a><\/div>\n<p>Das AVdual ist ein ganz besonderes Jahr, eine ideale Schulchance zwischen Hauptschule, Werkrealschule, Ausbildung oder einer weiterf\u00fchrenden Schule.<\/p>\n<p>Im AVdual erhalten Sie die individuelle Unterst\u00fctzung, die Sie ben\u00f6tigen, um eine Ausbildung beginnen zu k\u00f6nnen. Dazu leisten Sie Praktika ab, die von der Schule unterst\u00fctzt und begleitet werden.<\/p>\n<p>F\u00fcr gute und motivierte Sch\u00fclerinnen und Sch\u00fcler bietet sich nach dem 1. Jahr AVdual die M\u00f6glichkeit, nach einem weiteren Schuljahr in einer 2 j\u00e4hrigen Berufsfachschule (2 BFS) mit dem Schwerpunkt \u201eGesundheit und Pflege\u201c oder \u201eErn\u00e4hrung und Hauswirtschaft\u201c, die Fachschulreife (mittlerer Bildungsabschluss) zu erreichen.<\/p>\n<p><img loading=\"lazy\" decoding=\"async\" class=\"alignnone wp-image-8655 size-full no-border\" src=\"https:\/\/www.ess-rv.de\/wp-content\/uploads\/2024\/02\/avdual-bfs.png\" alt=\"\" width=\"1240\" height=\"472\" srcset=\"https:\/\/www.ess-rv.de\/wp-content\/uploads\/2024\/02\/avdual-bfs.png 1240w, https:\/\/www.ess-rv.de\/wp-content\/uploads\/2024\/02\/avdual-bfs-300x114.png 300w, https:\/\/www.ess-rv.de\/wp-content\/uploads\/2024\/02\/avdual-bfs-1024x390.png 1024w, https:\/\/www.ess-rv.de\/wp-content\/uploads\/2024\/02\/avdual-bfs-768x292.png 768w\" sizes=\"auto, (max-width: 1240px) 100vw, 1240px\" \/><\/p>\n<div data-post-id=\"4692\" class=\"insert-page insert-page-4692 \"><h3>Alle Berufsfachschulen und Berufsvorbereitenden Schulen befinden sich am Standort Ravensburg<\/h3>\n<ul>\n<li><a href=\"http:\/\/www.ess-rv.de\/?page_id=6506\">Ausbildungvorbereitung dual\u00a0(AVdual)<\/a><\/li>\n<li><a title=\"Berufsfachschule \u2013 Hauswirtschaft und Ern\u00e4hrung\" href=\"http:\/\/www.ess-rv.de\/?page_id=104\">Berufsfachschule Bereich Ern\u00e4hrung und Gesundheit,<br \/>\nProfil Hauswirtschaft und Ern\u00e4hrung (2BFH)<\/a><\/li>\n<li><a title=\"Berufsfachschule Profil Gesundheit und Pflege\" href=\"http:\/\/www.ess-rv.de\/?page_id=142\">Berufsfachschule Bereich Ern\u00e4hrung und Gesundheit,<br \/>\nProfil Gesundheit und Pflege (2BFP)<\/a><\/li>\n<li><a title=\"Berufsfachschule f\u00fcr sozialp\u00e4dagogische Assistenz\" href=\"http:\/\/www.ess-rv.de\/?page_id=148\">Berufsfachschule f\u00fcr sozialp\u00e4dagogische Assistenz<\/a><\/li>\n<li><a href=\"https:\/\/www.ess-rv.de\/?page_id=117\" title=\"VABO\">Vorqualifizierung Arbeit\/Beruf zum Erwerb von Deutschkenntnissen (VABO)<\/a><\/li>\n<\/ul>\n<\/div>\n","protected":false},"excerpt":{"rendered":"<p>Anmeldung Das AVdual ist ein ganz besonderes Jahr, eine ideale Schulchance zwischen Hauptschule, Werkrealschule, Ausbildung oder einer weiterf\u00fchrenden Schule. Im AVdual erhalten Sie die individuelle Unterst\u00fctzung, die Sie ben\u00f6tigen, um eine Ausbildung beginnen zu k\u00f6nnen. Dazu leisten Sie Praktika ab, die von der Schule unterst\u00fctzt und begleitet werden. F\u00fcr gute und motivierte Sch\u00fclerinnen und Sch\u00fcler &hellip; <a href=\"https:\/\/www.ess-rv.de\/?page_id=45\" class=\"more-link\"><span class=\"screen-reader-text\">Berufsfachschule mit AVdual<\/span> weiterlesen <span class=\"meta-nav\">&rarr;<\/span><\/a><\/p>\n","protected":false},"author":3,"featured_media":0,"parent":301,"menu_order":240,"comment_status":"closed","ping_status":"closed","template":"","meta":{"footnotes":"","_links_to":"","_links_to_target":""},"class_list":["post-45","page","type-page","status-publish","hentry"],"_links":{"self":[{"href":"https:\/\/www.ess-rv.de\/index.php?rest_route=\/wp\/v2\/pages\/45","targetHints":{"allow":["GET"]}}],"collection":[{"href":"https:\/\/www.ess-rv.de\/index.php?rest_route=\/wp\/v2\/pages"}],"about":[{"href":"https:\/\/www.ess-rv.de\/index.php?rest_route=\/wp\/v2\/types\/page"}],"author":[{"embeddable":true,"href":"https:\/\/www.ess-rv.de\/index.php?rest_route=\/wp\/v2\/users\/3"}],"replies":[{"embeddable":true,"href":"https:\/\/www.ess-rv.de\/index.php?rest_route=%2Fwp%2Fv2%2Fcomments&post=45"}],"version-history":[{"count":15,"href":"https:\/\/www.ess-rv.de\/index.php?rest_route=\/wp\/v2\/pages\/45\/revisions"}],"predecessor-version":[{"id":8657,"href":"https:\/\/www.ess-rv.de\/index.php?rest_route=\/wp\/v2\/pages\/45\/revisions\/8657"}],"up":[{"embeddable":true,"href":"https:\/\/www.ess-rv.de\/index.php?rest_route=\/wp\/v2\/pages\/301"}],"wp:attachment":[{"href":"https:\/\/www.ess-rv.de\/index.php?rest_route=%2Fwp%2Fv2%2Fmedia&parent=45"}],"curies":[{"name":"wp","href":"https:\/\/api.w.org\/{rel}","templated":true}]}}

<div class="link-anmeldung"><a href="http://www.ess-rv.de/?page_id=4699">Anmeldung</a></div>
<p>Das AVdual ist ein ganz besonderes Jahr, eine ideale Schulchance zwischen Hauptschule, Werkrealschule, Ausbildung oder einer weiterführenden Schule.</p>
<p>Im AVdual erhalten Sie die individuelle Unterstützung, die Sie benötigen, um eine Ausbildung beginnen zu können. Dazu leisten Sie Praktika ab, die von der Schule unterstützt und begleitet werden.</p>
<p>Für gute und motivierte Schülerinnen und Schüler bietet sich nach dem 1. Jahr AVdual die Möglichkeit, nach einem weiteren Schuljahr in einer 2 jährigen Berufsfachschule (2 BFS) mit dem Schwerpunkt „Gesundheit und Pflege“ oder „Ernährung und Hauswirtschaft“, die Fachschulreife (mittlerer Bildungsabschluss) zu erreichen.</p>
<p><img loading="lazy" decoding="async" class="alignnone wp-image-8655 size-full no-border" src="https://www.ess-rv.de/wp-content/uploads/2024/02/avdual-bfs.png" alt="" width="1240" height="472" srcset="https://www.ess-rv.de/wp-content/uploads/2024/02/avdual-bfs.png 1240w, https://www.ess-rv.de/wp-content/uploads/2024/02/avdual-bfs-300x114.png 300w, https://www.ess-rv.de/wp-content/uploads/2024/02/avdual-bfs-1024x390.png 1024w, https://www.ess-rv.de/wp-content/uploads/2024/02/avdual-bfs-768x292.png 768w" sizes="auto, (max-width: 1240px) 100vw, 1240px" /></p>
<div data-post-id="4692" class="insert-page insert-page-4692 "><h3>Alle Berufsfachschulen und Berufsvorbereitenden Schulen befinden sich am Standort Ravensburg</h3>
<ul>
<li><a href="http://www.ess-rv.de/?page_id=6506">Ausbildungvorbereitung dual (AVdual)</a></li>
<li><a title="Berufsfachschule – Hauswirtschaft und Ernährung" href="http://www.ess-rv.de/?page_id=104">Berufsfachschule Bereich Ernährung und Gesundheit,<br />
Profil Hauswirtschaft und Ernährung (2BFH)</a></li>
<li><a title="Berufsfachschule Profil Gesundheit und Pflege" href="http://www.ess-rv.de/?page_id=142">Berufsfachschule Bereich Ernährung und Gesundheit,<br />
Profil Gesundheit und Pflege (2BFP)</a></li>
<li><a title="Berufsfachschule für sozialpädagogische Assistenz" href="http://www.ess-rv.de/?page_id=148">Berufsfachschule für sozialpädagogische Assistenz</a></li>
<li><a href="https://www.ess-rv.de/?page_id=117" title="VABO">Vorqualifizierung Arbeit/Beruf zum Erwerb von Deutschkenntnissen (VABO)</a></li>
</ul>
</div>

<p>Anmeldung Das AVdual ist ein ganz besonderes Jahr, eine ideale Schulchance zwischen Hauptschule, Werkrealschule, Ausbildung oder einer weiterführenden Schule. Im AVdual erhalten Sie die individuelle Unterstützung, die Sie benötigen, um eine Ausbildung beginnen zu können. Dazu leisten Sie Praktika ab, die von der Schule unterstützt und begleitet werden. Für gute und motivierte Schülerinnen und Schüler &hellip; <a href="https://www.ess-rv.de/?page_id=45" class="more-link"><span class="screen-reader-text">Berufsfachschule mit AVdual</span> weiterlesen <span class="meta-nav">&rarr;</span></a></p>
