{"id":4605,"date":"2017-10-27T21:21:48","date_gmt":"2017-10-27T19:21:48","guid":{"rendered":"http:\/\/www.ess-rv.de\/?page_id=4605"},"modified":"2021-01-09T12:24:21","modified_gmt":"2021-01-09T11:24:21","slug":"aktuelle-beitraege-aus-den-beruflichen-gymnasien","status":"publish","type":"page","link":"https:\/\/www.ess-rv.de\/?page_id=4605","title":{"rendered":"Aktuelle Beitr\u00e4ge aus den Beruflichen Gymnasien"},"content":{"rendered":"<!-- NOTE: If you need to make changes to this file, copy it to your current theme's main\n\tdirectory so your changes won't be overwritten when the plugin is upgraded. -->\n<!-- Start of Post Wrap -->\n<div class=\"post hentry ivycat-post\">\n\t<!-- This is the output of the post TITLE -->\n\t<h2 class=\"entry-title\"><a href=\"https:\/\/www.ess-rv.de\/?p=10296\">\u201eThe winner takes it all\u201c \u2013  Abiball 2026<\/a><\/h2>\n\n\t<!-- This is the output of the EXCERPT -->\n\t<div class=\"entry-summary\">\n\t\t<p>Unter dem Motto \u201eThe winner takes it all\u201c fand der Abiball des Abiturjahrgangs 2026 der Edith-Stein-Schule in der Festhalle Kressbronn statt. Im festlichen Rahmen der Zeugnis\u00fcbergabe wurden einmal die Traumnote 1,0, insgesamt 14 Preise, 16 Belobigungen sowie zahlreiche Sonderpreise verliehen. Und f\u00fcr jede Sch\u00fclerin und jeden Sch\u00fcler gab es eine Rose.<\/p>\n\t<\/div>\n\n\t<!-- This is the output of the META information -->\n\t<div class=\"entry-utility\">\t<\/div>\n<\/div>\n<!-- \/\/ End of Post Wrap -->\n<!-- NOTE: If you need to make changes to this file, copy it to your current theme's main\n\tdirectory so your changes won't be overwritten when the plugin is upgraded. -->\n<!-- Start of Post Wrap -->\n<div class=\"post hentry ivycat-post\">\n\t<!-- This is the output of the post TITLE -->\n\t<h2 class=\"entry-title\"><a href=\"https:\/\/www.ess-rv.de\/?p=10265\">Croquetas, empanadas, pico del gallo und weitere spanische Gerichte<\/a><\/h2>\n\n\t<!-- This is the output of the EXCERPT -->\n\t<div class=\"entry-summary\">\n\t\t<p>Fast schon ist es Tradition: am Ende des Schuljahres und am Ende ihrer Schulzeit treffen sich Sch\u00fclerinnen und Sch\u00fcler aus den Spanischkursen der Jahrgangsstufe 2 zum gemeinsamen Kochen. Jede Gruppe w\u00e4hlt im Vornehinein die Tapas (manchmal schummeln sich auch s\u00fcdamerikanische Gerichte dazwischen) aus, die sie gerne kochen und anschlie\u00dfend gemeinsam essen werden.<\/p>\n\t<\/div>\n\n\t<!-- This is the output of the META information -->\n\t<div class=\"entry-utility\">\t<\/div>\n<\/div>\n<!-- \/\/ End of Post Wrap -->\n<!-- NOTE: If you need to make changes to this file, copy it to your current theme's main\n\tdirectory so your changes won't be overwritten when the plugin is upgraded. -->\n<!-- Start of Post Wrap -->\n<div class=\"post hentry ivycat-post\">\n\t<!-- This is the output of the post TITLE -->\n\t<h2 class=\"entry-title\"><a href=\"https:\/\/www.ess-rv.de\/?p=10211\">Edith-Stein-Schule war dabei<\/a><\/h2>\n\n\t<!-- This is the output of the EXCERPT -->\n\t<div class=\"entry-summary\">\n\t\t<p>Stadt-Land-Future: Zwei Ministerien und die Uni Hohenheim w\u00fcrdigen engagierte Sch\u00fcler und Sch\u00fclerinnen f\u00fcr ihre Forschungsarbeit in den Naturwissenschaften. Mit Ideenreichtum, Fachkenntnis und gro\u00dfer Lust auf Zukunft: Die Edith-Stein-Schule pr\u00e4sentierte im Rahmen des landesweiten Bildungsprojekts Stadt-Land-Future die vielf\u00e4ltigen Projekte der Sch\u00fclerinnen des Seminarkurses der Jahrgangsstufe 12 an der Universit\u00e4t Hohenheim \u2013 eingeladen von gleich zwei Ministerien &hellip; <a href=\"https:\/\/www.ess-rv.de\/?p=10211\" class=\"more-link\"><span class=\"screen-reader-text\">Edith-Stein-Schule war dabei<\/span> weiterlesen <span class=\"meta-nav\">&rarr;<\/span><\/a><\/p>\n\t<\/div>\n\n\t<!-- This is the output of the META information -->\n\t<div class=\"entry-utility\">\t<\/div>\n<\/div>\n<!-- \/\/ End of Post Wrap -->\n<!-- NOTE: If you need to make changes to this file, copy it to your current theme's main\n\tdirectory so your changes won't be overwritten when the plugin is upgraded. -->\n<!-- Start of Post Wrap -->\n<div class=\"post hentry ivycat-post\">\n\t<!-- This is the output of the post TITLE -->\n\t<h2 class=\"entry-title\"><a href=\"https:\/\/www.ess-rv.de\/?p=10205\">1. Platz f\u00fcr unser Kletterteam<\/a><\/h2>\n\n\t<!-- This is the output of the EXCERPT -->\n\t<div class=\"entry-summary\">\n\t\t<p>Am Baden-W\u00fcrttemberg-Finale von \u201eJugend trainiert f\u00fcr Olympia\u201c in Stuttgart hatten wir einen richtig tollen Tag. Die Stimmung war von Anfang an super und alle waren motiviert und gut gelaunt. W\u00e4hrend des Wettkampfs haben wir unser Bestes gegeben und als Team sehr gut zusammengearbeitet. Es gab viele spannende Momente, aber auch jede Menge lustige Situationen, \u00fcber &hellip; <a href=\"https:\/\/www.ess-rv.de\/?p=10205\" class=\"more-link\"><span class=\"screen-reader-text\">1. Platz f\u00fcr unser Kletterteam<\/span> weiterlesen <span class=\"meta-nav\">&rarr;<\/span><\/a><\/p>\n\t<\/div>\n\n\t<!-- This is the output of the META information -->\n\t<div class=\"entry-utility\">\t<\/div>\n<\/div>\n<!-- \/\/ End of Post Wrap -->\n<!-- NOTE: If you need to make changes to this file, copy it to your current theme's main\n\tdirectory so your changes won't be overwritten when the plugin is upgraded. -->\n<!-- Start of Post Wrap -->\n<div class=\"post hentry ivycat-post\">\n\t<!-- This is the output of the post TITLE -->\n\t<h2 class=\"entry-title\"><a href=\"https:\/\/www.ess-rv.de\/?p=10178\">F\u00fcnfter Platz beim Bundeswettbewerb Jugend forscht<\/a><\/h2>\n\n\t<!-- This is the output of the EXCERPT -->\n\t<div class=\"entry-summary\">\n\t\t<p>\u00dcber Marah Stehle und Dennis Schneider aus dem biotechnologischen Gymnasium wurde auf unserer Schulhomepage bereits berichtet \u2013 nun folgt ein weiterer H\u00f6hepunkt: Mit ihrem Projekt \u201eTorf ade \u2013 Damit auch Pflanzen ein gutes Gewissen haben\u201c erreichen sie beim Bundeswettbewerb \u201eJugend forscht\u201c einen grandiosen 5. Platz unter den besten MINT-Talenten Deutschlands. Die beiden entwickeln torffreie Kultursubstrate &hellip; <a href=\"https:\/\/www.ess-rv.de\/?p=10178\" class=\"more-link\"><span class=\"screen-reader-text\">F\u00fcnfter Platz beim Bundeswettbewerb Jugend forscht<\/span> weiterlesen <span class=\"meta-nav\">&rarr;<\/span><\/a><\/p>\n\t<\/div>\n\n\t<!-- This is the output of the META information -->\n\t<div class=\"entry-utility\">\t<\/div>\n<\/div>\n<!-- \/\/ End of Post Wrap -->\n\n","protected":false},"excerpt":{"rendered":"","protected":false},"author":3,"featured_media":0,"parent":9,"menu_order":2107,"comment_status":"closed","ping_status":"closed","template":"","meta":{"footnotes":"","_links_to":"","_links_to_target":""},"class_list":["post-4605","page","type-page","status-publish","hentry"],"_links":{"self":[{"href":"https:\/\/www.ess-rv.de\/index.php?rest_route=\/wp\/v2\/pages\/4605","targetHints":{"allow":["GET"]}}],"collection":[{"href":"https:\/\/www.ess-rv.de\/index.php?rest_route=\/wp\/v2\/pages"}],"about":[{"href":"https:\/\/www.ess-rv.de\/index.php?rest_route=\/wp\/v2\/types\/page"}],"author":[{"embeddable":true,"href":"https:\/\/www.ess-rv.de\/index.php?rest_route=\/wp\/v2\/users\/3"}],"replies":[{"embeddable":true,"href":"https:\/\/www.ess-rv.de\/index.php?rest_route=%2Fwp%2Fv2%2Fcomments&post=4605"}],"version-history":[{"count":1,"href":"https:\/\/www.ess-rv.de\/index.php?rest_route=\/wp\/v2\/pages\/4605\/revisions"}],"predecessor-version":[{"id":4606,"href":"https:\/\/www.ess-rv.de\/index.php?rest_route=\/wp\/v2\/pages\/4605\/revisions\/4606"}],"up":[{"embeddable":true,"href":"https:\/\/www.ess-rv.de\/index.php?rest_route=\/wp\/v2\/pages\/9"}],"wp:attachment":[{"href":"https:\/\/www.ess-rv.de\/index.php?rest_route=%2Fwp%2Fv2%2Fmedia&parent=4605"}],"curies":[{"name":"wp","href":"https:\/\/api.w.org\/{rel}","templated":true}]}}

Aktuelle Beiträge aus den Beruflichen Gymnasien

<!-- NOTE: If you need to make changes to this file, copy it to your current theme's main
	directory so your changes won't be overwritten when the plugin is upgraded. -->
<!-- Start of Post Wrap -->
<div class="post hentry ivycat-post">
	<!-- This is the output of the post TITLE -->
	<h2 class="entry-title"><a href="https://www.ess-rv.de/?p=10296">„The winner takes it all“ –  Abiball 2026</a></h2>

	<!-- This is the output of the EXCERPT -->
	<div class="entry-summary">
		<p>Unter dem Motto „The winner takes it all“ fand der Abiball des Abiturjahrgangs 2026 der Edith-Stein-Schule in der Festhalle Kressbronn statt. Im festlichen Rahmen der Zeugnisübergabe wurden einmal die Traumnote 1,0, insgesamt 14 Preise, 16 Belobigungen sowie zahlreiche Sonderpreise verliehen. Und für jede Schülerin und jeden Schüler gab es eine Rose.</p>
	</div>

	<!-- This is the output of the META information -->
	<div class="entry-utility">	</div>
</div>
<!-- // End of Post Wrap -->
<!-- NOTE: If you need to make changes to this file, copy it to your current theme's main
	directory so your changes won't be overwritten when the plugin is upgraded. -->
<!-- Start of Post Wrap -->
<div class="post hentry ivycat-post">
	<!-- This is the output of the post TITLE -->
	<h2 class="entry-title"><a href="https://www.ess-rv.de/?p=10265">Croquetas, empanadas, pico del gallo und weitere spanische Gerichte</a></h2>

	<!-- This is the output of the EXCERPT -->
	<div class="entry-summary">
		<p>Fast schon ist es Tradition: am Ende des Schuljahres und am Ende ihrer Schulzeit treffen sich Schülerinnen und Schüler aus den Spanischkursen der Jahrgangsstufe 2 zum gemeinsamen Kochen. Jede Gruppe wählt im Vornehinein die Tapas (manchmal schummeln sich auch südamerikanische Gerichte dazwischen) aus, die sie gerne kochen und anschließend gemeinsam essen werden.</p>
	</div>

	<!-- This is the output of the META information -->
	<div class="entry-utility">	</div>
</div>
<!-- // End of Post Wrap -->
<!-- NOTE: If you need to make changes to this file, copy it to your current theme's main
	directory so your changes won't be overwritten when the plugin is upgraded. -->
<!-- Start of Post Wrap -->
<div class="post hentry ivycat-post">
	<!-- This is the output of the post TITLE -->
	<h2 class="entry-title"><a href="https://www.ess-rv.de/?p=10211">Edith-Stein-Schule war dabei</a></h2>

	<!-- This is the output of the EXCERPT -->
	<div class="entry-summary">
		<p>Stadt-Land-Future: Zwei Ministerien und die Uni Hohenheim würdigen engagierte Schüler und Schülerinnen für ihre Forschungsarbeit in den Naturwissenschaften. Mit Ideenreichtum, Fachkenntnis und großer Lust auf Zukunft: Die Edith-Stein-Schule präsentierte im Rahmen des landesweiten Bildungsprojekts Stadt-Land-Future die vielfältigen Projekte der Schülerinnen des Seminarkurses der Jahrgangsstufe 12 an der Universität Hohenheim – eingeladen von gleich zwei Ministerien &hellip; <a href="https://www.ess-rv.de/?p=10211" class="more-link"><span class="screen-reader-text">Edith-Stein-Schule war dabei</span> weiterlesen <span class="meta-nav">&rarr;</span></a></p>
	</div>

	<!-- This is the output of the META information -->
	<div class="entry-utility">	</div>
</div>
<!-- // End of Post Wrap -->
<!-- NOTE: If you need to make changes to this file, copy it to your current theme's main
	directory so your changes won't be overwritten when the plugin is upgraded. -->
<!-- Start of Post Wrap -->
<div class="post hentry ivycat-post">
	<!-- This is the output of the post TITLE -->
	<h2 class="entry-title"><a href="https://www.ess-rv.de/?p=10205">1. Platz für unser Kletterteam</a></h2>

	<!-- This is the output of the EXCERPT -->
	<div class="entry-summary">
		<p>Am Baden-Württemberg-Finale von „Jugend trainiert für Olympia“ in Stuttgart hatten wir einen richtig tollen Tag. Die Stimmung war von Anfang an super und alle waren motiviert und gut gelaunt. Während des Wettkampfs haben wir unser Bestes gegeben und als Team sehr gut zusammengearbeitet. Es gab viele spannende Momente, aber auch jede Menge lustige Situationen, über &hellip; <a href="https://www.ess-rv.de/?p=10205" class="more-link"><span class="screen-reader-text">1. Platz für unser Kletterteam</span> weiterlesen <span class="meta-nav">&rarr;</span></a></p>
	</div>

	<!-- This is the output of the META information -->
	<div class="entry-utility">	</div>
</div>
<!-- // End of Post Wrap -->
<!-- NOTE: If you need to make changes to this file, copy it to your current theme's main
	directory so your changes won't be overwritten when the plugin is upgraded. -->
<!-- Start of Post Wrap -->
<div class="post hentry ivycat-post">
	<!-- This is the output of the post TITLE -->
	<h2 class="entry-title"><a href="https://www.ess-rv.de/?p=10178">Fünfter Platz beim Bundeswettbewerb Jugend forscht</a></h2>

	<!-- This is the output of the EXCERPT -->
	<div class="entry-summary">
		<p>Über Marah Stehle und Dennis Schneider aus dem biotechnologischen Gymnasium wurde auf unserer Schulhomepage bereits berichtet – nun folgt ein weiterer Höhepunkt: Mit ihrem Projekt „Torf ade – Damit auch Pflanzen ein gutes Gewissen haben“ erreichen sie beim Bundeswettbewerb „Jugend forscht“ einen grandiosen 5. Platz unter den besten MINT-Talenten Deutschlands. Die beiden entwickeln torffreie Kultursubstrate &hellip; <a href="https://www.ess-rv.de/?p=10178" class="more-link"><span class="screen-reader-text">Fünfter Platz beim Bundeswettbewerb Jugend forscht</span> weiterlesen <span class="meta-nav">&rarr;</span></a></p>
	</div>

	<!-- This is the output of the META information -->
	<div class="entry-utility">	</div>
</div>
<!-- // End of Post Wrap -->
