{"id":4638,"date":"2017-10-30T20:42:39","date_gmt":"2017-10-30T19:42:39","guid":{"rendered":"http:\/\/www.ess-rv.de\/?page_id=4638"},"modified":"2023-09-27T11:38:00","modified_gmt":"2023-09-27T09:38:00","slug":"uebersicht-berufskolleg","status":"publish","type":"page","link":"https:\/\/www.ess-rv.de\/?page_id=4638","title":{"rendered":"\u00dcbersicht Berufskolleg"},"content":{"rendered":"<h3>Alle Berufskollegs befinden sich am Standort Ravensburg<\/h3>\n<ul>\n<li><a title=\"Duales Berufskolleg Fachrichtung Soziales\" href=\"http:\/\/www.ess-rv.de\/?page_id=123\">Duales Berufskolleg Fachrichtung Soziales (1BKST)<\/a><\/li>\n<li><a title=\"Berufskolleg f\u00fcr Gesundheit und Pflege\" href=\"http:\/\/www.ess-rv.de\/?page_id=131\">Berufskolleg f\u00fcr Gesundheit und Pflege (1BKP)<\/a><\/li>\n<li><a title=\"Berufskolleg f\u00fcr Ern\u00e4hrung und Haushaltsmanagement\" href=\"http:\/\/www.ess-rv.de\/?page_id=8014\"><span style=\"color:#f00\">Neu:<\/span> Berufskolleg f\u00fcr Ern\u00e4hrung und Haushaltsmanagement (2BKEH)<\/a><\/li>\n<li><a title=\"Berufskolleg zur Erlangung der Fachhochschulreife\" href=\"http:\/\/www.ess-rv.de\/?page_id=137\">Berufskolleg zur Erlangung der Fachhochschulreife (1BKFH)<\/a><\/li>\n<\/ul>\n<p><!--\n\n<li><a title=\"Berufskolleg Ern\u00e4hrung und Erziehung\" href=\"http:\/\/www.ess-rv.de\/?page_id=127\">Berufskolleg Ern\u00e4hrung und Erziehung (1BKEE)<\/a><\/li>\n\n\n\t\n\n<li><a title=\"Berufskolleg f\u00fcr Ern\u00e4hrung und Hauswirtschaft II\" href=\"http:\/\/www.ess-rv.de\/?page_id=134\">Berufskolleg f\u00fcr Ern\u00e4hrung und Hauswirtschaft (2BKH)<\/a><\/li>\n\n--><\/p>\n","protected":false},"excerpt":{"rendered":"<p>Alle Berufskollegs befinden sich am Standort Ravensburg Duales Berufskolleg Fachrichtung Soziales (1BKST) Berufskolleg f\u00fcr Gesundheit und Pflege (1BKP) Neu: Berufskolleg f\u00fcr Ern\u00e4hrung und Haushaltsmanagement (2BKEH) Berufskolleg zur Erlangung der Fachhochschulreife (1BKFH)<\/p>\n","protected":false},"author":3,"featured_media":0,"parent":49,"menu_order":227,"comment_status":"closed","ping_status":"closed","template":"","meta":{"footnotes":"","_links_to":"","_links_to_target":""},"class_list":["post-4638","page","type-page","status-publish","hentry"],"_links":{"self":[{"href":"https:\/\/www.ess-rv.de\/index.php?rest_route=\/wp\/v2\/pages\/4638","targetHints":{"allow":["GET"]}}],"collection":[{"href":"https:\/\/www.ess-rv.de\/index.php?rest_route=\/wp\/v2\/pages"}],"about":[{"href":"https:\/\/www.ess-rv.de\/index.php?rest_route=\/wp\/v2\/types\/page"}],"author":[{"embeddable":true,"href":"https:\/\/www.ess-rv.de\/index.php?rest_route=\/wp\/v2\/users\/3"}],"replies":[{"embeddable":true,"href":"https:\/\/www.ess-rv.de\/index.php?rest_route=%2Fwp%2Fv2%2Fcomments&post=4638"}],"version-history":[{"count":12,"href":"https:\/\/www.ess-rv.de\/index.php?rest_route=\/wp\/v2\/pages\/4638\/revisions"}],"predecessor-version":[{"id":8322,"href":"https:\/\/www.ess-rv.de\/index.php?rest_route=\/wp\/v2\/pages\/4638\/revisions\/8322"}],"up":[{"embeddable":true,"href":"https:\/\/www.ess-rv.de\/index.php?rest_route=\/wp\/v2\/pages\/49"}],"wp:attachment":[{"href":"https:\/\/www.ess-rv.de\/index.php?rest_route=%2Fwp%2Fv2%2Fmedia&parent=4638"}],"curies":[{"name":"wp","href":"https:\/\/api.w.org\/{rel}","templated":true}]}}