{"id":4803,"date":"2017-12-04T08:55:52","date_gmt":"2017-12-04T07:55:52","guid":{"rendered":"http:\/\/www.ess-rv.de\/?page_id=4803"},"modified":"2017-12-04T09:30:25","modified_gmt":"2017-12-04T08:30:25","slug":"kooperation-mit-achtalschule","status":"publish","type":"page","link":"https:\/\/www.ess-rv.de\/?page_id=4803","title":{"rendered":"Kooperation mit Achtalschule"},"content":{"rendered":"<h2>Welches Ereignis fand am 28.09.2017 statt?<\/h2>\n<p>Die Edith-Stein-Schule und die Achtalschule haben im Baienfurter Rathaus die Vereinbarung \u00fcber eine \u201erichtungsweisende Bildungskooperation\u201c unterzeichnet. Damit bieten wir einen weiteren Baustein f\u00fcr eine erfolgreiche Schullaufbahn.<\/p>\n<p><a href=\"http:\/\/szo.de\/_arid,10747516\" target=\"_blank\" rel=\"noopener\">Artikel in der Schw\u00e4bischen Zeitung vom 05.10.2017<\/a><\/p>\n<h2>Was sind unsere gemeinsamen Ziele?<\/h2>\n<p>Wir m\u00f6chten den Sch\u00fclerinnen und Sch\u00fclern der Achtalschule<\/p>\n<ul>\n<li>einen erfolgreichen \u00dcbergang an unsere Schule erm\u00f6glichen.<\/li>\n<li>berufliche Perspektiven vermitteln.<\/li>\n<\/ul>\n<h2>Wie wollen wir diese Ziele erreichen?<\/h2>\n<p>Folgende Aktivit\u00e4ten finden statt:<\/p>\n<ul>\n<li>Information \u00fcber das berufliche Bildungsangebot an der Edith-Stein-Schule bei Elternabenden an der Achtalschule.<\/li>\n<li>J\u00e4hrliche Beratung der Abschlussklassen \u00fcber die schulischen Weiter- und Ausbildungsm\u00f6glichkeiten.<\/li>\n<li>Die Sch\u00fclerinnen und Sch\u00fcler der Achtalschule k\u00f6nnen am Unterricht der verschiedenen Schularten an der Edith-Stein-Schule teilnehmen.<\/li>\n<li>Sie k\u00f6nnen an F\u00f6rderkursen in Englisch und Mathematik an der Edith-Stein-Schule mitmachen.<\/li>\n<li>Sie erhalten Einladungen zu Veranstaltungen an unserer Schule z.B. zum \u201eNairobi Hope Theatre\u201c.<\/li>\n<li>Gemeinsame Projekte werden durchgef\u00fchrt.<\/li>\n<li>Lehrkr\u00e4fte beider Schulen nehmen gegenseitig an Pr\u00fcfungen teil.<\/li>\n<li>Der Austausch von Lehrerinnen und Lehrern wird angestrebt.<\/li>\n<\/ul>\n","protected":false},"excerpt":{"rendered":"<p>Welches Ereignis fand am 28.09.2017 statt? Die Edith-Stein-Schule und die Achtalschule haben im Baienfurter Rathaus die Vereinbarung \u00fcber eine \u201erichtungsweisende Bildungskooperation\u201c unterzeichnet. Damit bieten wir einen weiteren Baustein f\u00fcr eine erfolgreiche Schullaufbahn. Artikel in der Schw\u00e4bischen Zeitung vom 05.10.2017 Was sind unsere gemeinsamen Ziele? Wir m\u00f6chten den Sch\u00fclerinnen und Sch\u00fclern der Achtalschule einen erfolgreichen \u00dcbergang &hellip; <a href=\"https:\/\/www.ess-rv.de\/?page_id=4803\" class=\"more-link\"><span class=\"screen-reader-text\">Kooperation mit Achtalschule<\/span> weiterlesen <span class=\"meta-nav\">&rarr;<\/span><\/a><\/p>\n","protected":false},"author":3,"featured_media":0,"parent":331,"menu_order":140,"comment_status":"closed","ping_status":"closed","template":"","meta":{"footnotes":"","_links_to":"","_links_to_target":""},"class_list":["post-4803","page","type-page","status-publish","hentry"],"_links":{"self":[{"href":"https:\/\/www.ess-rv.de\/index.php?rest_route=\/wp\/v2\/pages\/4803","targetHints":{"allow":["GET"]}}],"collection":[{"href":"https:\/\/www.ess-rv.de\/index.php?rest_route=\/wp\/v2\/pages"}],"about":[{"href":"https:\/\/www.ess-rv.de\/index.php?rest_route=\/wp\/v2\/types\/page"}],"author":[{"embeddable":true,"href":"https:\/\/www.ess-rv.de\/index.php?rest_route=\/wp\/v2\/users\/3"}],"replies":[{"embeddable":true,"href":"https:\/\/www.ess-rv.de\/index.php?rest_route=%2Fwp%2Fv2%2Fcomments&post=4803"}],"version-history":[{"count":4,"href":"https:\/\/www.ess-rv.de\/index.php?rest_route=\/wp\/v2\/pages\/4803\/revisions"}],"predecessor-version":[{"id":4810,"href":"https:\/\/www.ess-rv.de\/index.php?rest_route=\/wp\/v2\/pages\/4803\/revisions\/4810"}],"up":[{"embeddable":true,"href":"https:\/\/www.ess-rv.de\/index.php?rest_route=\/wp\/v2\/pages\/331"}],"wp:attachment":[{"href":"https:\/\/www.ess-rv.de\/index.php?rest_route=%2Fwp%2Fv2%2Fmedia&parent=4803"}],"curies":[{"name":"wp","href":"https:\/\/api.w.org\/{rel}","templated":true}]}}