{"id":49,"date":"2014-02-03T18:01:36","date_gmt":"2014-02-03T16:01:36","guid":{"rendered":"https:\/\/intern.hls.rv.bw.schule.de\/secure\/?page_id=49"},"modified":"2022-11-24T14:38:43","modified_gmt":"2022-11-24T13:38:43","slug":"berufskolleg","status":"publish","type":"page","link":"https:\/\/www.ess-rv.de\/?page_id=49","title":{"rendered":"Berufskolleg"},"content":{"rendered":"<div data-post-id=\"8050\" class=\"insert-page insert-page-8050 \"><div class=\"highlight\">Die Berufskollegs f\u00fcr Ern\u00e4hrung und Erziehung (1BKEE) und f\u00fcr Ern\u00e4hrung und Hauswirtschaft (2BKH) werden ab dem Schuljahr 2023\/2024 nicht mehr angeboten.<\/p>\n<p>Informationen zum neu angebotenen <a href=\"http:\/\/www.ess-rv.de\/?page_id=8014\">Berufskolleg f\u00fcr Ern\u00e4hrung und Haushaltsmanagement (2BKEH)<\/a> finden Sie <a href=\"http:\/\/www.ess-rv.de\/?page_id=8014\">hier<\/a><\/div>\n<\/div>\n<p><img loading=\"lazy\" decoding=\"async\" src=\"http:\/\/www.ess-rv.de\/wp-content\/uploads\/2022\/11\/berufskolleg_map.png\" alt=\"\" width=\"664\" height=\"485\" class=\"alignnone size-full wp-image-8057 no-border\" usemap=\"#bk_map\" srcset=\"https:\/\/www.ess-rv.de\/wp-content\/uploads\/2022\/11\/berufskolleg_map.png 664w, https:\/\/www.ess-rv.de\/wp-content\/uploads\/2022\/11\/berufskolleg_map-300x219.png 300w\" sizes=\"auto, (max-width: 664px) 100vw, 664px\" \/><\/p>\n<map name=\"bk_map\">\n<area shape=\"rect\" coords=\"5,20,205,190\" alt=\"1BK1P\" href=\"http:\/\/www.ess-rv.de\/?page_id=131\">\n<area shape=\"rect\" coords=\"230,20,435,190\" alt=\"1BKEH\" href=\"http:\/\/www.ess-rv.de\/?page_id=8014\">\n<area shape=\"rect\" coords=\"450,20,655,80\" alt=\"1BKST\" href=\"http:\/\/www.ess-rv.de\/?page_id=123\">\n<area shape=\"rect\" coords=\"450,130,655,190\" alt=\"1BKFH\" href=\"http:\/\/www.ess-rv.de\/?page_id=137\">\n<area shape=\"rect\" coords=\"230,335,435,400\" alt=\"1BKEH\" href=\"http:\/\/www.ess-rv.de\/?page_id=8014\">\n<\/map>\n<p><!--<iframe width=\"662\" src=\"https:\/\/www.youtube-nocookie.com\/embed\/_I1q8Z6T6Kw\" frameborder=\"0\" allow=\"accelerometer; autoplay; clipboard-write; encrypted-media; gyroscope; picture-in-picture\" allowfullscreen><\/iframe>\n\n\n\n<ul>\n\t\n\n<li><a href=\"https:\/\/youtu.be\/-giLoKH_iSk\" target=\"_blank\" rel=\"noopener\">Blaue S\u00e4ule<\/a><\/li>\n\n\n\t\n\n<li><a href=\"https:\/\/youtu.be\/vqjpNjjR8tc\" target=\"_blank\" rel=\"noopener\">Gr\u00fcne S\u00e4ule<\/a><\/li>\n\n\n\t\n\n<li><a href=\"https:\/\/youtu.be\/eq6qyg9CmQM\" target=\"_blank\" rel=\"noopener\">Rote S\u00e4ule<\/a><\/li>\n\n\n<\/ul>\n\n\n<a href=\"http:\/\/www.ess-rv.de\/wp-content\/uploads\/2021\/01\/bk_info.pdf\">Download Informationen zum Berufskolleg<\/a>--><br \/>\n<div data-post-id=\"4638\" class=\"insert-page insert-page-4638 \"><h3>Alle Berufskollegs befinden sich am Standort Ravensburg<\/h3>\n<ul>\n<li><a title=\"Duales Berufskolleg Fachrichtung Soziales\" href=\"http:\/\/www.ess-rv.de\/?page_id=123\">Duales Berufskolleg Fachrichtung Soziales (1BKST)<\/a><\/li>\n<li><a title=\"Berufskolleg f\u00fcr Gesundheit und Pflege\" href=\"http:\/\/www.ess-rv.de\/?page_id=131\">Berufskolleg f\u00fcr Gesundheit und Pflege (1BKP)<\/a><\/li>\n<li><a title=\"Berufskolleg f\u00fcr Ern\u00e4hrung und Haushaltsmanagement\" href=\"http:\/\/www.ess-rv.de\/?page_id=8014\"><span style=\"color:#f00\">Neu:<\/span> Berufskolleg f\u00fcr Ern\u00e4hrung und Haushaltsmanagement (2BKEH)<\/a><\/li>\n<li><a title=\"Berufskolleg zur Erlangung der Fachhochschulreife\" href=\"http:\/\/www.ess-rv.de\/?page_id=137\">Berufskolleg zur Erlangung der Fachhochschulreife (1BKFH)<\/a><\/li>\n<\/ul>\n<p><!--\n\n<li><a title=\"Berufskolleg Ern\u00e4hrung und Erziehung\" href=\"http:\/\/www.ess-rv.de\/?page_id=127\">Berufskolleg Ern\u00e4hrung und Erziehung (1BKEE)<\/a><\/li>\n\n\n\t\n\n<li><a title=\"Berufskolleg f\u00fcr Ern\u00e4hrung und Hauswirtschaft II\" href=\"http:\/\/www.ess-rv.de\/?page_id=134\">Berufskolleg f\u00fcr Ern\u00e4hrung und Hauswirtschaft (2BKH)<\/a><\/li>\n\n--><\/p>\n<\/div><\/p>\n<hr>\n<div class=\"link-anmeldung\"><a href=\"http:\/\/www.ess-rv.de\/?page_id=4648\">Anmeldung<\/a><\/div>\n<h2><strong>Die Br\u00fccke zwischen Theorie und Praxis<\/strong><\/h2>\n<p><strong>Berufskollegs sind die ideale L\u00f6sung f\u00fcr Jugendliche, die einen Mittleren Bildungsabschluss haben und sich nicht nur den ganzen Tag mit Theorie besch\u00e4ftigen sondern selbst praktisch t\u00e4tig sein wollen.<\/strong><\/p>\n<p>In Berufskollegs hat die praktische Ausbildung einen hohen Stellenwert, so dass unsere Sch\u00fclerinnen und Sch\u00fcler theoretisch Erlerntes gleich in die Tat umsetzen k\u00f6nnen. In einer gut ausgestatteten Gro\u00dfk\u00fcche, in Textil- und Werkr\u00e4umen, in modernen Computerr\u00e4umen, Labors und in Pfleger\u00e4umen wird produziert, gestaltet, recherchiert, analysiert und ge\u00fcbt. Diese praktischen T\u00e4tigkeiten f\u00fchren oftmals zu pers\u00f6nlichen Erfolgserlebnissen, die das Schulleben bereichern. Zus\u00e4tzlich absolvieren sie Praktika (zwischen 70 und 300 Std. pro Schuljahr), die sie je nach Interessenslage in verschiedene Bereiche des t\u00e4glichen Lebens f\u00fchren. Dadurch k\u00f6nnen sie sich beruflich orientieren und ersten Kontakt zu m\u00f6glichen Arbeitgebern aufnehmen.<\/p>\n<p><strong>Die Edith-Stein-Schule bietet Berufskollegs in der Richtung Biologie\/Gesundheit, Ern\u00e4hrung\/Versorgung und Soziales an. Die Schulzeit dauert 2 Jahre und Berufskollegs vermitteln die Fachhochschulreife.<\/strong><\/p>\n<p>Im Bereich Ern\u00e4hrung und Versorgung erwerben die Sch\u00fclerinnen und Sch\u00fcler neben der Fachhochschulreife noch die Berufsausbildung zum Assistenten im hauswirtschaftlichen Betrieb. Sie werden gerne als Assistent der hauswirtschaftlichen Leitung eingestellt, da sie ausgezeichnete Kenntnisse in den Bereichen Einkauf, Verwaltung, Organisation, Gestaltung u.v.m. besitzen. Erfahrungen sammeln sie neben den diversen Praktika in der Juniorfirma der Edith-Stein-Schule, die Kunden aus der freien Wirtschaft beliefert und f\u00fcr deren Erfolg sie verantwortlich sind.\u00a0 Mit Kenntnissen im Servicebereich stehen sie auch der Gastronomie, die vielfach unter Fachkr\u00e4ftemangel leidet, zur Verf\u00fcgung.<\/p>\n<p>Nach Abschluss des Berufskollegs haben die Sch\u00fclerinnen und Sch\u00fcler also die Wahl ins Berufsleben einzusteigen oder ein Studium aufzunehmen.<\/p>\n<p>Gerne ber\u00e4t Sie Maike Kurzawa zur Schulart. Die Kontaktdaten finden Sie rechts.<br \/>\n<div data-post-id=\"4638\" class=\"insert-page insert-page-4638 \"><h3>Alle Berufskollegs befinden sich am Standort Ravensburg<\/h3>\n<ul>\n<li><a title=\"Duales Berufskolleg Fachrichtung Soziales\" href=\"http:\/\/www.ess-rv.de\/?page_id=123\">Duales Berufskolleg Fachrichtung Soziales (1BKST)<\/a><\/li>\n<li><a title=\"Berufskolleg f\u00fcr Gesundheit und Pflege\" href=\"http:\/\/www.ess-rv.de\/?page_id=131\">Berufskolleg f\u00fcr Gesundheit und Pflege (1BKP)<\/a><\/li>\n<li><a title=\"Berufskolleg f\u00fcr Ern\u00e4hrung und Haushaltsmanagement\" href=\"http:\/\/www.ess-rv.de\/?page_id=8014\"><span style=\"color:#f00\">Neu:<\/span> Berufskolleg f\u00fcr Ern\u00e4hrung und Haushaltsmanagement (2BKEH)<\/a><\/li>\n<li><a title=\"Berufskolleg zur Erlangung der Fachhochschulreife\" href=\"http:\/\/www.ess-rv.de\/?page_id=137\">Berufskolleg zur Erlangung der Fachhochschulreife (1BKFH)<\/a><\/li>\n<\/ul>\n<p><!--\n\n<li><a title=\"Berufskolleg Ern\u00e4hrung und Erziehung\" href=\"http:\/\/www.ess-rv.de\/?page_id=127\">Berufskolleg Ern\u00e4hrung und Erziehung (1BKEE)<\/a><\/li>\n\n\n\t\n\n<li><a title=\"Berufskolleg f\u00fcr Ern\u00e4hrung und Hauswirtschaft II\" href=\"http:\/\/www.ess-rv.de\/?page_id=134\">Berufskolleg f\u00fcr Ern\u00e4hrung und Hauswirtschaft (2BKH)<\/a><\/li>\n\n--><\/p>\n<\/div><\/p>\n<h2>Aktuelle Beitr\u00e4ge zum Thema<\/h2>\n<div data-post-id=\"4640\" class=\"insert-page insert-page-4640 \"><!-- NOTE: If you need to make changes to this file, copy it to your current theme's main\n\tdirectory so your changes won't be overwritten when the plugin is upgraded. -->\n<!-- Start of Post Wrap -->\n<div class=\"post hentry ivycat-post\">\n\t<!-- This is the output of the post TITLE -->\n\t<h2 class=\"entry-title\"><a href=\"https:\/\/www.ess-rv.de\/?p=10016\">Juniorwahl zur Landtagswahl 2026<\/a><\/h2>\n\n\t<!-- This is the output of the EXCERPT -->\n\t<div class=\"entry-summary\">\n\t\t<p>In der vergangenen Woche hat unsere Schule an der Juniorwahl teilgenommen und damit Demokratie ganz praktisch erlebbar gemacht. Insgesamt 563 wahlberechtigte Sch\u00fclerinnen und Sch\u00fcler nutzten die Gelegenheit, ihre Stimme abzugeben und den Ablauf einer Wahl realit\u00e4tsnah kennenzulernen. Die Wahl wurde im schulischen Rahmen sorgf\u00e4ltig vorbereitet und durchgef\u00fchrt \u2013 von der Information \u00fcber Parteien und Positionen &hellip; <a href=\"https:\/\/www.ess-rv.de\/?p=10016\" class=\"more-link\"><span class=\"screen-reader-text\">Juniorwahl zur Landtagswahl 2026<\/span> weiterlesen <span class=\"meta-nav\">&rarr;<\/span><\/a><\/p>\n\t<\/div>\n\n\t<!-- This is the output of the META information -->\n\t<div class=\"entry-utility\">\t<\/div>\n<\/div>\n<!-- \/\/ End of Post Wrap -->\n<!-- NOTE: If you need to make changes to this file, copy it to your current theme's main\n\tdirectory so your changes won't be overwritten when the plugin is upgraded. -->\n<!-- Start of Post Wrap -->\n<div class=\"post hentry ivycat-post\">\n\t<!-- This is the output of the post TITLE -->\n\t<h2 class=\"entry-title\"><a href=\"https:\/\/www.ess-rv.de\/?p=10007\">Gesundheitspr\u00e4vention im 1BKFH<\/a><\/h2>\n\n\t<!-- This is the output of the EXCERPT -->\n\t<div class=\"entry-summary\">\n\t\t<p>Im Rahmen ihrer Projektarbeit haben die Sch\u00fclerinnen und Sch\u00fcler der Klasse 1BKFH Workshops zum Thema \u201eGesundheitspr\u00e4vention\u201c durchgef\u00fchrt. Dabei wurden Themen wie \u201eDrogenpr\u00e4vention\u201c, \u201eLongevity\u201c, \u201eDu bist, was du isst\u201c und \u201eMentale Gesundheit\u201c informativ umgesetzt. Mit viel Engagement haben die Workshopleitenden ihr Wissen kreativ vermittelt und so dazu beigetragen, Bewusstsein zu schaffen. Durch die gemeinsame Herstellung gesunder &hellip; <a href=\"https:\/\/www.ess-rv.de\/?p=10007\" class=\"more-link\"><span class=\"screen-reader-text\">Gesundheitspr\u00e4vention im 1BKFH<\/span> weiterlesen <span class=\"meta-nav\">&rarr;<\/span><\/a><\/p>\n\t<\/div>\n\n\t<!-- This is the output of the META information -->\n\t<div class=\"entry-utility\">\t<\/div>\n<\/div>\n<!-- \/\/ End of Post Wrap -->\n<!-- NOTE: If you need to make changes to this file, copy it to your current theme's main\n\tdirectory so your changes won't be overwritten when the plugin is upgraded. -->\n<!-- Start of Post Wrap -->\n<div class=\"post hentry ivycat-post\">\n\t<!-- This is the output of the post TITLE -->\n\t<h2 class=\"entry-title\"><a href=\"https:\/\/www.ess-rv.de\/?p=9896\">\u201eFriede auf Erden, wirklich?!\u201c<\/a><\/h2>\n\n\t<!-- This is the output of the EXCERPT -->\n\t<div class=\"entry-summary\">\n\t\t<p>Unter diesem Motto haben wir uns am letzten Schultag vor den Weihnachtsferien zu einer gemeinsamen Feier versammelt. Der Wunsch nach Frieden ist gro\u00df: 122 Millionen Menschen sind vor verschiedenen Kriegsherden weltweit auf der Flucht; viele von ihnen erhalten weder Hilfe noch Mitgef\u00fchl. Um den Frieden in der Welt ist es momentan nicht gut bestellt, bemerkt &hellip; <a href=\"https:\/\/www.ess-rv.de\/?p=9896\" class=\"more-link\"><span class=\"screen-reader-text\">\u201eFriede auf Erden, wirklich?!\u201c<\/span> weiterlesen <span class=\"meta-nav\">&rarr;<\/span><\/a><\/p>\n\t<\/div>\n\n\t<!-- This is the output of the META information -->\n\t<div class=\"entry-utility\">\t<\/div>\n<\/div>\n<!-- \/\/ End of Post Wrap -->\n<!-- NOTE: If you need to make changes to this file, copy it to your current theme's main\n\tdirectory so your changes won't be overwritten when the plugin is upgraded. -->\n<!-- Start of Post Wrap -->\n<div class=\"post hentry ivycat-post\">\n\t<!-- This is the output of the post TITLE -->\n\t<h2 class=\"entry-title\"><a href=\"https:\/\/www.ess-rv.de\/?p=9879\">Weihnachtspost aus Costa Rica<\/a><\/h2>\n\n\t<!-- This is the output of the EXCERPT -->\n\t<div class=\"entry-summary\">\n\t\t<p>Wir haben eine tolle Weihnachtskarte aus Costa Rica erhalten! Der Guanacaste Dry Forest ist ein Artenschutzgebiet in Costa Rica, dessen Erhalt von unserer Schule mit Spenden unterst\u00fctzt wird. Ein Viertel der Einnahmen des Eine-Welt-Tags spenden wir regelm\u00e4\u00dfig nach Costa Rica. Damit k\u00f6nnen wir den Kinderregenwald und andere Schutzgebiete wie den Guanacaste Dry Forest finanziell unterst\u00fctzen.<\/p>\n\t<\/div>\n\n\t<!-- This is the output of the META information -->\n\t<div class=\"entry-utility\">\t<\/div>\n<\/div>\n<!-- \/\/ End of Post Wrap -->\n<!-- NOTE: If you need to make changes to this file, copy it to your current theme's main\n\tdirectory so your changes won't be overwritten when the plugin is upgraded. -->\n<!-- Start of Post Wrap -->\n<div class=\"post hentry ivycat-post\">\n\t<!-- This is the output of the post TITLE -->\n\t<h2 class=\"entry-title\"><a href=\"https:\/\/www.ess-rv.de\/?p=9871\">Neue Sch\u00fclervertretung steht fest!<\/a><\/h2>\n\n\t<!-- This is the output of the EXCERPT -->\n\t<div class=\"entry-summary\">\n\t\t<p>Wir freuen uns, den f\u00fcr den Standort Ravensburg neu gew\u00e4hlten Sch\u00fclersprecher Tim-Lucas Leidig und seine Stellvertreterin Nora L\u00fcttmann sowie das Kernteam f\u00fcr dieses Schuljahr vorzustellen! Mit frischen Ideen und viel Engagement werden sie die Interessen der Sch\u00fclerschaft vertreten und spannende Projekte auf den Weg bringen. Ein besonderer Dank gilt auch unseren bew\u00e4hrten Verbindungslehrerinnen, die das &hellip; <a href=\"https:\/\/www.ess-rv.de\/?p=9871\" class=\"more-link\"><span class=\"screen-reader-text\">Neue Sch\u00fclervertretung steht fest!<\/span> weiterlesen <span class=\"meta-nav\">&rarr;<\/span><\/a><\/p>\n\t<\/div>\n\n\t<!-- This is the output of the META information -->\n\t<div class=\"entry-utility\">\t<\/div>\n<\/div>\n<!-- \/\/ End of Post Wrap -->\n\n<\/div>\n","protected":false},"excerpt":{"rendered":"<p>Anmeldung Die Br\u00fccke zwischen Theorie und Praxis Berufskollegs sind die ideale L\u00f6sung f\u00fcr Jugendliche, die einen Mittleren Bildungsabschluss haben und sich nicht nur den ganzen Tag mit Theorie besch\u00e4ftigen sondern selbst praktisch t\u00e4tig sein wollen. In Berufskollegs hat die praktische Ausbildung einen hohen Stellenwert, so dass unsere Sch\u00fclerinnen und Sch\u00fcler theoretisch Erlerntes gleich in die &hellip; <a href=\"https:\/\/www.ess-rv.de\/?p=9871\" class=\"more-link\"><span class=\"screen-reader-text\">Neue Sch\u00fclervertretung steht fest!<\/span> weiterlesen <span class=\"meta-nav\">&rarr;<\/span><\/a><\/p>\n","protected":false},"author":3,"featured_media":0,"parent":301,"menu_order":220,"comment_status":"closed","ping_status":"closed","template":"","meta":{"footnotes":"","_links_to":"","_links_to_target":""},"class_list":["post-49","page","type-page","status-publish","hentry"],"_links":{"self":[{"href":"https:\/\/www.ess-rv.de\/index.php?rest_route=\/wp\/v2\/pages\/49","targetHints":{"allow":["GET"]}}],"collection":[{"href":"https:\/\/www.ess-rv.de\/index.php?rest_route=\/wp\/v2\/pages"}],"about":[{"href":"https:\/\/www.ess-rv.de\/index.php?rest_route=\/wp\/v2\/types\/page"}],"author":[{"embeddable":true,"href":"https:\/\/www.ess-rv.de\/index.php?rest_route=\/wp\/v2\/users\/3"}],"replies":[{"embeddable":true,"href":"https:\/\/www.ess-rv.de\/index.php?rest_route=%2Fwp%2Fv2%2Fcomments&post=49"}],"version-history":[{"count":41,"href":"https:\/\/www.ess-rv.de\/index.php?rest_route=\/wp\/v2\/pages\/49\/revisions"}],"predecessor-version":[{"id":8065,"href":"https:\/\/www.ess-rv.de\/index.php?rest_route=\/wp\/v2\/pages\/49\/revisions\/8065"}],"up":[{"embeddable":true,"href":"https:\/\/www.ess-rv.de\/index.php?rest_route=\/wp\/v2\/pages\/301"}],"wp:attachment":[{"href":"https:\/\/www.ess-rv.de\/index.php?rest_route=%2Fwp%2Fv2%2Fmedia&parent=49"}],"curies":[{"name":"wp","href":"https:\/\/api.w.org\/{rel}","templated":true}]}}