{"id":4950,"date":"2018-02-19T14:58:34","date_gmt":"2018-02-19T13:58:34","guid":{"rendered":"http:\/\/www.ess-rv.de\/?page_id=4950"},"modified":"2019-01-29T10:59:06","modified_gmt":"2019-01-29T09:59:06","slug":"termine-laborkurs","status":"publish","type":"page","link":"https:\/\/www.ess-rv.de\/?page_id=4950","title":{"rendered":"Laborkurse"},"content":{"rendered":"<p>Im Rahmen der Laborkurse f\u00fcr die Fachstufe II bietet die Edith-Stein-Schule Ravensburg &#038; Aulendorf und die Bezirks\u00e4rztekammer S\u00fcdw\u00fcrttemberg folgende Termine an.<\/p>\n<div class=\"tabelle\">\n<div class=\"tkopf\">\n<div class=\"zeile\">\n<div class=\"zelle\" style=\"width: 25%;\">Modul 1<\/div>\n<div class=\"zelle\">Praktische Laborgrundlagen<\/div>\n<\/div>\n<\/div>\n<div class=\"tinhalt\">\n<div class=\"zeile\">\n<div class=\"zelle\"><\/div>\n<div class=\"zelle\">Termin liegt in der Vergangenheit<\/div>\n<\/div>\n<\/div>\n<div class=\"tkopf\">\n<div class=\"zeile\">\n<div class=\"zelle\" style=\"width: 30%;\">Modul 2<\/div>\n<div class=\"zelle\">Harnuntersuchungen<\/div>\n<\/div>\n<\/div>\n<div class=\"tinhalt\">\n<div class=\"zeile\">\n<div class=\"zelle\"><\/div>\n<div class=\"zelle\">Termin liegt in der Vergangenheit<\/div>\n<\/div>\n<\/div>\n<div class=\"tkopf\">\n<div class=\"zeile\">\n<div class=\"zelle\" style=\"width: 30%;\">Modul 3<\/div>\n<div class=\"zelle\">Weitere Untersuchungsmethoden\n<\/div>\n<\/div>\n<\/div>\n<div class=\"tinhalt\">\n<div class=\"zeile\">\n<div class=\"zelle\"><\/div>\n<div class=\"zelle\">Termin liegt in der Vergangenheit<\/div>\n<\/div>\n<\/div>\n<div class=\"tkopf\">\n<div class=\"zeile\">\n<div class=\"zelle\" style=\"width: 30%;\">Modul 4<\/div>\n<div class=\"zelle\">H\u00e4matologische Untersuchungen<\/div>\n<\/div>\n<\/div>\n<div class=\"tinhalt\">\n<div class=\"zeile\">\n<div class=\"zelle\"><\/div>\n<div class=\"zelle\">Termin liegt in der Vergangenheit<\/div>\n<\/div>\n<\/div>\n<\/div>\n<p>&nbsp;<\/p>\n<h1 style=\"margin-left: 0px\">Kursinhalte<\/h1>\n<h2>Modul 1: Praktische Laborgrundlagen<\/h2>\n<ul>\n<li>Chemisches Rechnen<\/li>\n<li>\nPraxishygiene (Sterilisation und Desinfektion)<\/li>\n<li>\nPr\u00e4analytik Blut (Blutentnahme ven\u00f6s\/kapillar)<\/li>\n<\/ul>\n<h2>Modul 2: Harnuntersuchungen<\/h2>\n<ul>\n<li>makroskopisch<\/li>\n<li>\nmikroskopisch<\/li>\n<li>\nchemisch<\/li>\n<li>\nbakteriologisch<\/li>\n<li>\nimmunologisch<\/li>\n<\/ul>\n<h2>Modul 3: Weitere Untersichungsmethoden<\/h2>\n<ul>\n<li>Klinisch-chemische Untersuchungen<\/li>\n<li>Immunologische Schnelltests<\/li>\n<\/ul>\n<h2>Modul 4: H\u00e4matologische Untersuchungen<\/h2>\n<ul>\n<li>Mikroskopische Leukozytenz&auml;hlung<\/li>\n<li>Photometrische Erythrozytenz\u00e4hlung + H\u00e4moglobin-Messung<\/li>\n<li>HK<\/li>\n<\/ul>\n","protected":false},"excerpt":{"rendered":"<p>Im Rahmen der Laborkurse f\u00fcr die Fachstufe II bietet die Edith-Stein-Schule Ravensburg &#038; Aulendorf und die Bezirks\u00e4rztekammer S\u00fcdw\u00fcrttemberg folgende Termine an. Modul 1 Praktische Laborgrundlagen Termin liegt in der Vergangenheit Modul 2 Harnuntersuchungen Termin liegt in der Vergangenheit Modul 3 Weitere Untersuchungsmethoden Termin liegt in der Vergangenheit Modul 4 H\u00e4matologische Untersuchungen Termin liegt in der &hellip; <a href=\"https:\/\/www.ess-rv.de\/?page_id=4950\" class=\"more-link\"><span class=\"screen-reader-text\">Laborkurse<\/span> weiterlesen <span class=\"meta-nav\">&rarr;<\/span><\/a><\/p>\n","protected":false},"author":3,"featured_media":0,"parent":156,"menu_order":2325,"comment_status":"closed","ping_status":"closed","template":"","meta":{"footnotes":"","_links_to":"","_links_to_target":""},"class_list":["post-4950","page","type-page","status-publish","hentry"],"_links":{"self":[{"href":"https:\/\/www.ess-rv.de\/index.php?rest_route=\/wp\/v2\/pages\/4950","targetHints":{"allow":["GET"]}}],"collection":[{"href":"https:\/\/www.ess-rv.de\/index.php?rest_route=\/wp\/v2\/pages"}],"about":[{"href":"https:\/\/www.ess-rv.de\/index.php?rest_route=\/wp\/v2\/types\/page"}],"author":[{"embeddable":true,"href":"https:\/\/www.ess-rv.de\/index.php?rest_route=\/wp\/v2\/users\/3"}],"replies":[{"embeddable":true,"href":"https:\/\/www.ess-rv.de\/index.php?rest_route=%2Fwp%2Fv2%2Fcomments&post=4950"}],"version-history":[{"count":25,"href":"https:\/\/www.ess-rv.de\/index.php?rest_route=\/wp\/v2\/pages\/4950\/revisions"}],"predecessor-version":[{"id":5499,"href":"https:\/\/www.ess-rv.de\/index.php?rest_route=\/wp\/v2\/pages\/4950\/revisions\/5499"}],"up":[{"embeddable":true,"href":"https:\/\/www.ess-rv.de\/index.php?rest_route=\/wp\/v2\/pages\/156"}],"wp:attachment":[{"href":"https:\/\/www.ess-rv.de\/index.php?rest_route=%2Fwp%2Fv2%2Fmedia&parent=4950"}],"curies":[{"name":"wp","href":"https:\/\/api.w.org\/{rel}","templated":true}]}}