{"id":5119,"date":"2018-06-19T15:44:04","date_gmt":"2018-06-19T13:44:04","guid":{"rendered":"http:\/\/www.ess-rv.de\/?page_id=5119"},"modified":"2025-05-07T08:11:19","modified_gmt":"2025-05-07T06:11:19","slug":"stellenangebote","status":"publish","type":"page","link":"https:\/\/www.ess-rv.de\/?page_id=5119","title":{"rendered":"Stellenangebot Freiwilliges Soziales Jahr (FSJ)"},"content":{"rendered":"<p>Du hast gerade die Schule beendet und suchst neue Herausforderungen und spannenden Aufgaben? Du bereicherst unser Lehrerkollegium und den Alltag unserer Sch\u00fclerinnen und Sch\u00fcler! Angefangen vom Austausch mit Lehrkr\u00e4ften \u00fcber die Vorbereitung von Unterrichtsmaterialien bis hin zum gemeinsamen Kochen mit den Sch\u00fclern f\u00fcr die Schule \u2013 die Aufgaben im Freiwilligen Sozialen Jahr verbinden Teamgeist, Kreativit\u00e4t und Selbst\u00e4ndigkeit. Besonders bereichernd sind die schulischen Ausfl\u00fcge, die nicht nur den Horizont der Sch\u00fcler erweitern, sondern auch unvergessliche Erlebnisse schaffen.<\/p>\n<p>Interesse geweckt? Alle Infos zur Stelle findest du beim <a href=\"https:\/\/karriere.rv.de\/startseite\" target=\"_blank\">Landratsamt unter &#8222;Karriere&#8220;<\/a> und dort unter &#8222;Ausbildung&#8220; bzw. <a href=\"https:\/\/www.ess-rv.de\/wp-content\/uploads\/2025\/04\/Stellenbeschreibung-Freiwilliges-Soziales-Jahr-an-der-Edith-Stein-Schule-Ravensburg-und-Aulendorf.pdf\" download target=\"_blank\">im PDF<\/a>. Oder melde dich per E-Mail bei Andreas Hund, stellvertretender Schulleiter <a href=\"mailto:andreas.hund@ess-rv.de\">andreas.hund@ess-rv.de<\/a>.<\/p>\n<p><a href=\"https:\/\/www.ess-rv.de\/wp-content\/uploads\/2025\/04\/Stellenbeschreibung-Freiwilliges-Soziales-Jahr-an-der-Edith-Stein-Schule-Ravensburg-und-Aulendorf.pdf\" download target=\"_blank\">Stellenbeschreibung &#8211; Freiwilliges Soziales Jahr an der Edith-Stein-Schule Ravensburg<\/a><\/p>\n","protected":false},"excerpt":{"rendered":"<p>Du hast gerade die Schule beendet und suchst neue Herausforderungen und spannenden Aufgaben? Du bereicherst unser Lehrerkollegium und den Alltag unserer Sch\u00fclerinnen und Sch\u00fcler! Angefangen vom Austausch mit Lehrkr\u00e4ften \u00fcber die Vorbereitung von Unterrichtsmaterialien bis hin zum gemeinsamen Kochen mit den Sch\u00fclern f\u00fcr die Schule \u2013 die Aufgaben im Freiwilligen Sozialen Jahr verbinden Teamgeist, Kreativit\u00e4t &hellip; <a href=\"https:\/\/www.ess-rv.de\/?page_id=5119\" class=\"more-link\"><span class=\"screen-reader-text\">Stellenangebot Freiwilliges Soziales Jahr (FSJ)<\/span> weiterlesen <span class=\"meta-nav\">&rarr;<\/span><\/a><\/p>\n","protected":false},"author":3,"featured_media":0,"parent":331,"menu_order":135,"comment_status":"closed","ping_status":"closed","template":"","meta":{"footnotes":"","_links_to":"","_links_to_target":""},"class_list":["post-5119","page","type-page","status-publish","hentry"],"_links":{"self":[{"href":"https:\/\/www.ess-rv.de\/index.php?rest_route=\/wp\/v2\/pages\/5119","targetHints":{"allow":["GET"]}}],"collection":[{"href":"https:\/\/www.ess-rv.de\/index.php?rest_route=\/wp\/v2\/pages"}],"about":[{"href":"https:\/\/www.ess-rv.de\/index.php?rest_route=\/wp\/v2\/types\/page"}],"author":[{"embeddable":true,"href":"https:\/\/www.ess-rv.de\/index.php?rest_route=\/wp\/v2\/users\/3"}],"replies":[{"embeddable":true,"href":"https:\/\/www.ess-rv.de\/index.php?rest_route=%2Fwp%2Fv2%2Fcomments&post=5119"}],"version-history":[{"count":22,"href":"https:\/\/www.ess-rv.de\/index.php?rest_route=\/wp\/v2\/pages\/5119\/revisions"}],"predecessor-version":[{"id":9503,"href":"https:\/\/www.ess-rv.de\/index.php?rest_route=\/wp\/v2\/pages\/5119\/revisions\/9503"}],"up":[{"embeddable":true,"href":"https:\/\/www.ess-rv.de\/index.php?rest_route=\/wp\/v2\/pages\/331"}],"wp:attachment":[{"href":"https:\/\/www.ess-rv.de\/index.php?rest_route=%2Fwp%2Fv2%2Fmedia&parent=5119"}],"curies":[{"name":"wp","href":"https:\/\/api.w.org\/{rel}","templated":true}]}}