{"id":523,"date":"2015-02-19T10:35:18","date_gmt":"2015-02-19T09:35:18","guid":{"rendered":"http:\/\/www.ess-rv.de\/?page_id=523"},"modified":"2020-04-02T14:12:14","modified_gmt":"2020-04-02T12:12:14","slug":"anmeldeformulare","status":"publish","type":"page","link":"https:\/\/www.ess-rv.de\/?page_id=523","title":{"rendered":"Anmeldeformulare Ravensburg"},"content":{"rendered":"<p>Die Anmeldung f\u00fcr die am Standort Ravensburg angebotenen Schularten bzw. Ausbildungsberufe erfolgt \u00fcber die jeweiligen Formulare. Das ausgef\u00fcllte Formular k\u00f6nnen Sie uns als E-mail-Anhang, per Fax oder per Post senden (die Kontaktdaten finden Sie auf dem Formular oder in der rechten Spalte).<\/p>\n<ul>\n<li><a href=\"http:\/\/www.ess-rv.de\/download\/anmeldung_bkbfslw_2015-16.pdf\">Berufskolleg (BK) und Landwirtschaftliche Berufsschule<\/a><br \/>\nEinj\u00e4hriges duales Berufskolleg Fachrichtung Soziales (1BKS), einj\u00e4hriges Berufskolleg f\u00fcr Gesundheit und Pflege (1BKP), einj\u00e4hriges Berufskolleg f\u00fcr Ern\u00e4hrung und Erziehung (1BKEE), zweij\u00e4hriges Berufskolleg f\u00fcr Ern\u00e4hrung und Hauswirtschaft (2BKH), einj\u00e4hriges Berufskolleg zum Erwerb der Fachhochschulreife (1BKFH), Landwirtschaftliche Berufsschule<\/li>\n<li><a href=\"http:\/\/www.ess-rv.de\/download\/anmeldung_vabbfs_2015-16.pdf\">Berufsfachschulen, BEJ, VAB und VABO<\/a><br \/>\nBerufsfachschule f\u00fcr Kinderpflege (2BFHK), zweij\u00e4hrige Berufsfachschule Hauswirtschaft und Ern\u00e4hrung (2BFH), zweij\u00e4hrige Berufsfachschule f\u00fcr Gesundheit und Pflege (2BFP), Berufseinstiegsjahr (BEJ), Vorqualifizierungsjahr Arbeit\/Beruf (VAB), Vorqualifizierungsjahr Arbeit\/Beruf ohne Deutschkenntnisse (VABO)<\/li>\n<\/ul>\n","protected":false},"excerpt":{"rendered":"<p>Die Anmeldung f\u00fcr die am Standort Ravensburg angebotenen Schularten bzw. Ausbildungsberufe erfolgt \u00fcber die jeweiligen Formulare. Das ausgef\u00fcllte Formular k\u00f6nnen Sie uns als E-mail-Anhang, per Fax oder per Post senden (die Kontaktdaten finden Sie auf dem Formular oder in der rechten Spalte). Berufskolleg (BK) und Landwirtschaftliche Berufsschule Einj\u00e4hriges duales Berufskolleg Fachrichtung Soziales (1BKS), einj\u00e4hriges Berufskolleg &hellip; <a href=\"https:\/\/www.ess-rv.de\/?page_id=523\" class=\"more-link\"><span class=\"screen-reader-text\">Anmeldeformulare Ravensburg<\/span> weiterlesen <span class=\"meta-nav\">&rarr;<\/span><\/a><\/p>\n","protected":false},"author":3,"featured_media":0,"parent":185,"menu_order":530,"comment_status":"closed","ping_status":"closed","template":"","meta":{"footnotes":"","_links_to":"","_links_to_target":""},"class_list":["post-523","page","type-page","status-publish","hentry"],"_links":{"self":[{"href":"https:\/\/www.ess-rv.de\/index.php?rest_route=\/wp\/v2\/pages\/523","targetHints":{"allow":["GET"]}}],"collection":[{"href":"https:\/\/www.ess-rv.de\/index.php?rest_route=\/wp\/v2\/pages"}],"about":[{"href":"https:\/\/www.ess-rv.de\/index.php?rest_route=\/wp\/v2\/types\/page"}],"author":[{"embeddable":true,"href":"https:\/\/www.ess-rv.de\/index.php?rest_route=\/wp\/v2\/users\/3"}],"replies":[{"embeddable":true,"href":"https:\/\/www.ess-rv.de\/index.php?rest_route=%2Fwp%2Fv2%2Fcomments&post=523"}],"version-history":[{"count":19,"href":"https:\/\/www.ess-rv.de\/index.php?rest_route=\/wp\/v2\/pages\/523\/revisions"}],"predecessor-version":[{"id":4634,"href":"https:\/\/www.ess-rv.de\/index.php?rest_route=\/wp\/v2\/pages\/523\/revisions\/4634"}],"up":[{"embeddable":true,"href":"https:\/\/www.ess-rv.de\/index.php?rest_route=\/wp\/v2\/pages\/185"}],"wp:attachment":[{"href":"https:\/\/www.ess-rv.de\/index.php?rest_route=%2Fwp%2Fv2%2Fmedia&parent=523"}],"curies":[{"name":"wp","href":"https:\/\/api.w.org\/{rel}","templated":true}]}}