{"id":6031,"date":"2019-12-16T13:33:05","date_gmt":"2019-12-16T12:33:05","guid":{"rendered":"http:\/\/www.ess-rv.de\/?page_id=6031"},"modified":"2024-02-02T08:31:06","modified_gmt":"2024-02-02T07:31:06","slug":"anmelden","status":"publish","type":"page","link":"https:\/\/www.ess-rv.de\/?page_id=6031","title":{"rendered":"Anmelden"},"content":{"rendered":"<div id=\"verschachtelung\">\n<div class=\"v-block\">\n<div class=\"v-title\"><a href=\"#\" onclick=\"VOeffnen(0);\" class=\"voeffnen\">&nbsp;<\/a><a href=\"#\" onclick=\"VOeffnen(0);\" class=\"h2\">Berufliche Gymnasien<\/a><\/p>\n<div class=\"v-link-anmeldung\"><a href=\"http:\/\/www.ess-rv.de\/?page_id=4612\">Anmeldung<\/a><\/div>\n<\/p><\/div>\n<div class=\"v-content\">\nDie Edith-Stein-Schule Ravensburg bietet ein sehr vielf\u00e4ltiges und differenziertes Angebot an beruflichen Gymnasien. N\u00e4here Informationen finden Sie bei den jeweiligen Gymnasien. <a href=\"http:\/\/www.ess-rv.de\/?page_id=9\" class=\"more-link\">Mehr<\/a><br \/>\n            <div data-post-id=\"4607\" class=\"insert-page insert-page-4607 \"><ul>\n<li><a title=\"Biotechnologisches Gymnasium (Standort Ravensburg)\" href=\"http:\/\/www.ess-rv.de\/?page_id=74\">Biotechnologische Richtung (BTG)<\/a><\/li>\n<li><a title=\"Ern\u00e4hrungswissenschaftliches Gymnasium (Standort Ravensburg)\" href=\"http:\/\/www.ess-rv.de\/?page_id=12\">Ern\u00e4hrungswissenschaftliche Richtung (EG)<\/a><\/li>\n<li><a title=\"Sozialwissenschaftliches Gymnasium, Profil Gesundheit \" href=\"http:\/\/www.ess-rv.de\/?page_id=76\">Sozial- und gesundheitswissenschaftliche Richtung,<br \/>\nSchwerpunkt\u00a0Gesundheit (SGGG) <\/a><\/li>\n<li><a title=\"Sozialwissenschaftliches Gymnasium, Profil\u00a0Soziales\" href=\"http:\/\/www.ess-rv.de\/?page_id=80\">Sozial- und gesundheitswissenschaftliche Richtung,<br \/>\nSchwerpunkt\u00a0Soziales (SGGS)<\/a><\/li>\n<\/ul>\n<\/div>\n        <\/div>\n<\/p><\/div>\n<div class=\"v-block\">\n<div class=\"v-title\"><a href=\"#\" onclick=\"VOeffnen(1);\" class=\"voeffnen\">&nbsp;<\/a><a href=\"#\" onclick=\"VOeffnen(1);\" class=\"h2\">Berufskollegs<\/a><\/p>\n<div class=\"v-link-anmeldung\"><a href=\"http:\/\/www.ess-rv.de\/?page_id=4648\">Anmeldung<\/a><\/div>\n<\/p><\/div>\n<div class=\"v-content\">\nBerufskollegs sind die ideale L\u00f6sung f\u00fcr Jugendliche, die einen Mittleren Bildungsabschluss haben und sich nicht nur den ganzen Tag mit Theorie besch\u00e4ftigen sondern selbst praktisch t\u00e4tig sein wollen. <a href=\"http:\/\/www.ess-rv.de\/?page_id=49\" class=\"more-link\">Mehr<\/a><br \/>\n            <div data-post-id=\"4638\" class=\"insert-page insert-page-4638 \"><h3>Alle Berufskollegs befinden sich am Standort Ravensburg<\/h3>\n<ul>\n<li><a title=\"Duales Berufskolleg Fachrichtung Soziales\" href=\"http:\/\/www.ess-rv.de\/?page_id=123\">Duales Berufskolleg Fachrichtung Soziales (1BKST)<\/a><\/li>\n<li><a title=\"Berufskolleg f\u00fcr Gesundheit und Pflege\" href=\"http:\/\/www.ess-rv.de\/?page_id=131\">Berufskolleg f\u00fcr Gesundheit und Pflege (1BKP)<\/a><\/li>\n<li><a title=\"Berufskolleg f\u00fcr Ern\u00e4hrung und Haushaltsmanagement\" href=\"http:\/\/www.ess-rv.de\/?page_id=8014\"><span style=\"color:#f00\">Neu:<\/span> Berufskolleg f\u00fcr Ern\u00e4hrung und Haushaltsmanagement (2BKEH)<\/a><\/li>\n<li><a title=\"Berufskolleg zur Erlangung der Fachhochschulreife\" href=\"http:\/\/www.ess-rv.de\/?page_id=137\">Berufskolleg zur Erlangung der Fachhochschulreife (1BKFH)<\/a><\/li>\n<\/ul>\n<p><!--\n\n<li><a title=\"Berufskolleg Ern\u00e4hrung und Erziehung\" href=\"http:\/\/www.ess-rv.de\/?page_id=127\">Berufskolleg Ern\u00e4hrung und Erziehung (1BKEE)<\/a><\/li>\n\n\n\t\n\n<li><a title=\"Berufskolleg f\u00fcr Ern\u00e4hrung und Hauswirtschaft II\" href=\"http:\/\/www.ess-rv.de\/?page_id=134\">Berufskolleg f\u00fcr Ern\u00e4hrung und Hauswirtschaft (2BKH)<\/a><\/li>\n\n--><\/p>\n<\/div>\n        <\/div>\n<\/p><\/div>\n<div class=\"v-block\">\n<div class=\"v-title\"><a href=\"#\" onclick=\"VOeffnen(2);\" class=\"voeffnen\">&nbsp;<\/a><a href=\"#\" onclick=\"VOeffnen(2);\" class=\"h2\">Berufsfachschule\/Berufsvorbereitende Schulen<\/a><\/p>\n<div class=\"v-link-anmeldung\"><a href=\"http:\/\/www.ess-rv.de\/?page_id=4699\">Anmeldung<\/a><\/div>\n<\/p><\/div>\n<div class=\"v-content\">\nBerufsfachschulen und berufsvorbereitende Schulen erm\u00f6glichen den Eintritt ins Berufsleben. <a href=\"http:\/\/www.ess-rv.de\/?page_id=145\" class=\"more-link\">Mehr<\/a><br \/>\n           <div data-post-id=\"4692\" class=\"insert-page insert-page-4692 \"><h3>Alle Berufsfachschulen und Berufsvorbereitenden Schulen befinden sich am Standort Ravensburg<\/h3>\n<ul>\n<li><a href=\"http:\/\/www.ess-rv.de\/?page_id=6506\">Ausbildungvorbereitung dual\u00a0(AVdual)<\/a><\/li>\n<li><a title=\"Berufsfachschule \u2013 Hauswirtschaft und Ern\u00e4hrung\" href=\"http:\/\/www.ess-rv.de\/?page_id=104\">Berufsfachschule Bereich Ern\u00e4hrung und Gesundheit,<br \/>\nProfil Hauswirtschaft und Ern\u00e4hrung (2BFH)<\/a><\/li>\n<li><a title=\"Berufsfachschule Profil Gesundheit und Pflege\" href=\"http:\/\/www.ess-rv.de\/?page_id=142\">Berufsfachschule Bereich Ern\u00e4hrung und Gesundheit,<br \/>\nProfil Gesundheit und Pflege (2BFP)<\/a><\/li>\n<li><a title=\"Berufsfachschule f\u00fcr sozialp\u00e4dagogische Assistenz\" href=\"http:\/\/www.ess-rv.de\/?page_id=148\">Berufsfachschule f\u00fcr sozialp\u00e4dagogische Assistenz<\/a><\/li>\n<li><a href=\"https:\/\/www.ess-rv.de\/?page_id=117\" title=\"VABO\">Vorqualifizierung Arbeit\/Beruf zum Erwerb von Deutschkenntnissen (VABO)<\/a><\/li>\n<\/ul>\n<\/div>\n        <\/div>\n<\/p><\/div>\n<div class=\"v-block\">\n<div class=\"v-title\"><a href=\"#\" onclick=\"VOeffnen(3);\" class=\"voeffnen\">&nbsp;<\/a><a href=\"#\" onclick=\"VOeffnen(3);\" class=\"h2\">Berufsschule<\/a><\/p>\n<div class=\"v-link-anmeldung\"><a href=\"http:\/\/www.ess-rv.de\/?page_id=187\">Anmeldung<\/a><\/div>\n<\/p><\/div>\n<div class=\"v-content\">\nDer Bildungsauftrag der Berufsschule in seinem umfassenden Sinn erfordert neben der Vermittlung der beruflichen Kompetenzen auch eine F\u00f6rderung der allgemeinen Bildung. <a href=\"http:\/\/www.ess-rv.de\/?page_id=154\" class=\"more-link\">Mehr<\/a><br \/>\n            <div data-post-id=\"4662\" class=\"insert-page insert-page-4662 \"><h3>Standort Aulendorf<\/h3>\n<ul>\n<li><a title=\"Medizinische Fachangestellte\" href=\"http:\/\/www.ess-rv.de\/?page_id=156\">Medizinische Fachangestellte<\/a><\/li>\n<li><a title=\"Tiermedizinische\/r Fachangestellte\/r\" href=\"http:\/\/www.ess-rv.de\/?page_id=164\">Tiermedizinische Fachangestellte<\/a><\/li>\n<li><a title=\"Zahnmedizinische\/r Fachangestellte\/r\" href=\"http:\/\/www.ess-rv.de\/?page_id=167\">Zahnmedizinische Fachangestellte<\/a><\/li>\n<li><a title=\"Pharamzeutisch kfm. Angestellte\/r\" href=\"http:\/\/www.ess-rv.de\/?page_id=170\">Pharmazeutisch-kfm. Angestellte<\/a><\/li>\n<li><a title=\"Kaufleute im Gesundheitswesen\" href=\"http:\/\/www.ess-rv.de\/?page_id=173\">Kaufleute im Gesundheitswesen<\/a><\/li>\n<\/ul>\n<\/div>\n        <\/div>\n<\/p><\/div>\n<\/div>\n","protected":false},"excerpt":{"rendered":"<p>&nbsp;Berufliche Gymnasien Anmeldung Die Edith-Stein-Schule Ravensburg bietet ein sehr vielf\u00e4ltiges und differenziertes Angebot an beruflichen Gymnasien. N\u00e4here Informationen finden Sie bei den jeweiligen Gymnasien. Mehr &nbsp;Berufskollegs Anmeldung Berufskollegs sind die ideale L\u00f6sung f\u00fcr Jugendliche, die einen Mittleren Bildungsabschluss haben und sich nicht nur den ganzen Tag mit Theorie besch\u00e4ftigen sondern selbst praktisch t\u00e4tig sein wollen. &hellip; <a href=\"https:\/\/www.ess-rv.de\/?page_id=6031\" class=\"more-link\"><span class=\"screen-reader-text\">Anmelden<\/span> weiterlesen <span class=\"meta-nav\">&rarr;<\/span><\/a><\/p>\n","protected":false},"author":3,"featured_media":0,"parent":301,"menu_order":280,"comment_status":"closed","ping_status":"closed","template":"","meta":{"footnotes":"","_links_to":"","_links_to_target":""},"class_list":["post-6031","page","type-page","status-publish","hentry"],"_links":{"self":[{"href":"https:\/\/www.ess-rv.de\/index.php?rest_route=\/wp\/v2\/pages\/6031","targetHints":{"allow":["GET"]}}],"collection":[{"href":"https:\/\/www.ess-rv.de\/index.php?rest_route=\/wp\/v2\/pages"}],"about":[{"href":"https:\/\/www.ess-rv.de\/index.php?rest_route=\/wp\/v2\/types\/page"}],"author":[{"embeddable":true,"href":"https:\/\/www.ess-rv.de\/index.php?rest_route=\/wp\/v2\/users\/3"}],"replies":[{"embeddable":true,"href":"https:\/\/www.ess-rv.de\/index.php?rest_route=%2Fwp%2Fv2%2Fcomments&post=6031"}],"version-history":[{"count":7,"href":"https:\/\/www.ess-rv.de\/index.php?rest_route=\/wp\/v2\/pages\/6031\/revisions"}],"predecessor-version":[{"id":8591,"href":"https:\/\/www.ess-rv.de\/index.php?rest_route=\/wp\/v2\/pages\/6031\/revisions\/8591"}],"up":[{"embeddable":true,"href":"https:\/\/www.ess-rv.de\/index.php?rest_route=\/wp\/v2\/pages\/301"}],"wp:attachment":[{"href":"https:\/\/www.ess-rv.de\/index.php?rest_route=%2Fwp%2Fv2%2Fmedia&parent=6031"}],"curies":[{"name":"wp","href":"https:\/\/api.w.org\/{rel}","templated":true}]}}