{"id":6233,"date":"2020-04-06T15:37:42","date_gmt":"2020-04-06T13:37:42","guid":{"rendered":"http:\/\/www.ess-rv.de\/?page_id=6233"},"modified":"2021-01-10T20:39:51","modified_gmt":"2021-01-10T19:39:51","slug":"global-studies","status":"publish","type":"page","link":"https:\/\/www.ess-rv.de\/?page_id=6233","title":{"rendered":"Wahlfach Global Studies"},"content":{"rendered":"<p>Im Zentrum des Global Studies Unterricht stehen globale Zusammenh\u00e4nge. Dazu werden f\u00e4cher\u00fcbergreifende Fragestellung aus Erdkunde, Wirtschaft, Gemeinschaftskunde und Geschichte auf Deutsch und Englisch bearbeitet. Der Kurs richtet sich an Sch\u00fclerinnen und Sch\u00fcler, die gerne Englisch sprechen und sich f\u00fcr globale gesellschaftliche Themen interessieren.<\/p>\n<p>Dazu geh\u00f6ren z.B. die Fragen, wie interkulturelle Kommunikation erfolgreich funktioniert und ebenso, wie man Fremde in unsere Gesellschaft integrieren und die kulturelle Vielfalt bewahren kann. Weitere Themen des Unterrichts sind u. A. Globale \u00d6kosysteme und Auswirkungen menschlichen Handelns, die Unterentwicklung in Teilen der Erde, sowie Bev\u00f6lkerungsentwicklung und Migration. Durch Global Studies erh\u00e4lt man einen anderen Blickwinkel auf aktuelle Themen des Weltgeschehens.<\/p>\n<p>Diese f\u00e4cher\u00fcbergreifenden Themen werden unter anderem in Debatten diskutiert. Dabei werden die formalen Regeln des Debating angewendet. In diesem sportlichen Wettbewerb, in dem es auf besondere Fertigkeiten und Kompetenzen ankommt, erlernt man seine Englischkenntnisse flexibel und zielgerichtet einzusetzen. Man lernt hierbei frei zu sprechen, sich eigenst\u00e4ndig zu informieren und sich eine eigene Meinung aus den gesammelten Informationen zu bilden. Auch das Sprechen auf Englisch wird trainiert.<\/p>\n","protected":false},"excerpt":{"rendered":"<p>Im Zentrum des Global Studies Unterricht stehen globale Zusammenh\u00e4nge. Dazu werden f\u00e4cher\u00fcbergreifende Fragestellung aus Erdkunde, Wirtschaft, Gemeinschaftskunde und Geschichte auf Deutsch und Englisch bearbeitet. Der Kurs richtet sich an Sch\u00fclerinnen und Sch\u00fcler, die gerne Englisch sprechen und sich f\u00fcr globale gesellschaftliche Themen interessieren. Dazu geh\u00f6ren z.B. die Fragen, wie interkulturelle Kommunikation erfolgreich funktioniert und ebenso, &hellip; <a href=\"https:\/\/www.ess-rv.de\/?page_id=6233\" class=\"more-link\"><span class=\"screen-reader-text\">Wahlfach Global Studies<\/span> weiterlesen <span class=\"meta-nav\">&rarr;<\/span><\/a><\/p>\n","protected":false},"author":3,"featured_media":0,"parent":6222,"menu_order":2184,"comment_status":"closed","ping_status":"closed","template":"","meta":{"footnotes":"","_links_to":"","_links_to_target":""},"class_list":["post-6233","page","type-page","status-publish","hentry"],"_links":{"self":[{"href":"https:\/\/www.ess-rv.de\/index.php?rest_route=\/wp\/v2\/pages\/6233","targetHints":{"allow":["GET"]}}],"collection":[{"href":"https:\/\/www.ess-rv.de\/index.php?rest_route=\/wp\/v2\/pages"}],"about":[{"href":"https:\/\/www.ess-rv.de\/index.php?rest_route=\/wp\/v2\/types\/page"}],"author":[{"embeddable":true,"href":"https:\/\/www.ess-rv.de\/index.php?rest_route=\/wp\/v2\/users\/3"}],"replies":[{"embeddable":true,"href":"https:\/\/www.ess-rv.de\/index.php?rest_route=%2Fwp%2Fv2%2Fcomments&post=6233"}],"version-history":[{"count":2,"href":"https:\/\/www.ess-rv.de\/index.php?rest_route=\/wp\/v2\/pages\/6233\/revisions"}],"predecessor-version":[{"id":6782,"href":"https:\/\/www.ess-rv.de\/index.php?rest_route=\/wp\/v2\/pages\/6233\/revisions\/6782"}],"up":[{"embeddable":true,"href":"https:\/\/www.ess-rv.de\/index.php?rest_route=\/wp\/v2\/pages\/6222"}],"wp:attachment":[{"href":"https:\/\/www.ess-rv.de\/index.php?rest_route=%2Fwp%2Fv2%2Fmedia&parent=6233"}],"curies":[{"name":"wp","href":"https:\/\/api.w.org\/{rel}","templated":true}]}}