{"id":6746,"date":"2021-01-09T12:36:01","date_gmt":"2021-01-09T11:36:01","guid":{"rendered":"http:\/\/www.ess-rv.de\/?page_id=6746"},"modified":"2021-01-10T17:48:16","modified_gmt":"2021-01-10T16:48:16","slug":"wahlfach-sozialmanagment","status":"publish","type":"page","link":"https:\/\/www.ess-rv.de\/?page_id=6746","title":{"rendered":"Wahlfach Sozialmanagement"},"content":{"rendered":"<p>Das Fach <strong>Sozialmanagement<\/strong> erg\u00e4nzt die Profilf\u00e4cher P\u00e4dagogik und Psychologie sowie Gesundheit und Biologie um sozialwissenschaftliche Inhalte. Soziale Organisationen in ihren Strukturen und mit ihren F\u00fchrungsaufgaben r\u00fccken dabei ins Blickfeld und fragen nach Integration ethischer, betriebswirtschaftlicher und sozialpolitischer Aspekte.<\/p>\n<p>Das Fach Sozialmanagement er\u00f6ffnet Sch\u00fclerinnen und Sch\u00fclern Zusammenh\u00e4nge zwischen verschiedenen Wissenschaftsdisziplinen: Sozialp\u00e4dagogik, Psychologie, Gesundheits- und Pflegewissenschaften sowie Volkswirtschaftslehre, Betriebswirtschaftslehre, Rechtswissenschaft und Sozialpolitik. Im Zusammenwirken dieser Disziplinen entfaltet sich ganzheitliches Denken und Handeln im sozialen Kontext. Dabei werden Sch\u00fclerinnen und Sch\u00fcler kompetent im Handlungsfeld Sozialmanagement.<\/p>\n<p>Der Bildungsplan ist gepr\u00e4gt vom Spannungsfeld zwischen \u00f6konomischen und ethischen Prinzipien. Diese erg\u00e4nzen und widersprechen sich zugleich. Dies erfordert, dass sich die Sch\u00fclerinnen und Sch\u00fcler kritisch mit den Herausforderungen auseinandersetzen und damit zugleich ihre Handlungskompetenzen erweitern mit den Dimensionen der fachlichen, methodischen, sozialen und personalen Kompetenz. \u00d6konomische und daraus resultierende gesellschaftliche bzw. politische Problemlagen und Zielkonflikte sind systemisch zu erkennen, zu erkl\u00e4ren und aus unterschiedlichen Perspektiven unter Ber\u00fccksichtigung der jeweiligen Interessenlagen und Wertorientierungen zu untersuchen.<\/p>\n<p>Die Sch\u00fclerinnen und Sch\u00fcler reflektieren im Unterricht des Fachs Sozialmanagement Probleme aus der Perspektive einer F\u00fchrungskraft in einer sozialen Organisation. Sie entwickeln dabei L\u00f6sungen f\u00fcr die ethisch-sozialen Erwartungen und finanziellen Vorgaben. Sie beschreiben aktuelle gesellschaftliche und sozialpolitische Entwicklungen und diskutieren deren Auswirkungen auf die Soziale Arbeit und das Gesundheitswesen. Sie analysieren diesbez\u00fcgliche Aufgaben des Sozialmanagements, z.\u202fB. im Hinblick auf das Personalmanagement, die Organisationsstruktur, das Qualit\u00e4tsmanagement, die Finanzierung und die \u00d6ffentlichkeitsarbeit. Dabei lernen sie das Personal als zentrale Ressource wahrzunehmen und wertzusch\u00e4tzen. Sie lernen notwendige Innovationen mithilfe des Projektmanagements in eine soziale Organisation zu integrieren. Sie entwickeln personale und soziale Kompetenzen, um im sp\u00e4teren Berufsleben erfolgreich zu kommunizieren und Konflikte zu erkennen, ihnen vorzubeugen und mit angemessenen L\u00f6sungen zu begegnen.<\/p>\n","protected":false},"excerpt":{"rendered":"<p>Das Fach Sozialmanagement erg\u00e4nzt die Profilf\u00e4cher P\u00e4dagogik und Psychologie sowie Gesundheit und Biologie um sozialwissenschaftliche Inhalte. Soziale Organisationen in ihren Strukturen und mit ihren F\u00fchrungsaufgaben r\u00fccken dabei ins Blickfeld und fragen nach Integration ethischer, betriebswirtschaftlicher und sozialpolitischer Aspekte. Das Fach Sozialmanagement er\u00f6ffnet Sch\u00fclerinnen und Sch\u00fclern Zusammenh\u00e4nge zwischen verschiedenen Wissenschaftsdisziplinen: Sozialp\u00e4dagogik, Psychologie, Gesundheits- und Pflegewissenschaften sowie &hellip; <a href=\"https:\/\/www.ess-rv.de\/?page_id=6746\" class=\"more-link\"><span class=\"screen-reader-text\">Wahlfach Sozialmanagement<\/span> weiterlesen <span class=\"meta-nav\">&rarr;<\/span><\/a><\/p>\n","protected":false},"author":3,"featured_media":0,"parent":6222,"menu_order":2187,"comment_status":"closed","ping_status":"closed","template":"","meta":{"footnotes":"","_links_to":"","_links_to_target":""},"class_list":["post-6746","page","type-page","status-publish","hentry"],"_links":{"self":[{"href":"https:\/\/www.ess-rv.de\/index.php?rest_route=\/wp\/v2\/pages\/6746","targetHints":{"allow":["GET"]}}],"collection":[{"href":"https:\/\/www.ess-rv.de\/index.php?rest_route=\/wp\/v2\/pages"}],"about":[{"href":"https:\/\/www.ess-rv.de\/index.php?rest_route=\/wp\/v2\/types\/page"}],"author":[{"embeddable":true,"href":"https:\/\/www.ess-rv.de\/index.php?rest_route=\/wp\/v2\/users\/3"}],"replies":[{"embeddable":true,"href":"https:\/\/www.ess-rv.de\/index.php?rest_route=%2Fwp%2Fv2%2Fcomments&post=6746"}],"version-history":[{"count":3,"href":"https:\/\/www.ess-rv.de\/index.php?rest_route=\/wp\/v2\/pages\/6746\/revisions"}],"predecessor-version":[{"id":6759,"href":"https:\/\/www.ess-rv.de\/index.php?rest_route=\/wp\/v2\/pages\/6746\/revisions\/6759"}],"up":[{"embeddable":true,"href":"https:\/\/www.ess-rv.de\/index.php?rest_route=\/wp\/v2\/pages\/6222"}],"wp:attachment":[{"href":"https:\/\/www.ess-rv.de\/index.php?rest_route=%2Fwp%2Fv2%2Fmedia&parent=6746"}],"curies":[{"name":"wp","href":"https:\/\/api.w.org\/{rel}","templated":true}]}}

<p>Das Fach <strong>Sozialmanagement</strong> ergänzt die Profilfächer Pädagogik und Psychologie sowie Gesundheit und Biologie um sozialwissenschaftliche Inhalte. Soziale Organisationen in ihren Strukturen und mit ihren Führungsaufgaben rücken dabei ins Blickfeld und fragen nach Integration ethischer, betriebswirtschaftlicher und sozialpolitischer Aspekte.</p>
<p>Das Fach Sozialmanagement eröffnet Schülerinnen und Schülern Zusammenhänge zwischen verschiedenen Wissenschaftsdisziplinen: Sozialpädagogik, Psychologie, Gesundheits- und Pflegewissenschaften sowie Volkswirtschaftslehre, Betriebswirtschaftslehre, Rechtswissenschaft und Sozialpolitik. Im Zusammenwirken dieser Disziplinen entfaltet sich ganzheitliches Denken und Handeln im sozialen Kontext. Dabei werden Schülerinnen und Schüler kompetent im Handlungsfeld Sozialmanagement.</p>
<p>Der Bildungsplan ist geprägt vom Spannungsfeld zwischen ökonomischen und ethischen Prinzipien. Diese ergänzen und widersprechen sich zugleich. Dies erfordert, dass sich die Schülerinnen und Schüler kritisch mit den Herausforderungen auseinandersetzen und damit zugleich ihre Handlungskompetenzen erweitern mit den Dimensionen der fachlichen, methodischen, sozialen und personalen Kompetenz. Ökonomische und daraus resultierende gesellschaftliche bzw. politische Problemlagen und Zielkonflikte sind systemisch zu erkennen, zu erklären und aus unterschiedlichen Perspektiven unter Berücksichtigung der jeweiligen Interessenlagen und Wertorientierungen zu untersuchen.</p>
<p>Die Schülerinnen und Schüler reflektieren im Unterricht des Fachs Sozialmanagement Probleme aus der Perspektive einer Führungskraft in einer sozialen Organisation. Sie entwickeln dabei Lösungen für die ethisch-sozialen Erwartungen und finanziellen Vorgaben. Sie beschreiben aktuelle gesellschaftliche und sozialpolitische Entwicklungen und diskutieren deren Auswirkungen auf die Soziale Arbeit und das Gesundheitswesen. Sie analysieren diesbezügliche Aufgaben des Sozialmanagements, z. B. im Hinblick auf das Personalmanagement, die Organisationsstruktur, das Qualitätsmanagement, die Finanzierung und die Öffentlichkeitsarbeit. Dabei lernen sie das Personal als zentrale Ressource wahrzunehmen und wertzuschätzen. Sie lernen notwendige Innovationen mithilfe des Projektmanagements in eine soziale Organisation zu integrieren. Sie entwickeln personale und soziale Kompetenzen, um im späteren Berufsleben erfolgreich zu kommunizieren und Konflikte zu erkennen, ihnen vorzubeugen und mit angemessenen Lösungen zu begegnen.</p>

<p>Das Fach Sozialmanagement ergänzt die Profilfächer Pädagogik und Psychologie sowie Gesundheit und Biologie um sozialwissenschaftliche Inhalte. Soziale Organisationen in ihren Strukturen und mit ihren Führungsaufgaben rücken dabei ins Blickfeld und fragen nach Integration ethischer, betriebswirtschaftlicher und sozialpolitischer Aspekte. Das Fach Sozialmanagement eröffnet Schülerinnen und Schülern Zusammenhänge zwischen verschiedenen Wissenschaftsdisziplinen: Sozialpädagogik, Psychologie, Gesundheits- und Pflegewissenschaften sowie &hellip; <a href="https://www.ess-rv.de/?page_id=6746" class="more-link"><span class="screen-reader-text">Wahlfach Sozialmanagement</span> weiterlesen <span class="meta-nav">&rarr;</span></a></p>
