{"id":6895,"date":"2021-01-21T10:16:27","date_gmt":"2021-01-21T09:16:27","guid":{"rendered":"http:\/\/www.ess-rv.de\/?page_id=6895"},"modified":"2026-01-12T19:41:08","modified_gmt":"2026-01-12T18:41:08","slug":"berufsfachschule-fuer-kinderpflege-2","status":"publish","type":"page","link":"https:\/\/www.ess-rv.de\/?page_id=6895","title":{"rendered":"Berufsfachschule f\u00fcr sozialp\u00e4dagogische Assistenz (praxisintegriert)"},"content":{"rendered":"<div class=\"link-anmeldung\"><a href=\"http:\/\/www.ess-rv.de\/?page_id=4699\">Anmeldung<\/a><\/div>\n<ul class=\"tab\" id=\"ReiterBox\">\n<li><a class=\"tablinks active\" onclick=\"ReiterOeffnen(event, 'Ausbildungsziel')\">Ausbildungsziel<\/a><\/li>\n<li><a class=\"tablinks \" onclick=\"ReiterOeffnen(event, 'Pruefung')\">Ausbildungsdauer<\/a><\/li>\n<li><a class=\"tablinks\" onclick=\"ReiterOeffnen(event, 'AufnahmeundAnmeldung')\">Aufnahme\/Anmeldung<\/a><\/li>\n<\/ul>\n<div id=\"Ausbildungsziel\" class=\"tabcontent active\">\n<h2>Ausbildungsziel<\/h2>\n<p>Die staatlich anerkannte sozialp\u00e4dagogische Assistentin\/der staatlich anerkannte sozialp\u00e4dagogische Assistent ist Zweitkraft bei der Betreuung von Kleinkindern und Kindern im Vorschulalter in Kinderg\u00e4rten, Kinderkrippen, Kindertagesst\u00e4tten, Kinderheimen sowie in der Familie. Sie\/er erf\u00fcllt unter Anleitung der Erzieherin\/des Erziehers oder der Hausfrau\/Mutter die erzieherischen, pflegerischen und hauswirtschaftlichen Aufgaben. Dies erfordert, neben besonderer Wertsch\u00e4tzung zum Kind, fachliches K\u00f6nnen, Kontaktf\u00e4higkeit und Verantwortungsbewusstsein.\n<\/p><\/div>\n<div id=\"Pruefung\" class=\"tabcontent\">\n<h2>Ausbildungsdauer<\/h2>\n<p>Die Ausbildung dauert drei Jahre, diese sind wie folgt ge-<br \/>\ngliedert:<\/p>\n<ul>\n<li>3 Tage in der Woche Unterricht (theoretische Ausbildung)<\/li>\n<li>2 Tage in der Woche praktische Ausbildung in einer sozialp\u00e4dagogischen Einrichtung<\/li>\n<\/ul>\n<p>In den Schulferien findet die praktische Ausbildung an f\u00fcnf Arbeitstagen in der Einrichtung statt. Insgesamt umfasst die praktische Ausbildung mindestens 1500 Stunden. Der Tr\u00e4ger gew\u00e4hrt Jahresurlaub, der in der unterrichtsfreien Zeit (Schulferien) zu nehmen ist. Nach Abschluss der erziehungspraktischen Pr\u00fcfung wird die staatliche Anerkennung als sozialp\u00e4dagogische Assistenz ausgesprochen.\n<\/p><\/div>\n<div id=\"AufnahmeundAnmeldung\" class=\"tabcontent\">\n<h2>Aufnahmebedingungen<\/h2>\n<p><strong>Abschlusszeugnis Hauptschule oder eines gleichwertigen Bildungsabschlusses<\/strong> wenn:<\/p>\n<ul>\n<li>ein F\u00e4cherdurchschnitt von 3,0 vorliegt<\/li>\n<li>im Fach Deutsch mindestens die Note befriedigend (3,0) erteilt wurde.<\/li>\n<li>Ein Nachweis eines Vertrages zwischen einem von der Schule als geeignet angesehenen Tr\u00e4ger einer Tageseinrichtung f\u00fcr Kinder und der Bewerberin oder dem Bewerber \u00fcber die praktische Ausbildung nach den Vorschriften dieser Ausbildungs- und Pr\u00fcfungsverordnung und den Bildungs- und Lehrpl\u00e4nen der Berufsfachschule f\u00fcr sozialp\u00e4dagogische Assistenz (praxisintegriert).<br \/>Die Praxisstelle sollte sich in einem Umkreis von ca. 30 Kilometern um Ravensburg befinden.<\/li>\n<\/ul>\n<p>Zus\u00e4tzlich sind bei ausl\u00e4ndischen Bildungsabschl\u00fcssen ausreichende deutsche Sprachkenntnisse nachzuweisen. Erforderliches Niveau f\u00fcr die Aufnahme in die Berufsfachschule f\u00fcr sozialp\u00e4dagogische Assistenz sind mindestens Sprachkenntnisse entsprechend dem Niveau B1. Weitere Informationen unter: <a href=\"http:\/\/www.goethe.de\/z\/50\/commeuro\/303.htm\" target=\"_blank\" rel=\"noopener\">www.goethe.de\/z\/50\/commeuro\/303.htm<\/a><\/p>\n<p>Falls sich mehr Bewerber*innen anmelden als die Schule aufnehmen kann, erfolgt ein besonderes Auswahlverfahren.<\/p>\n<p>Anmeldeschluss ist jeweils der <strong>1. M\u00e4rz<\/strong> f\u00fcr das folgende Schuljahr. Versp\u00e4tet eingereichte Anmeldungen k\u00f6nnen nur dann ber\u00fccksichtigt werden, wenn nach dem regul\u00e4ren Verfahren noch Pl\u00e4tze zur Verf\u00fcgung stehen.<\/p>\n<p>Es besteht Schulgeld- und Lernmittelfreiheit. <\/p>\n<div style=\"padding: 15px 25px;border-left: 12px solid #fd2;background-color: #fe4\"><a href=\"http:\/\/www.ess-rv.de\/?page_id=4699\">Hier<\/a> finden Sie alle <a href=\"http:\/\/www.ess-rv.de\/?page_id=4699\">weiteren Informationen<\/a> zum Anmeldeverfahren.<\/div>\n<\/div>\n<h2>Weiterbildungsm\u00f6glichkeiten<\/h2>\n<p>Sozialp\u00e4dagogische Assistenten\/Assistentinnen, die im Durchschnitt des Hauptschulabschlusses (mit Englisch) und der sozialp\u00e4dagogischen Assistenz-Ausbildung mindestens die Note 3,0 erreicht haben, bekommen den mittleren Bildungsabschluss zuerkannt. Damit sind dann weitgehend alle beruflichen und schulischen Weiterbildungsm\u00f6glichkeiten er\u00f6ffnet, die den mittleren Bildungsabschluss voraussetzen. So ist z. B. der Besuch der Fachschule f\u00fcr Sozialp\u00e4dagogik m\u00f6glich oder aber, sofern bestimmte schulische Voraussetzungen erf\u00fcllt sind, der Besuch des Berufskollegs zur Erlangung der Fachhochschulreife. Eine andere M\u00f6glichkeit, zu einem mittleren Bildungsabschluss zu kommen, besteht im Besuch der einj\u00e4hrigen Berufsaufbauschule.<\/p>\n","protected":false},"excerpt":{"rendered":"<p>Anmeldung Ausbildungsziel Ausbildungsdauer Aufnahme\/Anmeldung Ausbildungsziel Die staatlich anerkannte sozialp\u00e4dagogische Assistentin\/der staatlich anerkannte sozialp\u00e4dagogische Assistent ist Zweitkraft bei der Betreuung von Kleinkindern und Kindern im Vorschulalter in Kinderg\u00e4rten, Kinderkrippen, Kindertagesst\u00e4tten, Kinderheimen sowie in der Familie. Sie\/er erf\u00fcllt unter Anleitung der Erzieherin\/des Erziehers oder der Hausfrau\/Mutter die erzieherischen, pflegerischen und hauswirtschaftlichen Aufgaben. Dies erfordert, neben besonderer Wertsch\u00e4tzung &hellip; <a href=\"https:\/\/www.ess-rv.de\/?page_id=6895\" class=\"more-link\"><span class=\"screen-reader-text\">Berufsfachschule f\u00fcr sozialp\u00e4dagogische Assistenz (praxisintegriert)<\/span> weiterlesen <span class=\"meta-nav\">&rarr;<\/span><\/a><\/p>\n","protected":false},"author":3,"featured_media":0,"parent":45,"menu_order":2446,"comment_status":"closed","ping_status":"closed","template":"","meta":{"footnotes":"","_links_to":"","_links_to_target":""},"class_list":["post-6895","page","type-page","status-publish","hentry"],"_links":{"self":[{"href":"https:\/\/www.ess-rv.de\/index.php?rest_route=\/wp\/v2\/pages\/6895","targetHints":{"allow":["GET"]}}],"collection":[{"href":"https:\/\/www.ess-rv.de\/index.php?rest_route=\/wp\/v2\/pages"}],"about":[{"href":"https:\/\/www.ess-rv.de\/index.php?rest_route=\/wp\/v2\/types\/page"}],"author":[{"embeddable":true,"href":"https:\/\/www.ess-rv.de\/index.php?rest_route=\/wp\/v2\/users\/3"}],"replies":[{"embeddable":true,"href":"https:\/\/www.ess-rv.de\/index.php?rest_route=%2Fwp%2Fv2%2Fcomments&post=6895"}],"version-history":[{"count":14,"href":"https:\/\/www.ess-rv.de\/index.php?rest_route=\/wp\/v2\/pages\/6895\/revisions"}],"predecessor-version":[{"id":9946,"href":"https:\/\/www.ess-rv.de\/index.php?rest_route=\/wp\/v2\/pages\/6895\/revisions\/9946"}],"up":[{"embeddable":true,"href":"https:\/\/www.ess-rv.de\/index.php?rest_route=\/wp\/v2\/pages\/45"}],"wp:attachment":[{"href":"https:\/\/www.ess-rv.de\/index.php?rest_route=%2Fwp%2Fv2%2Fmedia&parent=6895"}],"curies":[{"name":"wp","href":"https:\/\/api.w.org\/{rel}","templated":true}]}}