{"id":74,"date":"2014-02-04T21:38:11","date_gmt":"2014-02-04T20:38:11","guid":{"rendered":"https:\/\/intern.hls.rv.bw.schule.de\/secure\/?page_id=74"},"modified":"2026-01-12T19:46:38","modified_gmt":"2026-01-12T18:46:38","slug":"biotechnologisches-gymnasium","status":"publish","type":"page","link":"https:\/\/www.ess-rv.de\/?page_id=74","title":{"rendered":"Biotechnologische Richtung (BTG)"},"content":{"rendered":"<div class=\"link-anmeldung\"><a href=\"http:\/\/www.ess-rv.de\/?page_id=4612\">Anmeldung<\/a><\/div>\n<p>Die <strong>Biotechnologische Richtung<\/strong> <strong>(BTG)<\/strong> richtet sich an alle Sch\u00fclerinnen und Sch\u00fcler, die sich f\u00fcr eine vielversprechende Zukunftstechnologie interessieren. Biotechnologie ist ein interdisziplin\u00e4res Fach und besch\u00e4ftigt sich mit den Themenbereichen <strong>Biologie, Gentechnologie und Verfahrenstechnik<\/strong>. Dabei geht es um biologische Prozesse und deren Nutzung in technischen Verfahren zur Herstellung von Medikamenten, Lebensmitteln und anderen Produkten.<\/p>\n<p>Berufliche Gymnasien f\u00fchren in <strong>drei Jahren zum Abitur<\/strong> und berechtigen damit zum Studium aller F\u00e4cher an Universit\u00e4ten und Hochschulen.<\/p>\n<p>Im sechsst\u00fcndigen, berufsbezogenen Schwerpunktfach (Profilfach) <strong>Biotechnologie <\/strong>erfolgt eine Auseinandersetzung mit Fragestellungen der Mikrobiologie, Genetik, Biochemie, Fortpflanzungsbiologie und Bioprozesstechnik. Die Sch\u00fclerinnen und Sch\u00fcler erhalten dabei vertiefte, theoretische und praktische Einblicke in die Biotechnologie.<\/p>\n<div class=\"highlight\"><a href=\"http:\/\/www.ess-rv.de\/download\/flyer_btg_2026.pdf\" target=\"_blank\" rel=\"noopener\" download=\"\">Flyer Biotechnologisches Gymnasium<\/a><\/div>\n<div id=\"metaslider-id-9020\" style=\"width: 100%;\" class=\"ml-slider-3-109-0 metaslider metaslider-flex metaslider-9020 ml-slider has-dots-nav ms-theme-databold\" role=\"region\" aria-label=\"BTG\" data-height=\"400\" data-width=\"600\">\n    <div id=\"metaslider_container_9020\">\n        <div id=\"metaslider_9020\">\n            <ul class='slides'>\n                <li style=\"display: block; width: 100%;\" class=\"slide-9061 ms-image \" aria-roledescription=\"slide\" data-date=\"2024-12-13 11:36:34\" data-filename=\"2024-12-05-ewt-1280-001-600x400.jpg\" data-slide-type=\"image\"><img loading=\"lazy\" decoding=\"async\" src=\"https:\/\/www.ess-rv.de\/wp-content\/uploads\/2024\/12\/2024-12-05-ewt-1280-001-600x400.jpg\" height=\"400\" width=\"600\" alt=\"\" class=\"slider-9020 slide-9061 msDefaultImage\" title=\"2024-12-05-ewt-1280-001\" \/><div class=\"caption-wrap\"><div class=\"caption\"><div>Die vielf\u00e4ltigen Facetten der Life Sciences sind Unterrichtsinhalt in unseren naturwissenschaftlichen Profile Biotechnologie, Ern\u00e4hrung und Chemie und Biologie und Gesundheit.<\/div><\/div><\/div><\/li>\n                <li style=\"display: none; width: 100%;\" class=\"slide-9056 ms-image \" aria-roledescription=\"slide\" data-date=\"2024-12-13 11:31:42\" data-filename=\"2024-12-13-ewt-1280-001-e1734085939234-600x400.jpg\" data-slide-type=\"image\"><img loading=\"lazy\" decoding=\"async\" src=\"https:\/\/www.ess-rv.de\/wp-content\/uploads\/2024\/12\/2024-12-13-ewt-1280-001-e1734085939234-600x400.jpg\" height=\"400\" width=\"600\" alt=\"\" class=\"slider-9020 slide-9056 msDefaultImage\" title=\"2024-12-13-ewt-1280-001\" \/><div class=\"caption-wrap\"><div class=\"caption\"><div>Die Sch\u00fclerinnen und Sch\u00fcler arbeiten in Kleingruppen im Labor der Sicherheitsstufe 1. Dabei werden Kenntnisse, die im Theorieunterricht erarbeitet wurden, praktisch angewendet und vertieft.<\/div><\/div><\/div><\/li>\n                <li style=\"display: none; width: 100%;\" class=\"slide-9023 ms-image \" aria-roledescription=\"slide\" data-date=\"2024-12-12 17:48:49\" data-filename=\"IMG_20161208_100409-001-600x400.jpg\" data-slide-type=\"image\"><img loading=\"lazy\" decoding=\"async\" src=\"https:\/\/www.ess-rv.de\/wp-content\/uploads\/2018\/02\/IMG_20161208_100409-001-600x400.jpg\" height=\"400\" width=\"600\" alt=\"\" class=\"slider-9020 slide-9023 msDefaultImage\" title=\"Transformierte E. coli-Bakterien, die das Gen f\u00fcr GFP in sich tragen. Dieses Gen wurde aus Quallen isoliert und codiert f\u00fcr ein fluoreszierendes Protein.\" \/><div class=\"caption-wrap\"><div class=\"caption\">Transformierte E. coli-Bakterien, die das Gen f\u00fcr GFP in sich tragen. Dieses Gen wurde aus Quallen isoliert und codiert f\u00fcr ein fluoreszierendes Protein.<\/div><\/div><\/li>\n                <li style=\"display: none; width: 100%;\" class=\"slide-9022 ms-image \" aria-roledescription=\"slide\" data-date=\"2024-12-12 17:48:48\" data-filename=\"2022-02-21-45e8273470da4cad0005ea00002d30d1-1024-600x400.jpg\" data-slide-type=\"image\"><img loading=\"lazy\" decoding=\"async\" src=\"https:\/\/www.ess-rv.de\/wp-content\/uploads\/2022\/02\/2022-02-21-45e8273470da4cad0005ea00002d30d1-1024-600x400.jpg\" height=\"400\" width=\"600\" alt=\"\" class=\"slider-9020 slide-9022 msDefaultImage\" title=\"2022-02-21-45e8273470da4cad0005ea00002d30d1-1024\" \/><div class=\"caption-wrap\"><div class=\"caption\"><div>Das Fach \"Naturwissenschaftliches Experimentieren\" bereitet in der Eingangsklasse die Teilnahme an den Wettbewerben \"Jugend forscht\" und \"Jugend testet\" vor.<\/div><\/div><\/div><\/li>\n                <li style=\"display: none; width: 100%;\" class=\"slide-9025 ms-image \" aria-roledescription=\"slide\" data-date=\"2024-12-12 17:48:51\" data-filename=\"IMG_20170321_142510-002-600x400.jpg\" data-slide-type=\"image\"><img loading=\"lazy\" decoding=\"async\" src=\"https:\/\/www.ess-rv.de\/wp-content\/uploads\/2018\/02\/IMG_20170321_142510-002-600x400.jpg\" height=\"400\" width=\"600\" alt=\"\" class=\"slider-9020 slide-9025 msDefaultImage\" title=\"IMG_20170321_142510-002\" \/><div class=\"caption-wrap\"><div class=\"caption\"><div>Sch\u00fclerinnen und Sch\u00fcler erfahren die Gentechnologien anhand von Mikroorganismen in professionnell ausgestatteten Laboren.\u00a0<\/div><\/div><\/div><\/li>\n            <\/ul>\n        <\/div>\n        \n    <\/div>\n<\/div>\n<h2>Erg\u00e4nzende Informationen<\/h2>\n<figure id=\"attachment_6763\" aria-describedby=\"caption-attachment-6763\" style=\"width: 215px\" class=\"wp-caption alignleft\"><a href=\"http:\/\/www.ess-rv.de\/wp-content\/uploads\/2021\/01\/stundentafel_btg-2021.png\" rel=\"attachment wp-att-2819\"><img loading=\"lazy\" decoding=\"async\" class=\"wp-image-6763 size-thumbnail\" src=\"http:\/\/www.ess-rv.de\/wp-content\/uploads\/2021\/01\/stundentafel_btg-2021-215x215.png\" alt=\"\" width=\"215\" height=\"215\" \/><\/a><figcaption id=\"caption-attachment-6763\" class=\"wp-caption-text\">Stundentafel BTG (Zum Vergr\u00f6\u00dfern bitte anklicken)<\/figcaption><\/figure>\n<p>Das Fach <strong>Bioinformatik <\/strong>befasst sich mit der Datenverarbeitung in der modernen Biotechnologie. Au\u00dferdem wird im profilerg\u00e4nzenden Fach <strong>Wirtschaftslehre <\/strong>eine breite \u00f6konomische Allgemeinbildung vermittelt und auf branchenspezifische Fragestellungen eingegangen.<\/p>\n<p>F\u00fcr die Allgemeine Hochschulreife ist ein ausreichender Unterricht (mindestens vier Unterrichtsjahre) in einer zweiten Fremdsprache erforderlich. Sch\u00fclerinnen und Sch\u00fcler, die diese Voraussetzung in der Herkunftsschule noch nicht erf\u00fcllt haben, m\u00fcssen eine zweite Fremdsprache (Niveau N) w\u00e4hlen. <a href=\"http:\/\/www.ess-rv.de\/?page_id=6243\">Informationen zur Wahl der Fremdsprache<\/a> finden Sie <a href=\"http:\/\/www.ess-rv.de\/?page_id=6243\">hier<\/a>.<\/p>\n<h2>Aufnahmebedingungen<\/h2>\n<div data-post-id=\"6940\" class=\"insert-page insert-page-6940 \"><ul>\n<li><strong>Mittlerer Bildungsabschluss<\/strong> (Realschulabschluss, Fachschulreife oder gleichwertiger mittlerer Bildungsabschluss) wenn\n<ul>\n<li>in den F\u00e4chern Deutsch, Englisch und Mathematik ein Durchschnitt von mindestens 3,0 vorliegt und<\/li>\n<li>in jedem dieser F\u00e4cher mindestens die Note ausreichend (4,0) erteilt wurde.<\/li>\n<\/ul>\n<\/li>\n<\/ul>\n<ul>\n<li><strong>Gymnasium<\/strong>:<br \/>\nVersetzungszeugnis nach Klasse 10 (G 8)<br \/>\nVersetzungszeugnis nach Klasse 11 (G 9)<\/li>\n<li><strong>Gemeinschaftsschule<\/strong><br \/>\nVersetzungszeugnis nach Klasse 10 in entsprechender Anwendung der Versetzungsordnung Gymnasien.<\/li>\n<\/ul>\n<p>Falls es mehr Bewerbungen gibt, als die Schule aufnehmen kann, erfolgt ein Auswahlverfahren nach den Noten des Mittleren Bildungsabschlusses.<\/p>\n<p>Es besteht Schulgeld- und Lernmittelfreiheit.<\/p>\n<\/div>\n<h2>Bewerbungsablauf<\/h2>\n<div data-post-id=\"4614\" class=\"insert-page insert-page-4614 \"><ol>\n<li>Registrieren Sie sich ab dem <strong>28. Januar<\/strong> bis zum 1. M\u00e4rz auf der <a href=\"https:\/\/bewo.kultus-bw.de\/BewO\" target=\"_blank\" rel=\"noopener noreferrer\">BewO-Internetseite<\/a> (<a href=\"https:\/\/bewo.kultus-bw.de\/BewO\" target=\"_blank\" rel=\"noopener noreferrer\">https:\/\/bewo.kultus-bw.de\/BewO<\/a>)<br \/>\nNach der Dateneingabe k\u00f6nnen Sie online die von Ihnen gew\u00fcnschten Bewerbungsziele (Schulen und Bildungsg\u00e4nge) ausw\u00e4hlen. \u00dcberlegen Sie sich auf jeden Fall mindestens ein bis zwei Alternativen zu Ihrem Erstwunsch.<\/li>\n<li>Ihre Bewerbungsziele ordnen Sie nach Priorit\u00e4t, d.h. der Bildungsgang, den Sie am liebsten besuchen w\u00fcrden, kommt an die erste Stelle.<\/li>\n<li>Drucken Sie den ausgef\u00fcllten Aufnahmeantrag aus und unterschreiben Sie ihn (Unterschrift der Erziehungsberechtigten nicht vergessen, sofern Sie unter 18 Jahre alt sind!)<\/li>\n<li>Geben Sie den Aufnahmeantrag bis sp\u00e4testens <strong>1. M\u00e4rz<\/strong> an der Schule Ihrer ersten Priorit\u00e4t ab. Zus\u00e4tzlich zum Antrag m\u00fcssen folgende Unterlagen abgegeben werden\n<ul>\n<li>beglaubigten Abschrift des Zeugnisses, das die Voraussetzungen f\u00fcr die Aufnahme nachweist<\/li>\n<li>Lebenslauf in tabellarischer Form mit Angaben \u00fcber den bisherigen Bildungsweg<\/li>\n<li>Erkl\u00e4rung, ob und gegebenenfalls an welchem anderen Gymnasium \/ Berufskolleg bereits an einem Aufnahmeverfahren teilgenommen wurde.<\/li>\n<\/ul>\n<\/li>\n<\/ol>\n<p>Eine ausf\u00fchrliche Anleitung und weitere Informationen finden Sie im Downloadbereich von <a href=\"https:\/\/bewo.kultus-bw.de\/BewO\" target=\"_blank\" rel=\"noopener noreferrer\">BewO online<\/a> (<a href=\"https:\/\/bewo.kultus-bw.de\/BewO\" target=\"_blank\" rel=\"noopener noreferrer\">https:\/\/bewo.kultus-bw.de\/BewO<\/a>)<\/p>\n<p><!--<a href=\"https:\/\/www.ess-rv.de\/download\/anmeldung\/bewo_2024_termine.pdf\" target=\"_blank\" rel=\"noopener\" download>Flyer zu BewO<\/a> mit zeitlichem Ablauf und beteiligten Schulen in Baden-W\u00fcrttemberg\n\n<a href=\"https:\/\/www.ess-rv.de\/download\/anmeldung\/bewo_2024_informationsblatt.pdf\" target=\"_blank\" rel=\"noopener\" download>Informationen f\u00fcr Bewerberinnen und Bewerber<\/a> des Kultusministeriums Baden-W\u00fcrttemberg--><\/p>\n<\/div>\n","protected":false},"excerpt":{"rendered":"<p>Anmeldung Die Biotechnologische Richtung (BTG) richtet sich an alle Sch\u00fclerinnen und Sch\u00fcler, die sich f\u00fcr eine vielversprechende Zukunftstechnologie interessieren. Biotechnologie ist ein interdisziplin\u00e4res Fach und besch\u00e4ftigt sich mit den Themenbereichen Biologie, Gentechnologie und Verfahrenstechnik. Dabei geht es um biologische Prozesse und deren Nutzung in technischen Verfahren zur Herstellung von Medikamenten, Lebensmitteln und anderen Produkten. Berufliche &hellip; <a href=\"https:\/\/www.ess-rv.de\/?page_id=74\" class=\"more-link\"><span class=\"screen-reader-text\">Biotechnologische Richtung (BTG)<\/span> weiterlesen <span class=\"meta-nav\">&rarr;<\/span><\/a><\/p>\n","protected":false},"author":3,"featured_media":0,"parent":9,"menu_order":2120,"comment_status":"closed","ping_status":"closed","template":"","meta":{"footnotes":"","_links_to":"","_links_to_target":""},"class_list":["post-74","page","type-page","status-publish","hentry"],"_links":{"self":[{"href":"https:\/\/www.ess-rv.de\/index.php?rest_route=\/wp\/v2\/pages\/74","targetHints":{"allow":["GET"]}}],"collection":[{"href":"https:\/\/www.ess-rv.de\/index.php?rest_route=\/wp\/v2\/pages"}],"about":[{"href":"https:\/\/www.ess-rv.de\/index.php?rest_route=\/wp\/v2\/types\/page"}],"author":[{"embeddable":true,"href":"https:\/\/www.ess-rv.de\/index.php?rest_route=\/wp\/v2\/users\/3"}],"replies":[{"embeddable":true,"href":"https:\/\/www.ess-rv.de\/index.php?rest_route=%2Fwp%2Fv2%2Fcomments&post=74"}],"version-history":[{"count":40,"href":"https:\/\/www.ess-rv.de\/index.php?rest_route=\/wp\/v2\/pages\/74\/revisions"}],"predecessor-version":[{"id":9947,"href":"https:\/\/www.ess-rv.de\/index.php?rest_route=\/wp\/v2\/pages\/74\/revisions\/9947"}],"up":[{"embeddable":true,"href":"https:\/\/www.ess-rv.de\/index.php?rest_route=\/wp\/v2\/pages\/9"}],"wp:attachment":[{"href":"https:\/\/www.ess-rv.de\/index.php?rest_route=%2Fwp%2Fv2%2Fmedia&parent=74"}],"curies":[{"name":"wp","href":"https:\/\/api.w.org\/{rel}","templated":true}]}}