{"id":80,"date":"2014-02-04T21:50:42","date_gmt":"2014-02-04T20:50:42","guid":{"rendered":"https:\/\/intern.hls.rv.bw.schule.de\/secure\/?page_id=80"},"modified":"2024-03-13T16:09:08","modified_gmt":"2024-03-13T15:09:08","slug":"sozial-und-gesundheitswissenschaftliches-gymnasium-profil-soziales-2","status":"publish","type":"page","link":"https:\/\/www.ess-rv.de\/?page_id=80","title":{"rendered":"Sozialwissenschaftliche Richtung"},"content":{"rendered":"<div class=\"link-anmeldung\"><a href=\"http:\/\/www.ess-rv.de\/?page_id=4612\">Anmeldung<\/a><\/div>\n<h1>Schwerpunkt Soziales (SGGS)<\/h1>\n<div style=\"padding: 15px 25px;border-left: 12px solid #fd4;background-color: #fe4;margin-bottom: 15px\">Hinweis: Ab dem Schuljahr 2020\/2021 werden alle neuen Klassen des Beruflichen Gymnasiums am Standort Ravensburg gef\u00fchrt.<\/div>\n<h2>Ausbildungsziel<\/h2>\n<p>Berufliche Gymnasien f\u00fchren in drei Jahren zum Abitur und berechtigen damit zum Studium aller F\u00e4cher an Universit\u00e4ten und Hochschulen.<\/p>\n<p>Die <strong>Sozial- und Gesundheitswissenschaftliche Richtung \u2013 Schwerpunkt Soziales (SGGS, kurz SG)<\/strong> ist f\u00fcr alle Sch\u00fclerinnen und Sch\u00fcler geeignet, die sich f\u00fcr p\u00e4dagogische, psychologische und gesellschaftliche Fragestellungen interessieren.<\/p>\n<figure id=\"attachment_6764\" aria-describedby=\"caption-attachment-6764\" style=\"width: 215px\" class=\"wp-caption alignleft\"><a href=\"http:\/\/www.ess-rv.de\/wp-content\/uploads\/2021\/01\/stundentafel_sg-2021.png\"><img loading=\"lazy\" decoding=\"async\" class=\"wp-image-6764 size-thumbnail\" src=\"http:\/\/www.ess-rv.de\/wp-content\/uploads\/2021\/01\/stundentafel_sg-2021-e1610304447954-215x215.png\" alt=\"\" width=\"215\" height=\"215\" \/><\/a><figcaption id=\"caption-attachment-6764\" class=\"wp-caption-text\">Stundentafel (Zum Vergr\u00f6\u00dfern bitte klicken)<\/figcaption><\/figure>\n<p>Im sechsst\u00fcndigen, berufsbezogenen Schwerpunktfach (Profilfach) <strong>P\u00e4dagogik und Psychologie <\/strong>werden Grundlagen der Erziehungswissenschaft, Psychologie und Soziologie vermittelt.<\/p>\n<p>Im profilerg\u00e4nzenden Fach <strong>Sozialmanagement <\/strong>r\u00fccken soziale Organisationen mit ihren Strukturen und F\u00fchrungsaufgaben ins Blickfeld.<\/p>\n<p>F\u00fcr die Allgemeine Hochschulreife ist ein ausreichender Unterricht (mindestens vier Unterrichtsjahre) in einer <strong>zweiten Fremdsprache <\/strong>erforderlich. Sch\u00fclerinnen und Sch\u00fcler, die diese Voraussetzung in der Herkunftsschule noch nicht erf\u00fcllt haben, m\u00fcssen eine zweite Fremdsprache (Niveau N) w\u00e4hlen. <a href=\"http:\/\/www.ess-rv.de\/?page_id=6243\">Informationen zur Wahl der Fremdsprache<\/a> finden Sie <a href=\"http:\/\/www.ess-rv.de\/?page_id=6243\">hier<\/a>.<\/p>\n<h2>Aufnahmebedingungen<\/h2>\n<div data-post-id=\"6940\" class=\"insert-page insert-page-6940 \"><ul>\n<li><strong>Mittlerer Bildungsabschluss<\/strong> (Realschulabschluss, Fachschulreife oder gleichwertiger mittlerer Bildungsabschluss) wenn\n<ul>\n<li>in den F\u00e4chern Deutsch, Englisch und Mathematik ein Durchschnitt von mindestens 3,0 vorliegt und<\/li>\n<li>in jedem dieser F\u00e4cher mindestens die Note ausreichend (4,0) erteilt wurde.<\/li>\n<\/ul>\n<\/li>\n<\/ul>\n<ul>\n<li><strong>Gymnasium<\/strong>:<br \/>\nVersetzungszeugnis nach Klasse 10 (G 8)<br \/>\nVersetzungszeugnis nach Klasse 11 (G 9)<\/li>\n<li><strong>Gemeinschaftsschule<\/strong><br \/>\nVersetzungszeugnis nach Klasse 10 in entsprechender Anwendung der Versetzungsordnung Gymnasien.<\/li>\n<\/ul>\n<p>Falls es mehr Bewerbungen gibt, als die Schule aufnehmen kann, erfolgt ein Auswahlverfahren nach den Noten des Mittleren Bildungsabschlusses.<\/p>\n<p>Es besteht Schulgeld- und Lernmittelfreiheit.<\/p>\n<\/div>\n<h1>Bewerbungsablauf<\/h1>\n<div data-post-id=\"4614\" class=\"insert-page insert-page-4614 \"><ol>\n<li>Registrieren Sie sich ab dem <strong>28. Januar<\/strong> bis zum 1. M\u00e4rz auf der <a href=\"https:\/\/bewo.kultus-bw.de\/BewO\" target=\"_blank\" rel=\"noopener noreferrer\">BewO-Internetseite<\/a> (<a href=\"https:\/\/bewo.kultus-bw.de\/BewO\" target=\"_blank\" rel=\"noopener noreferrer\">https:\/\/bewo.kultus-bw.de\/BewO<\/a>)<br \/>\nNach der Dateneingabe k\u00f6nnen Sie online die von Ihnen gew\u00fcnschten Bewerbungsziele (Schulen und Bildungsg\u00e4nge) ausw\u00e4hlen. \u00dcberlegen Sie sich auf jeden Fall mindestens ein bis zwei Alternativen zu Ihrem Erstwunsch.<\/li>\n<li>Ihre Bewerbungsziele ordnen Sie nach Priorit\u00e4t, d.h. der Bildungsgang, den Sie am liebsten besuchen w\u00fcrden, kommt an die erste Stelle.<\/li>\n<li>Drucken Sie den ausgef\u00fcllten Aufnahmeantrag aus und unterschreiben Sie ihn (Unterschrift der Erziehungsberechtigten nicht vergessen, sofern Sie unter 18 Jahre alt sind!)<\/li>\n<li>Geben Sie den Aufnahmeantrag bis sp\u00e4testens <strong>1. M\u00e4rz<\/strong> an der Schule Ihrer ersten Priorit\u00e4t ab. Zus\u00e4tzlich zum Antrag m\u00fcssen folgende Unterlagen abgegeben werden\n<ul>\n<li>beglaubigten Abschrift des Zeugnisses, das die Voraussetzungen f\u00fcr die Aufnahme nachweist<\/li>\n<li>Lebenslauf in tabellarischer Form mit Angaben \u00fcber den bisherigen Bildungsweg<\/li>\n<li>Erkl\u00e4rung, ob und gegebenenfalls an welchem anderen Gymnasium \/ Berufskolleg bereits an einem Aufnahmeverfahren teilgenommen wurde.<\/li>\n<\/ul>\n<\/li>\n<\/ol>\n<p>Eine ausf\u00fchrliche Anleitung und weitere Informationen finden Sie im Downloadbereich von <a href=\"https:\/\/bewo.kultus-bw.de\/BewO\" target=\"_blank\" rel=\"noopener noreferrer\">BewO online<\/a> (<a href=\"https:\/\/bewo.kultus-bw.de\/BewO\" target=\"_blank\" rel=\"noopener noreferrer\">https:\/\/bewo.kultus-bw.de\/BewO<\/a>)<\/p>\n<p><!--<a href=\"https:\/\/www.ess-rv.de\/download\/anmeldung\/bewo_2024_termine.pdf\" target=\"_blank\" rel=\"noopener\" download>Flyer zu BewO<\/a> mit zeitlichem Ablauf und beteiligten Schulen in Baden-W\u00fcrttemberg\n\n<a href=\"https:\/\/www.ess-rv.de\/download\/anmeldung\/bewo_2024_informationsblatt.pdf\" target=\"_blank\" rel=\"noopener\" download>Informationen f\u00fcr Bewerberinnen und Bewerber<\/a> des Kultusministeriums Baden-W\u00fcrttemberg--><\/p>\n<\/div>\n","protected":false},"excerpt":{"rendered":"<p>Anmeldung Schwerpunkt Soziales (SGGS) Hinweis: Ab dem Schuljahr 2020\/2021 werden alle neuen Klassen des Beruflichen Gymnasiums am Standort Ravensburg gef\u00fchrt. Ausbildungsziel Berufliche Gymnasien f\u00fchren in drei Jahren zum Abitur und berechtigen damit zum Studium aller F\u00e4cher an Universit\u00e4ten und Hochschulen. Die Sozial- und Gesundheitswissenschaftliche Richtung \u2013 Schwerpunkt Soziales (SGGS, kurz SG) ist f\u00fcr alle Sch\u00fclerinnen &hellip; <a href=\"https:\/\/www.ess-rv.de\/?page_id=80\" class=\"more-link\"><span class=\"screen-reader-text\">Sozialwissenschaftliche Richtung<\/span> weiterlesen <span class=\"meta-nav\">&rarr;<\/span><\/a><\/p>\n","protected":false},"author":3,"featured_media":0,"parent":9,"menu_order":2150,"comment_status":"closed","ping_status":"closed","template":"","meta":{"footnotes":"","_links_to":"","_links_to_target":""},"class_list":["post-80","page","type-page","status-publish","hentry"],"_links":{"self":[{"href":"https:\/\/www.ess-rv.de\/index.php?rest_route=\/wp\/v2\/pages\/80","targetHints":{"allow":["GET"]}}],"collection":[{"href":"https:\/\/www.ess-rv.de\/index.php?rest_route=\/wp\/v2\/pages"}],"about":[{"href":"https:\/\/www.ess-rv.de\/index.php?rest_route=\/wp\/v2\/types\/page"}],"author":[{"embeddable":true,"href":"https:\/\/www.ess-rv.de\/index.php?rest_route=\/wp\/v2\/users\/3"}],"replies":[{"embeddable":true,"href":"https:\/\/www.ess-rv.de\/index.php?rest_route=%2Fwp%2Fv2%2Fcomments&post=80"}],"version-history":[{"count":21,"href":"https:\/\/www.ess-rv.de\/index.php?rest_route=\/wp\/v2\/pages\/80\/revisions"}],"predecessor-version":[{"id":8730,"href":"https:\/\/www.ess-rv.de\/index.php?rest_route=\/wp\/v2\/pages\/80\/revisions\/8730"}],"up":[{"embeddable":true,"href":"https:\/\/www.ess-rv.de\/index.php?rest_route=\/wp\/v2\/pages\/9"}],"wp:attachment":[{"href":"https:\/\/www.ess-rv.de\/index.php?rest_route=%2Fwp%2Fv2%2Fmedia&parent=80"}],"curies":[{"name":"wp","href":"https:\/\/api.w.org\/{rel}","templated":true}]}}