{"id":9185,"date":"2025-01-17T16:27:45","date_gmt":"2025-01-17T15:27:45","guid":{"rendered":"https:\/\/www.ess-rv.de\/?page_id=9185"},"modified":"2025-01-18T10:09:58","modified_gmt":"2025-01-18T09:09:58","slug":"life-sciences","status":"publish","type":"page","link":"https:\/\/www.ess-rv.de\/?page_id=9185","title":{"rendered":"Life Sciences | \u00dcbersicht"},"content":{"rendered":"<div id=\"metaslider-id-9200\" style=\"width: 100%;\" class=\"ml-slider-3-108-0 metaslider metaslider-flex metaslider-9200 ml-slider has-dots-nav ms-theme-databold\" role=\"region\" aria-label=\"Life sciences\" data-height=\"440\" data-width=\"660\">\n    <div id=\"metaslider_container_9200\">\n        <div id=\"metaslider_9200\">\n            <ul class='slides'>\n                <li style=\"display: block; width: 100%;\" class=\"slide-9230 ms-image \" aria-roledescription=\"slide\" data-date=\"2025-01-18 09:32:58\" data-filename=\"2024-02-25_1024_01-660x440.jpg\" data-slide-type=\"image\"><img loading=\"lazy\" decoding=\"async\" src=\"https:\/\/www.ess-rv.de\/wp-content\/uploads\/2024\/03\/2024-02-25_1024_01-660x440.jpg\" height=\"440\" width=\"660\" alt=\"\" class=\"slider-9200 slide-9230 msDefaultImage\" title=\"2024-02-25_1024_01\" \/><div class=\"caption-wrap\"><div class=\"caption\"><div style=\"text-align:left;\">Eva Rommelspacher, Marla Wiedemann, Lennox Elle erforschten in ihrem \"<strong>Jugend forscht<\/strong>\"-Projekt, ob Hefen farbenblind sind. Dabei ging es um die Auswirkung von verschiedenen Lichtwellenl\u00e4ngen auf die Stoffwechselaktivit\u00e4t von S. cerevisiae und B. fulva. Sie gewannen den\u00a03. Platz beim Regionalwettbewerb von Jugend forscht 2024. <a href=\"https:\/\/www.ess-rv.de\/?p=8689\">Mehr dazu<\/a><\/div><\/div><\/div><\/li>\n                <li style=\"display: none; width: 100%;\" class=\"slide-9204 ms-image \" aria-roledescription=\"slide\" data-date=\"2025-01-17 16:49:21\" data-filename=\"2024-03-1024_05-660x440.jpg\" data-slide-type=\"image\"><img loading=\"lazy\" decoding=\"async\" src=\"https:\/\/www.ess-rv.de\/wp-content\/uploads\/2024\/03\/2024-03-1024_05-660x440.jpg\" height=\"440\" width=\"660\" alt=\"\" class=\"slider-9200 slide-9204 msDefaultImage\" title=\"2024-03-1024_05\" \/><div class=\"caption-wrap\"><div class=\"caption\"><div>Alle Sch\u00fclerinnen und Sch\u00fcler der drei Biologiekurse der Jahrgangsstufe 1 des beruflichen Gymnasiums konnten in Zusammenarbeit mit dem <strong>Labor der PH Weingarten<\/strong>, Fachbereich Biologie, im Labor die neue Genschere CRISPR-Cas anwenden und die Wirkung erforschen.\u00a0<a href=\"https:\/\/www.ess-rv.de\/?p=8732\">Mehr dazu<\/a><\/div><\/div><\/div><\/li>\n                <li style=\"display: none; width: 100%;\" class=\"slide-9203 ms-image \" aria-roledescription=\"slide\" data-date=\"2025-01-17 16:49:19\" data-filename=\"2024-10-11-10-1280-002-660x440.jpg\" data-slide-type=\"image\"><img loading=\"lazy\" decoding=\"async\" src=\"https:\/\/www.ess-rv.de\/wp-content\/uploads\/2024\/10\/2024-10-11-10-1280-002-660x440.jpg\" height=\"440\" width=\"660\" alt=\"\" class=\"slider-9200 slide-9203 msDefaultImage\" title=\"2024-10-11-10-1280-002\" \/><div class=\"caption-wrap\"><div class=\"caption\"><div>Sch\u00fcler und Sch\u00fclerinnen der Jahrgangsstufe 2 des Beruflichen Gymnasiums mit dem Wahlpflichtfach Biologie erforschenim Rahmen eines <strong>Cititzen Science Projekt<\/strong> einen Abschnitt eines heimischen Flie\u00dfgew\u00e4ssers (Bleicherbach) und untersuchen den \u00f6kologischen Zustand mit Unterst\u00fctzung des Ortverband BUND Ravensburg. <a href=\"https:\/\/www.ess-rv.de\/?p=8938\">Mehr dazu<\/a><\/div><\/div><\/div><\/li>\n                <li style=\"display: none; width: 100%;\" class=\"slide-9205 ms-image \" aria-roledescription=\"slide\" data-date=\"2025-01-17 16:49:22\" data-filename=\"2024-03-1024_03-660x440.jpg\" data-slide-type=\"image\"><img loading=\"lazy\" decoding=\"async\" src=\"https:\/\/www.ess-rv.de\/wp-content\/uploads\/2024\/03\/2024-03-1024_03-660x440.jpg\" height=\"440\" width=\"660\" alt=\"\" class=\"slider-9200 slide-9205 msDefaultImage\" title=\"2024-03-1024_03\" \/><div class=\"caption-wrap\"><div class=\"caption\"><div>Alle Sch\u00fclerinnen und Sch\u00fcler der drei Biologiekurse der Jahrgangsstufe 1 des beruflichen Gymnasiums konnten in Zusammenarbeit mit der PH Weingarten, Fachbereich Biologie, im Labor die neue Genschere CRISPR-Cas anwenden und die Wirkung erforschen. <a href=\"https:\/\/www.ess-rv.de\/?p=8732\">Mehr dazu<\/a><\/div><\/div><\/div><\/li>\n                <li style=\"display: none; width: 100%;\" class=\"slide-9201 ms-image \" aria-roledescription=\"slide\" data-date=\"2025-01-17 16:49:16\" data-filename=\"2024-12-05-ewt-1280-001-660x440.jpg\" data-slide-type=\"image\"><img loading=\"lazy\" decoding=\"async\" src=\"https:\/\/www.ess-rv.de\/wp-content\/uploads\/2024\/12\/2024-12-05-ewt-1280-001-660x440.jpg\" height=\"440\" width=\"660\" alt=\"\" class=\"slider-9200 slide-9201 msDefaultImage\" title=\"2024-12-05-ewt-1280-001\" \/><div class=\"caption-wrap\"><div class=\"caption\"><div>Getestet haben haben die Sch\u00fclerinnen des NExt-Kurse torffreie Aussaatsubstrate. Mithilfe von Chinakohlsamen untersuchten sie die Keimrate und das Wachstumsverhalten in den Substraten, sie pr\u00fcften unter anderem aber auch den Salzgehalt, den pH-Wert, die Wasserhaltef\u00e4higkeit, das Austrocknungsverhalten sowie die Sterilit\u00e4t der Aussaaterden. Der Beitrag bei <strong>Jugend testet<\/strong> gewann den ersten Platz! <a href=\"https:\/\/www.ess-rv.de\/?p=8267\">Mehr dazu<\/a><\/div><\/div><\/div><\/li>\n            <\/ul>\n        <\/div>\n        \n    <\/div>\n<\/div>\n<div class=\"tabelle zweispalten\">\n<div class=\"tkopf\">\n<div class=\"zeile\">\n<div class=\"zelle hervorheben\">Projekt<\/div>\n<div class=\"zelle hervorheben\">Beschreibung<\/div>\n<\/div>\n<\/div>\n<div class=\"tinhalt\">\n<div class=\"zeile\">\n<div class=\"zelle\"><a href=\"https:\/\/www.ess-rv.de\/?page_id=1544\">Jugend forscht<\/a><\/div>\n<div class=\"zelle\">An unserer Schule k\u00f6nnen Sch\u00fclerinnen und Sch\u00fcler ihren Forschergeist wecken. In modern ausgestatteten Laboren und unter Anleitung von erfahrenen Lehrkr\u00e4ften f\u00fchren sie wissenschaftliche Experimente durch. Die Ergebnisse dieser Forschung r\u00e4umen regelm\u00e4\u00dfig Preise beim j\u00e4hrlichen &#8222;Jugend forscht&#8220;-Wettbewerb ab, dem bekanntesten Nachwuchswettbewerb in Deutschland.<\/div>\n<\/div>\n<div class=\"zeile\">\n<div class=\"zelle\"><a href=\"https:\/\/www.ess-rv.de\/?page_id=9190\">Jugend testet<\/a><\/div>\n<div class=\"zelle\">Beim Schulwettbewerb \u201eJugend testet\u201c k\u00f6nnen Sch\u00fclerinnen und Sch\u00fcler ein Produkt oder eine Dienstleistung ihrer Wahl testen. Sie entscheiden selbst: Was getestet wird, nach welchen Kriterien untersucht wird und wie die Ergebnisse pr\u00e4sentiert werden. Um zu gewinnen, braucht man eine kreative Idee, ein gutes Testverfahren und eine interessante Pr\u00e4sentation der Ergebnisse. Im Rahmen des Wahlfaches &#8222;NExt&#8220; bereiten sich die Sch\u00fclerinnen und Sch\u00fcler auf ihre Untersuchungen vor, indem sie u. a. naturwissenschaftliches Arbeiten lernen und Experimente durchf\u00fchren.<\/div>\n<\/div>\n<div class=\"zeile\">\n<div class=\"zelle\">Citizen Science<\/div>\n<div class=\"zelle\">Bei Citizen Science Projekten d\u00fcrfen sich alle interessierten Laien und Hobbyforscherinnen beteiligen. Wir nutzen die Chance und starten mit geballter Kraft durch, wie z. B. beim Citizen Science Projekt FLOW. Bei FLOW wurden bundesweit ein \u00f6kologisches Monitoring von Flie\u00dfgew\u00e4ssern durchgef\u00fchrt. Daf\u00fcr wurden wir &#8222;preisgekr\u00f6nt&#8220; und gewannden beim gleichnamigen Wettbewerb einen Geldpreis. <a href=\"https:\/\/www.ess-rv.de\/?p=8938\">Zum Bericht<\/a><\/div>\n<\/div>\n<div class=\"zeile\">\n<div class=\"zelle\">PH Laborprojekt<\/div>\n<div class=\"zelle\">Durch eine Kooperation mit der P\u00e4dagogischen Hochschule Weingarten k\u00f6nnen die Sch\u00fclerinnen und Sch\u00fcler der Biologie-Kurse unserer Schule molekulargenetische Laborexperimente durchf\u00fchren. <a href=\"https:\/\/www.ess-rv.de\/?p=8732\">Zum Bericht<\/a><\/div>\n<\/div>\n<div class=\"zeile\">\n<div class=\"zelle\">Exkursion und Betriebsbesichtigungen<\/div>\n<div class=\"zelle\">Wozu brauche ich dies oder das? Was kann ich damit machen? Solche Fragen stellen sich regelm\u00e4\u00dfig im Unterricht. Regelm\u00e4\u00dfige Exkursionen und Betriebsbesichtigungen erm\u00f6glichen einen Einblick in die &#8222;reale Welt&#8220;, also die Anwendung von Wissen und die Arbeitswelt. Viele Ziele werden dabei angesteuert: Dialyse-Stationen, Pharma-Unternehmen, die Kl\u00e4ranlage, Brauereien und vieles mehr.<\/div>\n<\/div>\n<\/div>\n<\/div>\n<p><a href=\"https:\/\/www.ess-rv.de\/?tag=jugend-forscht\">Mehr zu Life Sciences<\/a> an der Edith-Stein-Schule<\/p>\n","protected":false},"excerpt":{"rendered":"<p>Projekt Beschreibung Jugend forscht An unserer Schule k\u00f6nnen Sch\u00fclerinnen und Sch\u00fcler ihren Forschergeist wecken. In modern ausgestatteten Laboren und unter Anleitung von erfahrenen Lehrkr\u00e4ften f\u00fchren sie wissenschaftliche Experimente durch. Die Ergebnisse dieser Forschung r\u00e4umen regelm\u00e4\u00dfig Preise beim j\u00e4hrlichen &#8222;Jugend forscht&#8220;-Wettbewerb ab, dem bekanntesten Nachwuchswettbewerb in Deutschland. Jugend testet Beim Schulwettbewerb \u201eJugend testet\u201c k\u00f6nnen Sch\u00fclerinnen und &hellip; <a href=\"https:\/\/www.ess-rv.de\/?page_id=9185\" class=\"more-link\"><span class=\"screen-reader-text\">Life Sciences | \u00dcbersicht<\/span> weiterlesen <span class=\"meta-nav\">&rarr;<\/span><\/a><\/p>\n","protected":false},"author":3,"featured_media":0,"parent":333,"menu_order":0,"comment_status":"closed","ping_status":"closed","template":"","meta":{"footnotes":"","_links_to":"","_links_to_target":""},"class_list":["post-9185","page","type-page","status-publish","hentry"],"_links":{"self":[{"href":"https:\/\/www.ess-rv.de\/index.php?rest_route=\/wp\/v2\/pages\/9185","targetHints":{"allow":["GET"]}}],"collection":[{"href":"https:\/\/www.ess-rv.de\/index.php?rest_route=\/wp\/v2\/pages"}],"about":[{"href":"https:\/\/www.ess-rv.de\/index.php?rest_route=\/wp\/v2\/types\/page"}],"author":[{"embeddable":true,"href":"https:\/\/www.ess-rv.de\/index.php?rest_route=\/wp\/v2\/users\/3"}],"replies":[{"embeddable":true,"href":"https:\/\/www.ess-rv.de\/index.php?rest_route=%2Fwp%2Fv2%2Fcomments&post=9185"}],"version-history":[{"count":4,"href":"https:\/\/www.ess-rv.de\/index.php?rest_route=\/wp\/v2\/pages\/9185\/revisions"}],"predecessor-version":[{"id":9232,"href":"https:\/\/www.ess-rv.de\/index.php?rest_route=\/wp\/v2\/pages\/9185\/revisions\/9232"}],"up":[{"embeddable":true,"href":"https:\/\/www.ess-rv.de\/index.php?rest_route=\/wp\/v2\/pages\/333"}],"wp:attachment":[{"href":"https:\/\/www.ess-rv.de\/index.php?rest_route=%2Fwp%2Fv2%2Fmedia&parent=9185"}],"curies":[{"name":"wp","href":"https:\/\/api.w.org\/{rel}","templated":true}]}}